{"id":379,"date":"2025-08-01T14:42:26","date_gmt":"2025-08-01T17:42:26","guid":{"rendered":"https:\/\/sites.usp.br\/ppgllci\/?page_id=379"},"modified":"2025-08-13T17:19:02","modified_gmt":"2025-08-13T20:19:02","slug":"inscricao","status":"publish","type":"page","link":"https:\/\/sites.usp.br\/ppgllci\/inscricao\/","title":{"rendered":"Inscri\u00e7\u00e3o"},"content":{"rendered":"\t\t<div data-elementor-type=\"wp-page\" data-elementor-id=\"379\" class=\"elementor elementor-379\">\n\t\t\t\t\t\t<section class=\"elementor-section elementor-top-section elementor-element elementor-element-54381eaa elementor-section-boxed elementor-section-height-default elementor-section-height-default\" data-id=\"54381eaa\" data-element_type=\"section\">\n\t\t\t\t\t\t<div class=\"elementor-container elementor-column-gap-default\">\n\t\t\t\t\t<div class=\"elementor-column elementor-col-100 elementor-top-column elementor-element elementor-element-188274eb\" data-id=\"188274eb\" data-element_type=\"column\">\n\t\t\t<div class=\"elementor-widget-wrap elementor-element-populated\">\n\t\t\t\t\t\t<div class=\"elementor-element elementor-element-5713e470 elementor-widget elementor-widget-text-editor\" data-id=\"5713e470\" data-element_type=\"widget\" data-widget_type=\"text-editor.default\">\n\t\t\t\t<div class=\"elementor-widget-container\">\n\t\t\t\t\t\t\t<p><span style=\"font-size: 12pt; font-family: georgia, palatino, serif; color: #000000;\">Podem submeter resumo os discentes do Programa de P\u00f3s-Gradua\u00e7\u00e3o em Letras &#8211; L\u00edngua, Literatura e Cultura Italianas e da \u00c1rea da Habilita\u00e7\u00e3o em Italiano da Faculdade de Filosofia, Letras e Ci\u00eancias Humanas da Universidade de S\u00e3o Paulo.<\/span><\/p>\n<p><span style=\"font-size: 12pt; font-family: georgia, palatino, serif; color: #000000;\"><!-- \/wp:paragraph --><!-- wp:paragraph --><\/span><\/p>\n<p><span style=\"font-size: 12pt; font-family: georgia, palatino, serif; color: #000000;\">O resumo deve conter: <\/span><\/p>\n<ul>\n<li><span style=\"color: #000000; font-family: georgia, palatino, serif; font-size: 12pt;\">\u00bb t\u00edtulo: em fonte Times New Roman, tamanho 12, centralizado e espa\u00e7amento 1,5;<\/span><br><span style=\"color: #000000; font-family: georgia, palatino, serif; font-size: 12pt;\">\u00bb nome da(o) discente (com a indica\u00e7\u00e3o &#8216;Bolsista\/Ag\u00eancia de fomento&#8217;, quando for o caso): em fonte Times New Roman, tamanho 12, alinhamento \u00e0 direita e espa\u00e7amento 1,5;<\/span><br><span style=\"color: #000000; font-family: georgia, palatino, serif; font-size: 12pt;\">\u00bb n\u00edvel (se Graduando, Mestrando ou Doutorando): em fonte Times New Roman, tamanho 12, alinhamento \u00e0 direita e espa\u00e7amento 1,5;<\/span><br><span style=\"color: #000000; font-family: georgia, palatino, serif; font-size: 12pt;\">\u00bb nome do(a) orientador(a) e coorientador(a), se houver, e suas afilia\u00e7\u00f5es: em fonte Times New Roman, tamanho 12, alinhamento \u00e0 direita e espa\u00e7amento 1,5.<\/span><\/li>\n<\/ul>\n<p><span style=\"font-size: 12pt; font-family: georgia, palatino, serif; color: #000000;\"><!-- \/wp:paragraph --><!-- wp:paragraph --><\/span><\/p>\n<p><span style=\"font-size: 12pt; font-family: georgia, palatino, serif; color: #000000;\">Al\u00e9m disso, o resumo deve ser redigido em <strong>par\u00e1grafo \u00fanico<\/strong>, no idioma portugu\u00eas ou italiano, sem recuo, em fonte Times New Roman, tamanho 12, alinhamento justificado, espa\u00e7amento simples e ter entre 250 e 300 palavras. Solicita-se que a(o) discente apresente, de forma clara e concisa, o estado atual do seu projeto de pesquisa ou um relato de experi\u00eancia na \u00e1rea, mencionando o objetivo geral e de dois a cinco referenciais te\u00f3rico-metodol\u00f3gicos (AUTORIA, ANO) no texto. Deve ser seguido de tr\u00eas a cinco palavras-chave, separadas por ponto. Ap\u00f3s as palavras-chave, elencar <strong>somente <\/strong>as refer\u00eancias completas daquelas citadas no resumo, seguindo as normas da ABNT.<\/span><\/p>\n<p><span style=\"font-size: 12pt; font-family: georgia, palatino, serif; color: #000000;\"><!-- \/wp:paragraph --><!-- wp:paragraph --><\/span><\/p>\n<p><span style=\"font-size: 12pt; font-family: georgia, palatino, serif; color: #000000;\">Disponibilizamos abaixo um <strong>template <\/strong>com a formata\u00e7\u00e3o solicitada.<\/span><\/p>\n<p><span style=\"font-size: 12pt; font-family: georgia, palatino, serif; color: #000000;\">Mestrandas(os) e Doutorandas(os) ter\u00e3o de 15 a 20 minutos para realizar a sua comunica\u00e7\u00e3o oral. O uso de slides n\u00e3o \u00e9 obrigat\u00f3rio, mas recomend\u00e1vel.<\/span><\/p>\n<p><span style=\"font-size: 12pt; font-family: georgia, palatino, serif; color: #000000;\">As(Os) discentes da Gradua\u00e7\u00e3o s\u00e3o convidadas(os) a participar com a apresenta\u00e7\u00e3o de p\u00f4ster.<\/span><\/p>\n<p><span style=\"font-size: 12pt; font-family: georgia, palatino, serif; color: #000000;\"><b>A data limite para a submiss\u00e3o de resumo \u00e9 20 de julho de 2025.<\/b><\/span><\/p>\n<p><!-- \/wp:paragraph --><\/p>\t\t\t\t\t\t<\/div>\n\t\t\t\t<\/div>\n\t\t\t\t\t<\/div>\n\t\t<\/div>\n\t\t\t\t\t<\/div>\n\t\t<\/section>\n\t\t\t\t<section class=\"elementor-section elementor-top-section elementor-element elementor-element-f1c5797 elementor-section-boxed elementor-section-height-default elementor-section-height-default\" data-id=\"f1c5797\" data-element_type=\"section\">\n\t\t\t\t\t\t<div class=\"elementor-container elementor-column-gap-default\">\n\t\t\t\t\t<div class=\"elementor-column elementor-col-100 elementor-top-column elementor-element elementor-element-8a8be1e\" data-id=\"8a8be1e\" data-element_type=\"column\">\n\t\t\t<div class=\"elementor-widget-wrap elementor-element-populated\">\n\t\t\t\t\t\t<div class=\"elementor-element elementor-element-40ea1d7 elementor-align-center elementor-widget elementor-widget-button\" data-id=\"40ea1d7\" data-element_type=\"widget\" data-widget_type=\"button.default\">\n\t\t\t\t<div class=\"elementor-widget-container\">\n\t\t\t\t\t\t\t<div class=\"elementor-button-wrapper\">\n\t\t\t\t\t<a class=\"elementor-button elementor-button-link elementor-size-sm\" href=\"https:\/\/docs.google.com\/document\/d\/1X-FlF9TfPj1YDfy2Kv7akf02DonGIbUG\/edit?usp=sharing&#038;ouid=115715787950259250779&#038;rtpof=true&#038;sd=true\" target=\"_blank\">\n\t\t\t\t\t\t<span class=\"elementor-button-content-wrapper\">\n\t\t\t\t\t\t<span class=\"elementor-button-icon\">\n\t\t\t\t<i aria-hidden=\"true\" class=\"far fa-file-word\"><\/i>\t\t\t<\/span>\n\t\t\t\t\t\t\t\t\t<span class=\"elementor-button-text\">Template<\/span>\n\t\t\t\t\t<\/span>\n\t\t\t\t\t<\/a>\n\t\t\t\t<\/div>\n\t\t\t\t\t\t<\/div>\n\t\t\t\t<\/div>\n\t\t\t\t\t<\/div>\n\t\t<\/div>\n\t\t\t\t\t<\/div>\n\t\t<\/section>\n\t\t\t\t<section class=\"elementor-section elementor-top-section elementor-element elementor-element-e573dba elementor-section-boxed elementor-section-height-default elementor-section-height-default\" data-id=\"e573dba\" data-element_type=\"section\">\n\t\t\t\t\t\t<div class=\"elementor-container elementor-column-gap-default\">\n\t\t\t\t\t<div class=\"elementor-column elementor-col-100 elementor-top-column elementor-element elementor-element-1187cd0\" data-id=\"1187cd0\" data-element_type=\"column\">\n\t\t\t<div class=\"elementor-widget-wrap elementor-element-populated\">\n\t\t\t\t\t\t<div class=\"elementor-element elementor-element-4c8210c elementor-align-center elementor-widget elementor-widget-button\" data-id=\"4c8210c\" data-element_type=\"widget\" data-widget_type=\"button.default\">\n\t\t\t\t<div class=\"elementor-widget-container\">\n\t\t\t\t\t\t\t<div class=\"elementor-button-wrapper\">\n\t\t\t\t\t<a class=\"elementor-button elementor-button-link elementor-size-sm\" href=\"https:\/\/docs.google.com\/forms\/d\/e\/1FAIpQLSeNRR5y0ORVVpgtqtrpV-V6QCmBq-b2VVa0D9DvM6c3o3lTdQ\/viewform?usp=sharing&#038;ouid=113080692972598009513\" target=\"_blank\">\n\t\t\t\t\t\t<span class=\"elementor-button-content-wrapper\">\n\t\t\t\t\t\t<span class=\"elementor-button-icon\">\n\t\t\t\t<i aria-hidden=\"true\" class=\"fab fa-wpforms\"><\/i>\t\t\t<\/span>\n\t\t\t\t\t\t\t\t\t<span class=\"elementor-button-text\">Formul\u00e1rio para a Submiss\u00e3o de Resumo<\/span>\n\t\t\t\t\t<\/span>\n\t\t\t\t\t<\/a>\n\t\t\t\t<\/div>\n\t\t\t\t\t\t<\/div>\n\t\t\t\t<\/div>\n\t\t\t\t\t<\/div>\n\t\t<\/div>\n\t\t\t\t\t<\/div>\n\t\t<\/section>\n\t\t\t\t<\/div>\n\t\t","protected":false},"excerpt":{"rendered":"<p>Podem submeter resumo os discentes do Programa de P\u00f3s-Gradua\u00e7\u00e3o em Letras &#8211; L\u00edngua, Literatura e Cultura Italianas e da \u00c1rea da Habilita\u00e7\u00e3o em Italiano da Faculdade de Filosofia, Letras e Ci\u00eancias Humanas da Universidade de S\u00e3o Paulo. O resumo deve conter: \u00bb t\u00edtulo: em fonte Times New Roman, tamanho 12, centralizado e espa\u00e7amento 1,5;\u00bb nome [&hellip;]<\/p>\n","protected":false},"author":24164,"featured_media":0,"parent":0,"menu_order":0,"comment_status":"closed","ping_status":"closed","template":"","meta":{"_acf_changed":false,"footnotes":"","_links_to":"","_links_to_target":""},"class_list":["post-379","page","type-page","status-publish","hentry"],"acf":[],"_links":{"self":[{"href":"https:\/\/sites.usp.br\/ppgllci\/wp-json\/wp\/v2\/pages\/379","targetHints":{"allow":["GET"]}}],"collection":[{"href":"https:\/\/sites.usp.br\/ppgllci\/wp-json\/wp\/v2\/pages"}],"about":[{"href":"https:\/\/sites.usp.br\/ppgllci\/wp-json\/wp\/v2\/types\/page"}],"author":[{"embeddable":true,"href":"https:\/\/sites.usp.br\/ppgllci\/wp-json\/wp\/v2\/users\/24164"}],"replies":[{"embeddable":true,"href":"https:\/\/sites.usp.br\/ppgllci\/wp-json\/wp\/v2\/comments?post=379"}],"version-history":[{"count":4,"href":"https:\/\/sites.usp.br\/ppgllci\/wp-json\/wp\/v2\/pages\/379\/revisions"}],"predecessor-version":[{"id":636,"href":"https:\/\/sites.usp.br\/ppgllci\/wp-json\/wp\/v2\/pages\/379\/revisions\/636"}],"wp:attachment":[{"href":"https:\/\/sites.usp.br\/ppgllci\/wp-json\/wp\/v2\/media?parent=379"}],"curies":[{"name":"wp","href":"https:\/\/api.w.org\/{rel}","templated":true}]}}