{"id":1211,"date":"2016-08-01T15:41:30","date_gmt":"2016-08-01T18:41:30","guid":{"rendered":"http:\/\/sites.usp.br\/ppgmip\/?page_id=1211"},"modified":"2016-12-09T13:59:13","modified_gmt":"2016-12-09T15:59:13","slug":"disciplinas","status":"publish","type":"page","link":"https:\/\/sites.usp.br\/ppgmip\/disciplinas\/","title":{"rendered":"Disciplinas"},"content":{"rendered":"<p><\/p>\n<h4><\/h4>\n<h4>\u00a0Cat\u00e1logo \u00a0de Disciplinas \u00a0\u00a0<img loading=\"lazy\" decoding=\"async\" class=\" wp-image-1359 size-full alignleft\" src=\"http:\/\/sites.usp.br\/ppgmip\/wp-content\/uploads\/sites\/40\/2016\/08\/faq_diploma.png\" alt=\"faq_diploma\" width=\"32\" height=\"31\" \/><\/h4>\n<table>\n<tbody>\n<tr>\n<td width=\"75\">MIP5729<\/td>\n<td width=\"491\"><a href=\"https:\/\/uspdigital.usp.br\/janus\/publico\/disciplina\/C\/MIP5729\" target=\"_blank\">Acidentes por Animais Pe\u00e7onhentos<\/a><\/td>\n<\/tr>\n<tr>\n<td width=\"75\">MIP5723<\/td>\n<td width=\"491\"><a href=\"https:\/\/uspdigital.usp.br\/janus\/publico\/disciplina\/C\/MIP5723\" target=\"_blank\">Antibioticoterapia e Resist\u00eancia Bacteriana: An\u00e1lise Cr\u00edtica de M\u00e9todos de Investiga\u00e7\u00e3o e Interven\u00e7\u00e3o<\/a><\/td>\n<\/tr>\n<tr>\n<td width=\"75\">MIP5731<\/td>\n<td width=\"491\"><a href=\"https:\/\/uspdigital.usp.br\/janus\/publico\/disciplina\/C\/MIP5731\" target=\"_blank\">Bases Imunol\u00f3gicas, Cl\u00ednicas e Epidemiol\u00f3gicas das Imuniza\u00e7\u00f5es<\/a><\/td>\n<\/tr>\n<tr>\n<td width=\"75\">MIP5730<\/td>\n<td width=\"491\"><a href=\"https:\/\/uspdigital.usp.br\/janus\/publico\/disciplina\/C\/MIP5730\" target=\"_blank\">Biologia Molecular Aplicada ao Banco de Sangue<\/a><\/td>\n<\/tr>\n<tr>\n<td width=\"75\">MIP5742<\/td>\n<td width=\"491\"><a href=\"https:\/\/uspdigital.usp.br\/janus\/publico\/disciplina\/C\/MIP5742\" target=\"_blank\">Citometria de Fluxo Avan\u00e7ada &#8211; Aplica\u00e7\u00f5es na Investiga\u00e7\u00e3o da Rela\u00e7\u00e3o Hospedeiro-Parasita<\/a><\/td>\n<\/tr>\n<tr>\n<td width=\"75\">MIP5744<\/td>\n<td width=\"491\"><a href=\"https:\/\/uspdigital.usp.br\/janus\/publico\/disciplina\/C\/MIP5744\" target=\"_blank\">Controle das Infec\u00e7\u00f5es Sexualmente Transmiss\u00edveis \/ Control of Sexually Transmitted Infections<\/a><\/td>\n<\/tr>\n<tr>\n<td width=\"75\">MIP5736<\/td>\n<td width=\"491\"><a href=\"https:\/\/uspdigital.usp.br\/janus\/publico\/disciplina\/C\/MIP5736\" target=\"_blank\">Enteroparasitoses e Imunodepress\u00e3o: Investiga\u00e7\u00e3o de Mecanismos Patogen\u00e9ticos e Repercuss\u00f5es Cl\u00ednico-Terap\u00eauticas<\/a><\/td>\n<\/tr>\n<tr>\n<td width=\"75\">IMT5104<\/td>\n<td width=\"491\"><a href=\"https:\/\/uspdigital.usp.br\/janus\/publico\/disciplina\/C\/IMT5104\" target=\"_blank\">Epidemiologia e Controle das Doen\u00e7as Transmiss\u00edveis<\/a><\/td>\n<\/tr>\n<tr>\n<td width=\"75\">MIP5737<\/td>\n<td width=\"491\"><a href=\"https:\/\/uspdigital.usp.br\/janus\/publico\/disciplina\/C\/MIP5737\" target=\"_blank\">Fundamentos da Citometria de Fluxo &#8211; Aplica\u00e7\u00f5es na Investiga\u00e7\u00e3o da Rela\u00e7\u00e3o Hospedeiro-Parasita<\/a><\/td>\n<\/tr>\n<tr>\n<td width=\"75\">MIP5735<\/td>\n<td width=\"491\"><a href=\"https:\/\/uspdigital.usp.br\/janus\/publico\/disciplina\/C\/MIP5735\" target=\"_blank\">Infec\u00e7\u00f5es F\u00fangicas em Imunodeprimidos<\/a><\/td>\n<\/tr>\n<tr>\n<td width=\"75\">MIP5732<\/td>\n<td width=\"491\"><a href=\"https:\/\/uspdigital.usp.br\/janus\/publico\/disciplina\/C\/MIP5732\" target=\"_blank\">Introdu\u00e7\u00e3o \u00e0 Metodologia de Pesquisa<\/a><\/td>\n<\/tr>\n<tr>\n<td width=\"75\">MIP5727<\/td>\n<td width=\"491\"><a href=\"https:\/\/uspdigital.usp.br\/janus\/publico\/disciplina\/C\/MIP5727\" target=\"_blank\">Mecanismos Patogen\u00e9ticos das Viroses Humanas<\/a><\/td>\n<\/tr>\n<tr>\n<td width=\"75\">MIP5743<\/td>\n<td width=\"491\"><a href=\"https:\/\/uspdigital.usp.br\/janus\/publico\/disciplina\/C\/MIP5743\" target=\"_blank\">Pathogen Genomics, Population Genetics and Association Studies<\/a><\/td>\n<\/tr>\n<tr>\n<td width=\"75\">MCM5895<\/td>\n<td width=\"491\"><a href=\"https:\/\/uspdigital.usp.br\/janus\/publico\/disciplina\/C\/MCM5895\" target=\"_blank\">Patog\u00eanese da Infec\u00e7\u00e3o pelo HIV<\/a><\/td>\n<\/tr>\n<tr>\n<td width=\"75\">MIP5734<\/td>\n<td width=\"491\"><a href=\"https:\/\/uspdigital.usp.br\/janus\/publico\/disciplina\/C\/MIP5734\" target=\"_blank\">Pesquisa Aplicada \u00e0 Infec\u00e7\u00e3o por HIV\/Aids: Abordagens, M\u00e9todos e T\u00e9cnicas<\/a><\/td>\n<\/tr>\n<tr>\n<td width=\"75\">MIP5722<\/td>\n<td width=\"491\"><a href=\"https:\/\/uspdigital.usp.br\/janus\/publico\/disciplina\/C\/MIP5722\" target=\"_blank\">Pesquisa Bibliogr\u00e1fica Automatizada em Bases de Dados de Medicina Cl\u00ednica e Especializada em Doen\u00e7as Infecciosas e Parasit\u00e1rias<\/a><\/td>\n<\/tr>\n<tr>\n<td width=\"75\">MPR5728<\/td>\n<td width=\"491\"><a href=\"https:\/\/uspdigital.usp.br\/janus\/publico\/disciplina\/C\/MPR5728\" target=\"_blank\">Tipos de Estudos Epidemiol\u00f3gicos<\/a><\/td>\n<\/tr>\n<tr>\n<td width=\"75\">MIP5712<\/td>\n<td width=\"491\"><a href=\"https:\/\/uspdigital.usp.br\/janus\/publico\/disciplina\/C\/MIP5712\" target=\"_blank\">Tratamento das Doen\u00e7as Parasit\u00e1rias<\/a><\/td>\n<\/tr>\n<\/tbody>\n<\/table>\n<h4><\/h4>\n<h4><\/h4>\n<h4><\/h4>\n<h4><\/h4>\n<p><\/p>","protected":false},"excerpt":{"rendered":"<p>\u00a0Cat\u00e1logo \u00a0de Disciplinas \u00a0\u00a0 MIP5729 Acidentes por Animais Pe\u00e7onhentos MIP5723 Antibioticoterapia e Resist\u00eancia Bacteriana: An\u00e1lise [&hellip;]<\/p>\n","protected":false},"author":148,"featured_media":0,"parent":0,"menu_order":0,"comment_status":"closed","ping_status":"closed","template":"page-full.php","meta":{"footnotes":"","_links_to":"","_links_to_target":""},"class_list":["post-1211","page","type-page","status-publish","hentry"],"_links":{"self":[{"href":"https:\/\/sites.usp.br\/ppgmip\/wp-json\/wp\/v2\/pages\/1211","targetHints":{"allow":["GET"]}}],"collection":[{"href":"https:\/\/sites.usp.br\/ppgmip\/wp-json\/wp\/v2\/pages"}],"about":[{"href":"https:\/\/sites.usp.br\/ppgmip\/wp-json\/wp\/v2\/types\/page"}],"author":[{"embeddable":true,"href":"https:\/\/sites.usp.br\/ppgmip\/wp-json\/wp\/v2\/users\/148"}],"replies":[{"embeddable":true,"href":"https:\/\/sites.usp.br\/ppgmip\/wp-json\/wp\/v2\/comments?post=1211"}],"version-history":[{"count":6,"href":"https:\/\/sites.usp.br\/ppgmip\/wp-json\/wp\/v2\/pages\/1211\/revisions"}],"predecessor-version":[{"id":1905,"href":"https:\/\/sites.usp.br\/ppgmip\/wp-json\/wp\/v2\/pages\/1211\/revisions\/1905"}],"wp:attachment":[{"href":"https:\/\/sites.usp.br\/ppgmip\/wp-json\/wp\/v2\/media?parent=1211"}],"curies":[{"name":"wp","href":"https:\/\/api.w.org\/{rel}","templated":true}]}}