{"id":928,"date":"2019-11-11T19:21:56","date_gmt":"2019-11-11T22:21:56","guid":{"rendered":"https:\/\/sites.usp.br\/ppgog\/?page_id=928"},"modified":"2021-11-18T17:10:36","modified_gmt":"2021-11-18T20:10:36","slug":"aprimoramento-didatico-pedagogico-pae","status":"publish","type":"page","link":"https:\/\/sites.usp.br\/ppgog\/alunos\/aprimoramento-didatico-pedagogico-pae\/","title":{"rendered":"Programa de Aperfei\u00e7oamento de Ensino (PAE)"},"content":{"rendered":"<p>Conforme Regulamento do Programa Demanda Social da CAPES, todo bolsista de Doutorado deve realizar o Programa de Aperfei\u00e7oamento de Ensino (PAE), que consiste em duas etapas: Prepara\u00e7\u00e3o Pedag\u00f3gica e Est\u00e1gio Supervisionado em Doc\u00eancia. Aos bolsistas de Mestrado \u00e9 obrigat\u00f3rio apenas realizar a etapa de Prepara\u00e7\u00e3o Pedag\u00f3gica (disciplina obrigat\u00f3ria).<\/p>\n<p>A etapa de Prepara\u00e7\u00e3o Pedag\u00f3gica consiste em cursar uma disciplina obrigat\u00f3ria, e o Est\u00e1gio Supervisionado em Doc\u00eancia \u00e9 acompanhar aulas de gradua\u00e7\u00e3o por um certo per\u00edodo de tempo. A inscri\u00e7\u00e3o no PAE,a qual deve ser feita ap\u00f3s realizada a Prepara\u00e7\u00e3o Pedag\u00f3gica, ocorre semestralmente.<\/p>\n<p>Neste endere\u00e7o constam todas as informa\u00e7\u00f5es sobre o PAE na Faculdade de Medicina da USP: http:\/\/www.fm.usp.br\/cedem\/pae\/ (disciplinas que fazem parte do programa, calend\u00e1rio, edital\/documenta\u00e7\u00e3o para inscri\u00e7\u00e3o no est\u00e1gio, etc.)<\/p>\n<p>O setor respons\u00e1vel pela realiza\u00e7\u00e3o do PAE na FMUSP \u00e9 o CEDEM:<br \/>\nSecret\u00e1ria: Gisela Aparecida Dantas de MacedoSede:<br \/>\nCEDEM FMUSP &#8211; 2\u00ba andar sala 2340<br \/>\nTel: 3061.7472 Fax: 3082.4076<br \/>\ne-mail: paefmusp@usp.br<\/p>\n","protected":false},"excerpt":{"rendered":"<p>Conforme Regulamento do Programa Demanda Social da CAPES, todo bolsista de Doutorado deve realizar o Programa de Aperfei\u00e7oamento de Ensino (PAE), que consiste em duas etapas: Prepara\u00e7\u00e3o Pedag\u00f3gica e Est\u00e1gio Supervisionado em Doc\u00eancia. Aos bolsistas de Mestrado \u00e9 obrigat\u00f3rio apenas realizar a etapa de Prepara\u00e7\u00e3o Pedag\u00f3gica (disciplina obrigat\u00f3ria). A etapa de Prepara\u00e7\u00e3o Pedag\u00f3gica consiste em cursar uma disciplina obrigat\u00f3ria, e o Est\u00e1gio Supervisionado em Doc\u00eancia \u00e9 acompanhar aulas de gradua\u00e7\u00e3o por um certo per\u00edodo de tempo. A inscri\u00e7\u00e3o no PAE,a qual deve ser feita ap\u00f3s realizada a Prepara\u00e7\u00e3o Pedag\u00f3gica, ocorre semestralmente. Neste endere\u00e7o constam todas as informa\u00e7\u00f5es sobre o PAE na Faculdade de Medicina da USP: http:\/\/www.fm.usp.br\/cedem\/pae\/ (disciplinas que fazem parte do programa, calend\u00e1rio, edital\/documenta\u00e7\u00e3o para inscri\u00e7\u00e3o no est\u00e1gio, etc.) O setor respons\u00e1vel pela realiza\u00e7\u00e3o do PAE na FMUSP \u00e9 o CEDEM: Secret\u00e1ria: Gisela Aparecida Dantas de MacedoSede: CEDEM FMUSP &#8211; 2\u00ba andar sala 2340 Tel: 3061.7472 Fax: 3082.4076 e-mail: paefmusp@usp.br<\/p>\n","protected":false},"author":1126,"featured_media":0,"parent":916,"menu_order":0,"comment_status":"closed","ping_status":"closed","template":"","meta":{"_monsterinsights_skip_tracking":false,"_monsterinsights_sitenote_active":false,"_monsterinsights_sitenote_note":"","_monsterinsights_sitenote_category":0,"footnotes":"","_links_to":"","_links_to_target":""},"class_list":["post-928","page","type-page","status-publish","hentry"],"_links":{"self":[{"href":"https:\/\/sites.usp.br\/ppgog\/wp-json\/wp\/v2\/pages\/928","targetHints":{"allow":["GET"]}}],"collection":[{"href":"https:\/\/sites.usp.br\/ppgog\/wp-json\/wp\/v2\/pages"}],"about":[{"href":"https:\/\/sites.usp.br\/ppgog\/wp-json\/wp\/v2\/types\/page"}],"author":[{"embeddable":true,"href":"https:\/\/sites.usp.br\/ppgog\/wp-json\/wp\/v2\/users\/1126"}],"replies":[{"embeddable":true,"href":"https:\/\/sites.usp.br\/ppgog\/wp-json\/wp\/v2\/comments?post=928"}],"version-history":[{"count":4,"href":"https:\/\/sites.usp.br\/ppgog\/wp-json\/wp\/v2\/pages\/928\/revisions"}],"predecessor-version":[{"id":1747,"href":"https:\/\/sites.usp.br\/ppgog\/wp-json\/wp\/v2\/pages\/928\/revisions\/1747"}],"up":[{"embeddable":true,"href":"https:\/\/sites.usp.br\/ppgog\/wp-json\/wp\/v2\/pages\/916"}],"wp:attachment":[{"href":"https:\/\/sites.usp.br\/ppgog\/wp-json\/wp\/v2\/media?parent=928"}],"curies":[{"name":"wp","href":"https:\/\/api.w.org\/{rel}","templated":true}]}}