{"id":24,"date":"2022-04-04T21:54:30","date_gmt":"2022-04-04T21:54:30","guid":{"rendered":"http:\/\/200.144.255.196:9380\/?page_id=24"},"modified":"2022-04-04T21:54:30","modified_gmt":"2022-04-04T21:54:30","slug":"ingresso-2","status":"publish","type":"page","link":"https:\/\/sites.usp.br\/ppgsus\/ingresso-2\/","title":{"rendered":"Ingresso"},"content":{"rendered":"\n<p>O Programa de P\u00f3s-Gradua\u00e7\u00e3o em Sustentabilidade tem como objetivo fomentar a produ\u00e7\u00e3o cient\u00edfica, a inova\u00e7\u00e3o tecnol\u00f3gica e a forma\u00e7\u00e3o de recursos humanos nos n\u00edveis de mestrado e de doutorado, sob o foco interdisciplinar, tendo como tema a sustentabilidade. O Programa est\u00e1 voltado \u00e0 constru\u00e7\u00e3o de conhecimentos te\u00f3ricos, metodol\u00f3gicos e emp\u00edricos e ao desenvolvimento de compet\u00eancias e habilidades necess\u00e1rias \u00e0 constru\u00e7\u00e3o e ao avan\u00e7o de uma agenda da sustentabilidade no Brasil.<\/p>\n\n\n\n<p><strong>T\u00edtulos concedidos<\/strong><\/p>\n\n\n\n<p>Mestre e Doutor em Ci\u00eancias, \u00e1rea de concentra\u00e7\u00e3o em&nbsp;Sustentabilidade<\/p>\n\n\n\n<h2 class=\"wp-block-heading\">Manual do Aluno<\/h2>\n\n\n\n<div class=\"wp-block-buttons is-layout-flex wp-block-buttons-is-layout-flex\">\n<div class=\"wp-block-button\"><a class=\"wp-block-button__link wp-element-button\" href=\"https:\/\/drive.google.com\/file\/d\/1Tm2H1ntNafZ_QzQLyD8rZRUdIUbpSPzr\/view?usp=drive_link\" target=\"_blank\" rel=\"noreferrer noopener\">Manual do Aluno 2024\/1<\/a><\/div>\n<\/div>\n\n\n\n<h2 class=\"wp-block-heading\">Processo Seletivo<\/h2>\n\n\n\n<p>O processo seletivo \u00e9 constitu\u00eddo por avalia\u00e7\u00e3o escrita e avalia\u00e7\u00e3o oral. As avalia\u00e7\u00f5es ser\u00e3o realizadas presencialmente em data e local a serem divulgados na p\u00e1gina do programa. Para mais informa\u00e7\u00f5es sobre calend\u00e1rio, edital, bibliografia, documentos, acesse:<\/p>\n\n\n\n<p><a href=\"http:\/\/www5.each.usp.br\/mestrado-e-doutorado-em-sustentabilidade\/\">Processo Seletivo Programa de P\u00f3s-Gradua\u00e7\u00e3o em Sustentabilidade<\/a><\/p>\n","protected":false},"excerpt":{"rendered":"<p>O Programa de P\u00f3s-Gradua\u00e7\u00e3o em Sustentabilidade tem como objetivo fomentar a produ\u00e7\u00e3o cient\u00edfica, a inova\u00e7\u00e3o tecnol\u00f3gica e a forma\u00e7\u00e3o de recursos humanos nos n\u00edveis de mestrado e de doutorado, sob o foco interdisciplinar, tendo como tema a sustentabilidade. O Programa est\u00e1 voltado \u00e0 constru\u00e7\u00e3o de conhecimentos te\u00f3ricos, metodol\u00f3gicos e emp\u00edricos e ao desenvolvimento de compet\u00eancias [&hellip;]<\/p>\n","protected":false},"author":22309,"featured_media":0,"parent":0,"menu_order":0,"comment_status":"closed","ping_status":"closed","template":"","meta":{"footnotes":"","_links_to":"","_links_to_target":""},"class_list":["post-24","page","type-page","status-publish","hentry"],"_links":{"self":[{"href":"https:\/\/sites.usp.br\/ppgsus\/wp-json\/wp\/v2\/pages\/24","targetHints":{"allow":["GET"]}}],"collection":[{"href":"https:\/\/sites.usp.br\/ppgsus\/wp-json\/wp\/v2\/pages"}],"about":[{"href":"https:\/\/sites.usp.br\/ppgsus\/wp-json\/wp\/v2\/types\/page"}],"author":[{"embeddable":true,"href":"https:\/\/sites.usp.br\/ppgsus\/wp-json\/wp\/v2\/users\/22309"}],"replies":[{"embeddable":true,"href":"https:\/\/sites.usp.br\/ppgsus\/wp-json\/wp\/v2\/comments?post=24"}],"version-history":[{"count":0,"href":"https:\/\/sites.usp.br\/ppgsus\/wp-json\/wp\/v2\/pages\/24\/revisions"}],"wp:attachment":[{"href":"https:\/\/sites.usp.br\/ppgsus\/wp-json\/wp\/v2\/media?parent=24"}],"curies":[{"name":"wp","href":"https:\/\/api.w.org\/{rel}","templated":true}]}}