{"id":337,"date":"2025-09-15T18:57:46","date_gmt":"2025-09-15T20:57:46","guid":{"rendered":"https:\/\/sites.usp.br\/prarch\/?page_id=337"},"modified":"2025-09-15T18:57:46","modified_gmt":"2025-09-15T20:57:46","slug":"publications-conferences-lectures","status":"publish","type":"page","link":"https:\/\/sites.usp.br\/prarch\/publications-conferences-lectures\/","title":{"rendered":"PUBLICATIONS, CONFERENCES, LECTURES"},"content":{"rendered":"<p><strong>Publications<\/strong><\/p>\n<p><em>The <\/em>spolia<em> in middle-Byzantine cityscape of Athens<\/em>, in Mitteilungen des Deutschen Arch\u00e4ologischen Instituts. Athenische Abteilung, 2020 (2024), pp. 281-320.<\/p>\n<p><em>Considera\u00e7\u00f5es sobre o uso da ordem d\u00f3rica na era helen\u00edstica no Mediterr\u00e2neo oriental, <\/em>in M. Teixeira-Bastos, V. Carvalheiro Porto (edd.), Arqueologia do Oriente antigo. A materialidade atrav\u00e9s do tempo, Istituto de estudos avan\u00e7ados, Universidade de S\u00e3o Paulo 2024, pp. 418-430.<\/p>\n<p><em>Considera\u00e7\u00f5es sobre os templos helen\u00edsticos nas cidades da Sic\u00edlia<\/em>, in M. B. Borba Florenzano (ed.), <em>Ocupa\u00e7\u00e3o territorial e defini\u00e7\u00e3o de fronteiras no Mediterr\u00e2neo antigo<\/em>, S\u00e3o Paulo, Intermeios 2023, pp. 199-220.<\/p>\n<p>&nbsp;<\/p>\n<p><strong>Conferences<\/strong><\/p>\n<p>30\/08\/2024 &#8211; 30th EAA Annual Meeting, Universit\u00e0 di Roma \u2018La Sapienza\u2019, session #884 Transfer and Reception of Public and Private Architectural Types in the Coastal Settlements of the Mediterranean Basin: Propaganda and public architecture in the eastern Sicilian coast under Severan rule.<\/p>\n<p>4\/06\/2024 \u2013 XXe Congr\u00e8s international d\u2019arch\u00e9ologie classique (Paris 3-9 Juin 2024), Session 7. Dynamiques urbaines et usages de l&#8217;environnement b\u00e2ti : un regard br\u00e9silien sur la M\u00e9diterran\u00e9e antique: Domini ac dei. Contribution to the interpretation of the archaeological evidence of emperor-cult spaces in Cyprus.<\/p>\n<p>21-24\/11\/2023, University of Strasbourg, HiSAAr Interdisciplinary Thematic Institute, Conference, \u2018Sanctuaires et paysages. The discovery of cult places in Southern Italy, in Sicily, and in the Aegean\u2019: <em>The so-called sanctuary of Apollo in Toumballos in the urban landscape of Nea Paphos<\/em> (with proff. Elvia and Giada Giudice).<\/p>\n<p>&nbsp;<\/p>\n<p><strong>Lectures<\/strong><\/p>\n<p>18\/11\/2024, Universit\u00e0 Ca\u2019Foscari di Venezia, Dipartimento di studi umanistici: The Practice of Reuse: Athens in 12th and 13th century.<\/p>\n<p>10\/10\/2024 &#8211; Syracusae. Scavi e ricerche nella citt\u00e0 e nella chora. Siracusa, Museo archeologico regionale &#8216;P. Orsi&#8217; (10-12 ottobre 2024), Parco archeologico e paesaggistico di Siracusa, Eloro, Villa del Tellaro, Akrai. Paper of L. Fuduli, M. Limoncelli, L. Schepis: L\u2019arco onorario della Neapolis di Siracusa. Notizie preliminari.<\/p>\n<p>24\/09\/2024, Universit\u00e0 Cattolica del Sacro Cuore, Scuola di specializzazione in Beni archeologici, Scuola di specializzazione in Beni storico-artistici, Milano: Cipro ellenistica e romana. Una panoramica sull\u2019architettura.<\/p>\n<p>19\/06\/2024, Universit\u00e0 di Messina, Dottorato in scienze storiche, archeologiche, filologiche: Selezione, reimpiego e memoria dell\u2019antico nei monumenti bassomedievali di Atene.<\/p>\n<p>4\/06\/2024, Ambasciata brasiliana ad Atene, Escola de Ver\u00e3o Brasileira na Gr\u00e9cia: Arte, Hist\u00f3ria e Arqueologia da Antiga Maced\u00f4nia, 2-14 giugno, Istituto de estudos avan\u00e7ados, Universidade de Campinas: The Practice of Reuse in Athens during the Middle Age.<\/p>\n<p>19\/03\/2024, Pontificia accademia romana di Archeologia, Roma, adunanza di marzo: Ruinae e fragmenta nella Sikelia e nella \u1e62iqilliyya<em>.<\/em><\/p>\n<p>12\/03\/2024, Universit\u00e0 di Trento, corso di laurea magistrale in archeologia classica: Adriano e la Sicilia.<\/p>\n<p>23\/10\/2023, Provincial RomanArchitecture and Decoration During the Severan Age. Identity and Propaganda (PRArch), II Jornada LARP-LABECA, University of S\u00e3o Paulo, Museu de Arqueologia e Etnologia, S\u00e3o Paulo.<\/p>\n<p>&nbsp;<\/p>\n","protected":false},"excerpt":{"rendered":"<p>Publications The spolia in middle-Byzantine cityscape of Athens, in Mitteilungen des Deutschen Arch\u00e4ologischen Instituts. Athenische Abteilung, 2020 (2024), pp. 281-320. Considera\u00e7\u00f5es sobre o uso da ordem d\u00f3rica na era helen\u00edstica no Mediterr\u00e2neo oriental, in M. Teixeira-Bastos, V. Carvalheiro Porto (edd.), Arqueologia do Oriente antigo. A materialidade atrav\u00e9s do tempo, Istituto de estudos avan\u00e7ados, Universidade de<a href=\"https:\/\/sites.usp.br\/prarch\/publications-conferences-lectures\/\">[&#8230;]<\/a><\/p>\n","protected":false},"author":1070,"featured_media":0,"parent":0,"menu_order":0,"comment_status":"closed","ping_status":"closed","template":"","meta":{"footnotes":"","_links_to":"","_links_to_target":""},"class_list":["post-337","page","type-page","status-publish","hentry"],"_links":{"self":[{"href":"https:\/\/sites.usp.br\/prarch\/wp-json\/wp\/v2\/pages\/337","targetHints":{"allow":["GET"]}}],"collection":[{"href":"https:\/\/sites.usp.br\/prarch\/wp-json\/wp\/v2\/pages"}],"about":[{"href":"https:\/\/sites.usp.br\/prarch\/wp-json\/wp\/v2\/types\/page"}],"author":[{"embeddable":true,"href":"https:\/\/sites.usp.br\/prarch\/wp-json\/wp\/v2\/users\/1070"}],"replies":[{"embeddable":true,"href":"https:\/\/sites.usp.br\/prarch\/wp-json\/wp\/v2\/comments?post=337"}],"version-history":[{"count":1,"href":"https:\/\/sites.usp.br\/prarch\/wp-json\/wp\/v2\/pages\/337\/revisions"}],"predecessor-version":[{"id":338,"href":"https:\/\/sites.usp.br\/prarch\/wp-json\/wp\/v2\/pages\/337\/revisions\/338"}],"wp:attachment":[{"href":"https:\/\/sites.usp.br\/prarch\/wp-json\/wp\/v2\/media?parent=337"}],"curies":[{"name":"wp","href":"https:\/\/api.w.org\/{rel}","templated":true}]}}