{"id":2116,"date":"2022-01-24T18:48:42","date_gmt":"2022-01-24T20:48:42","guid":{"rendered":"https:\/\/sites.usp.br\/print\/?page_id=2116"},"modified":"2025-03-31T12:35:26","modified_gmt":"2025-03-31T14:35:26","slug":"results-and-reports","status":"publish","type":"page","link":"https:\/\/sites.usp.br\/print\/results-and-reports\/","title":{"rendered":"Results and Reports"},"content":{"rendered":"\t\t<div data-elementor-type=\"wp-page\" data-elementor-id=\"2116\" class=\"elementor elementor-2116\">\n\t\t\t\t\t\t<section class=\"elementor-section elementor-top-section elementor-element elementor-element-eb6eab2 elementor-section-boxed elementor-section-height-default elementor-section-height-default\" data-id=\"eb6eab2\" data-element_type=\"section\">\n\t\t\t\t\t\t<div class=\"elementor-container elementor-column-gap-default\">\n\t\t\t\t\t<div class=\"elementor-column elementor-col-100 elementor-top-column elementor-element elementor-element-3f5add3\" data-id=\"3f5add3\" data-element_type=\"column\">\n\t\t\t<div class=\"elementor-widget-wrap elementor-element-populated\">\n\t\t\t\t\t\t<div class=\"elementor-element elementor-element-6256616 elementor-widget elementor-widget-text-editor\" data-id=\"6256616\" data-element_type=\"widget\" data-widget_type=\"text-editor.default\">\n\t\t\t\t<div class=\"elementor-widget-container\">\n\t\t\t\t\t\t\t<p><strong>Reports<\/strong><\/p><p><a href=\"https:\/\/sites.usp.br\/print\/wp-content\/uploads\/sites\/468\/2025\/03\/Relatorio-anexo-2025-PRINT.pdf\" target=\"_blank\" rel=\"noopener\">Relat\u00f3rio do PTI\/2025<\/a><br \/><a href=\"https:\/\/sites.usp.br\/print\/wp-content\/uploads\/sites\/468\/2022\/01\/Relatorio-anexo-ao-PTI-24012022.pdf\" target=\"_blank\" rel=\"noopener\">Relat\u00f3rio do PTI\/2021<\/a><\/p><p><strong>Professores contratados &#8211; Acordo de coopera\u00e7\u00e3o entre USP e a CAPES<br \/><\/strong>Aion da Esc\u00f3ssia Melo Viana \u2013 IFSC<br \/>Anuj Kumar \u2013 EEL<br \/>Carolina Bonilla Richero \u2013 FM<br \/>\u00c9der Jos\u00e9 Guidelli \u2013 FFCLRP<br \/>Gustavo Paganini Canal \u2013 IF<br \/>Jo\u00e3o Paulo Gabriel Camporez \u2013 FMRP<br \/>Larissa Dias da Cunha \u2013 FMRP<br \/>Nubia Barbosa Eloy \u2013 ESALQ<\/p>\t\t\t\t\t\t<\/div>\n\t\t\t\t<\/div>\n\t\t\t\t\t<\/div>\n\t\t<\/div>\n\t\t\t\t\t<\/div>\n\t\t<\/section>\n\t\t\t\t<\/div>\n\t\t","protected":false},"excerpt":{"rendered":"<p>Reports Relat\u00f3rio do PTI\/2025Relat\u00f3rio do PTI\/2021 Professores contratados &#8211; Acordo de coopera\u00e7\u00e3o entre USP e a CAPESAion da Esc\u00f3ssia Melo Viana \u2013 IFSCAnuj Kumar \u2013 EELCarolina Bonilla Richero \u2013 FM\u00c9der Jos\u00e9 Guidelli \u2013 FFCLRPGustavo Paganini Canal \u2013 IFJo\u00e3o Paulo Gabriel Camporez \u2013 FMRPLarissa Dias da Cunha \u2013 FMRPNubia Barbosa Eloy \u2013 ESALQ<\/p>\n","protected":false},"author":148,"featured_media":0,"parent":0,"menu_order":0,"comment_status":"closed","ping_status":"closed","template":"","meta":{"footnotes":"","_links_to":"","_links_to_target":""},"class_list":["post-2116","page","type-page","status-publish","hentry","entry"],"_links":{"self":[{"href":"https:\/\/sites.usp.br\/print\/wp-json\/wp\/v2\/pages\/2116","targetHints":{"allow":["GET"]}}],"collection":[{"href":"https:\/\/sites.usp.br\/print\/wp-json\/wp\/v2\/pages"}],"about":[{"href":"https:\/\/sites.usp.br\/print\/wp-json\/wp\/v2\/types\/page"}],"author":[{"embeddable":true,"href":"https:\/\/sites.usp.br\/print\/wp-json\/wp\/v2\/users\/148"}],"replies":[{"embeddable":true,"href":"https:\/\/sites.usp.br\/print\/wp-json\/wp\/v2\/comments?post=2116"}],"version-history":[{"count":4,"href":"https:\/\/sites.usp.br\/print\/wp-json\/wp\/v2\/pages\/2116\/revisions"}],"predecessor-version":[{"id":3274,"href":"https:\/\/sites.usp.br\/print\/wp-json\/wp\/v2\/pages\/2116\/revisions\/3274"}],"wp:attachment":[{"href":"https:\/\/sites.usp.br\/print\/wp-json\/wp\/v2\/media?parent=2116"}],"curies":[{"name":"wp","href":"https:\/\/api.w.org\/{rel}","templated":true}]}}