{"id":2679,"date":"2022-12-05T10:50:35","date_gmt":"2022-12-05T12:50:35","guid":{"rendered":"https:\/\/sites.usp.br\/print\/?page_id=2679"},"modified":"2023-08-02T10:10:32","modified_gmt":"2023-08-02T12:10:32","slug":"calls-2023","status":"publish","type":"page","link":"https:\/\/sites.usp.br\/print\/calls\/calls-2023\/","title":{"rendered":"Calls 2023"},"content":{"rendered":"\t\t<div data-elementor-type=\"wp-page\" data-elementor-id=\"2679\" class=\"elementor elementor-2679\">\n\t\t\t\t\t\t<section class=\"elementor-section elementor-top-section elementor-element elementor-element-32ec813 elementor-section-boxed elementor-section-height-default elementor-section-height-default\" data-id=\"32ec813\" data-element_type=\"section\">\n\t\t\t\t\t\t<div class=\"elementor-container elementor-column-gap-default\">\n\t\t\t\t\t<div class=\"elementor-column elementor-col-100 elementor-top-column elementor-element elementor-element-163906b\" data-id=\"163906b\" data-element_type=\"column\">\n\t\t\t<div class=\"elementor-widget-wrap elementor-element-populated\">\n\t\t\t\t\t\t<div class=\"elementor-element elementor-element-d8faa00 elementor-widget elementor-widget-heading\" data-id=\"d8faa00\" data-element_type=\"widget\" data-widget_type=\"heading.default\">\n\t\t\t\t<div class=\"elementor-widget-container\">\n\t\t\t<h2 class=\"elementor-heading-title elementor-size-default\">Calls 2023<\/h2>\t\t<\/div>\n\t\t\t\t<\/div>\n\t\t\t\t\t<\/div>\n\t\t<\/div>\n\t\t\t\t\t<\/div>\n\t\t<\/section>\n\t\t\t\t<section class=\"elementor-section elementor-top-section elementor-element elementor-element-9769559 elementor-section-boxed elementor-section-height-default elementor-section-height-default\" data-id=\"9769559\" data-element_type=\"section\">\n\t\t\t\t\t\t<div class=\"elementor-container elementor-column-gap-default\">\n\t\t\t\t\t<div class=\"elementor-column elementor-col-100 elementor-top-column elementor-element elementor-element-3b4c889\" data-id=\"3b4c889\" data-element_type=\"column\">\n\t\t\t<div class=\"elementor-widget-wrap elementor-element-populated\">\n\t\t\t\t\t\t<div class=\"elementor-element elementor-element-e3ce2a7 elementor-widget elementor-widget-text-editor\" data-id=\"e3ce2a7\" data-element_type=\"widget\" data-widget_type=\"text-editor.default\">\n\t\t\t\t<div class=\"elementor-widget-container\">\n\t\t\t\t\t\t\t<h2>Resultado final<\/h2><ul><li><a href=\"https:\/\/www.prpg.usp.br\/attachments\/article\/31\/Edital_PAME_15-saidas-de-setembro-a-junho-de-2024-resultado-final.pdf\" target=\"_blank\" rel=\"noopener\">Of\u00edcio 91\/2023 &#8211; Resultado final Edital 15\/2023 &#8211; PAME (sa\u00eddas de 01\/9\/23 a 30\/6\/24)<\/a><\/li><li><a href=\"https:\/\/www.prpg.usp.br\/attachments\/article\/31\/Editais_PrInt-Resultado-Final-PDSE-PVEJS-PVE-CAP-Vagas-Remanescentes-2023.pdf\">Of\u00edcio 63\/2023 (Editais PDSE, PVEJS, PVE, CAP)<\/a><\/li><li><a href=\"https:\/\/sites.usp.br\/print\/wp-content\/uploads\/sites\/468\/2023\/06\/Editais_PrInt-Resultado-Final-PDSE-PVEJS-PVE-CAP-Vagas-Remanescentes-2023-DOE.pdf\">D.O.E 12\/06\/2023 &#8211; Resultado final Of\u00edcio 63\/2023\u00a0<\/a><\/li><\/ul><h2>Resultado preliminar<\/h2><ul><li><a href=\"https:\/\/www.prpg.usp.br\/attachments\/article\/31\/Edital-15-PRPG-PRINT-2023-Resultado-PAME-preliminar.pdf\">Of\u00edcio 74\/2023 &#8211; PAME<\/a><\/li><li>\u00a0<a href=\"https:\/\/www.prpg.usp.br\/attachments\/article\/31\/Oficio-57-Resultado-Preliminar-PDSE-PVEJS-PVE-E-CAP.pdf\">Of\u00edcio 57\/2023 (Editais\u00a0PDSE,\u00a0PVEJS, PVE,\u00a0CAP)<\/a><\/li><\/ul><h2><strong>Editais<\/strong><\/h2><ul><li><a href=\"https:\/\/www.prpg.usp.br\/attachments\/article\/31\/Edital_PRPG_15_2023_PRINT_PAME.pdf\">Edital PRPG 15 &#8211; PAME &#8211; Programa de Apoio a Miss\u00f5es Acad\u00eamico-Cient\u00edficas no Exterior<\/a><\/li><li><a href=\"https:\/\/www.prpg.usp.br\/attachments\/article\/31\/Edital_PRPG_10_2023_PRINT-CAP-2sem-Vagas-Remanescentes.pdf\">Edital PRPG 10 &#8211; Capacita\u00e7\u00e3o de servidores no exterior<\/a><\/li><li><a href=\"https:\/\/www.prpg.usp.br\/attachments\/article\/31\/Edital_PRPG_9_2023_PRINT-PVEJS-2sem-Vagas-Remanescentes.pdf\">Edital PRPG 09 &#8211; PVE S\u00eanior e Junior<\/a><\/li><li><a href=\"https:\/\/www.prpg.usp.br\/attachments\/article\/31\/Edital_PRPG_8_2023_PRINT-PVE-2sem-Vagas-Remanescentes.pdf\">Edital PRPG 08 &#8211; PVE (Professor Visitante do Exterior) (e resumo em ingl\u00eas)<\/a><\/li><li><a href=\"https:\/\/www.prpg.usp.br\/attachments\/article\/31\/Edital_PRPG_7_2023_PRINT-PDSE-2sem-Vagas-Remanescentes.pdf\">Edital PRPG 07 &#8211; PDSE (Doutorado Sandu\u00edche no Exterior)<\/a><ul><li><a href=\"https:\/\/sites.usp.br\/print\/wp-content\/uploads\/sites\/468\/2023\/04\/MODELO-Termo-de-Selecao-Anexo-A.docx\">Anexo A &#8211; Edital 07\/2023 &#8211; PDSE<\/a><\/li><\/ul><\/li><\/ul><ul><li><a href=\"https:\/\/sites.usp.br\/print\/wp-content\/uploads\/sites\/468\/2023\/03\/Editais-PRINT-2023-DOE.pdf\">Resultado final do Edital 04\/2023 e dos Editais 57\/58\/59 e 60\/2022 (DOE)<\/a><\/li><li><a href=\"https:\/\/www.prpg.usp.br\/attachments\/article\/31\/Edital-PRPG-Print-Resultado-preliminar-PDSE-CAP-PVE-PVEJS-01-SEM-2023.pdf\" target=\"_blank\" rel=\"noopener\">Resultado preliminar do Edital 04\/2023 e dos Editais 57\/58\/59 e 60\/2022<\/a><\/li><li><a href=\"https:\/\/sites.usp.br\/print\/wp-content\/uploads\/sites\/468\/2023\/03\/Edital_PRPG_04_2023_Print-PDSE.pdf\" target=\"_blank\" rel=\"noopener\">Edital 04\/2023 &#8211; PDSE &#8211; Programa de doutorado sandu\u00edche no exterior<\/a>\u00a0<i> (<a href=\"https:\/\/sites.usp.br\/print\/wp-content\/uploads\/sites\/468\/2023\/03\/Edital_PRPG_04_2023_Print-PDSE.docx\">Arquivo .doc<\/a>) &#8211; (<a href=\"https:\/\/sites.usp.br\/print\/wp-content\/uploads\/sites\/468\/2023\/03\/Edital_PRPG_04_2023_Print-PDSE.pdf\">Arquivo .pdf<\/a>)<br \/><\/i><\/li><li><a href=\"https:\/\/www.prpg.usp.br\/attachments\/article\/31\/Edital_PRPG_60_2022_Print-CAP-2023.pdf\" target=\"_blank\" rel=\"noopener\">Edital 60\/2022 &#8211;\u00a0 CAP &#8211; Capacita\u00e7\u00e3o para servidores t\u00e9cnico-administrativos<\/a><\/li><li><a href=\"https:\/\/www.prpg.usp.br\/attachments\/article\/31\/Edital_PRPG_59_2022_Print-PVE-2023.pdf\" target=\"_blank\" rel=\"noopener\">Edital 59\/2022 &#8211;\u00a0 PVE \u2013 Professor visitante do exterior<\/a><\/li><li><a href=\"https:\/\/www.prpg.usp.br\/attachments\/article\/31\/Edital_PRPG_58_2022_Print-PVEJS-2023.pdf\" target=\"_blank\" rel=\"noopener\">Edital 58\/2022 &#8211; PVEJS &#8211; Professor visitante no exterior j\u00fanior e s\u00eanior<\/a><\/li><li><a href=\"https:\/\/www.prpg.usp.br\/attachments\/article\/31\/Edital_PRPG_57_2022_Print-PDSE-2023.pdf\" target=\"_blank\" rel=\"noopener\">Edital 57\/2022 &#8211; PDSE &#8211; Programa de doutorado sandu\u00edche no exterior<\/a><ul><li style=\"list-style-type: none;\"><ul><li><a href=\"https:\/\/sites.usp.br\/print\/wp-content\/uploads\/sites\/468\/2023\/02\/PDSE-Anexo-A.docx\">Anexo A &#8211; Edital 57\/2022 &#8211; PDSE<\/a><\/li><\/ul><\/li><\/ul><\/li><\/ul><h2><strong>Information For Foreign Researches<\/strong><\/h2><ul><li><a href=\"https:\/\/sites.usp.br\/print\/wp-content\/uploads\/sites\/468\/2022\/12\/Edital_PRPG_PrInt-Call-PVE-2023.pdf\">PrInt PVE 2023 \u2013 Visiting Researcher from Abroad Scholarship<\/a><\/li><\/ul><h2>Publica\u00e7\u00e3o Di\u00e1rio Oficial \u2013 Editais PrInt \u2013 Sa\u00edda 2023<\/h2><ul><li><a href=\"https:\/\/sites.usp.br\/print\/wp-content\/uploads\/sites\/468\/2022\/12\/Editais_Print_DOE-6-12-2022.pdf\">Publica\u00e7\u00e3o DOE \u2013 Editais PrInt USP<\/a><\/li><li><a title=\"D.O.E. de 20\/12\/2022 - Retifica\u00e7\u00e3o - Edital PRPG 58\/2022\" href=\"https:\/\/www.prpg.usp.br\/attachments\/article\/31\/D.O.E.-2022-12-20-Retificacao-Edital-PRPG-58_2022.pdf\" target=\"_blank\" rel=\"noopener noreferrer\">D.O.E. de 20\/12\/2022\u00a0&#8211;\u00a0Retifica\u00e7\u00e3o &#8211; Edital PRPG 58\/2022<\/a><\/li><\/ul><h2>Retifica\u00e7\u00f5es<\/h2><ul><li><p id=\":5g3\" class=\"hP\" tabindex=\"-1\" data-thread-perm-id=\"thread-f:1767868750928159904|msg-f:1767868750928159904\" data-legacy-thread-id=\"1888bb432c9624a0\"><a href=\"https:\/\/sites.usp.br\/print\/wp-content\/uploads\/sites\/468\/2023\/06\/Editais-Print-DOE-05-06-2023-Retificacao-do-cronograma.pdf\">Retifica\u00e7\u00e3o do cronograma &#8211; Editais Vagas Remanescentes &#8211; 2023<\/a><\/p><\/li><li><p id=\":5g3\" class=\"hP\" tabindex=\"-1\" data-thread-perm-id=\"thread-f:1767868750928159904|msg-f:1767868750928159904\" data-legacy-thread-id=\"1888bb432c9624a0\"><a href=\"https:\/\/sites.usp.br\/print\/wp-content\/uploads\/sites\/468\/2023\/06\/Editais_Print_Atualizacao-das-instituicoes-preferenciais-USP-2023.pdf\">Of\u00edcio CoPGr 65\/2023 \u2013 Atualiza\u00e7\u00e3o da Lista de Institui\u00e7\u00f5es Preferenciais da USP ( Retifica\u00e7\u00e3o dos editais 11, 12, 13, 14 e 15)<\/a><\/p><\/li><li><a href=\"https:\/\/www.prpg.usp.br\/attachments\/article\/31\/Oficio-CoPGr-285_2022-RETIFICACAO-EDITAL_58_2022-PrInt_USP_CAPES-PVEJS.pdf\">Oficio CoPGR 285\/2022 &#8211; RETIFICA\u00c7\u00c3O &#8211; EDITAL 58\/2022 &#8211; PrInt\/USP CAPES &#8211; PVEJS 2023<\/a><\/li><\/ul><div><h2><strong>Recursos<\/strong><\/h2><ul><li><a href=\"https:\/\/docs.google.com\/forms\/d\/e\/1FAIpQLSd8DquDci_w2Rx3Hyd1vINz5w9tKzaqsybaO1Xqfnq6swkbZA\/viewform\" target=\"_blank\" rel=\"noopener\">Formul\u00e1rio para recursos editais PrInt 2023<\/a><\/li><li><a href=\"https:\/\/sites.usp.br\/print\/wp-content\/uploads\/sites\/468\/2023\/02\/2023-Modelo-de-Recurso.docx\">Modelo de recurso (.docx)<\/a><\/li><\/ul><\/div>\t\t\t\t\t\t<\/div>\n\t\t\t\t<\/div>\n\t\t\t\t\t<\/div>\n\t\t<\/div>\n\t\t\t\t\t<\/div>\n\t\t<\/section>\n\t\t\t\t<\/div>\n\t\t","protected":false},"excerpt":{"rendered":"<p>Calls 2023 Resultado final Of\u00edcio 91\/2023 &#8211; Resultado final Edital 15\/2023 &#8211; PAME (sa\u00eddas de 01\/9\/23 a 30\/6\/24) Of\u00edcio 63\/2023 (Editais PDSE, PVEJS, PVE, CAP) D.O.E 12\/06\/2023 &#8211; Resultado final Of\u00edcio 63\/2023\u00a0 Resultado preliminar Of\u00edcio 74\/2023 &#8211; PAME \u00a0Of\u00edcio 57\/2023 (Editais\u00a0PDSE,\u00a0PVEJS, PVE,\u00a0CAP) Editais Edital PRPG 15 &#8211; PAME &#8211; Programa de Apoio a Miss\u00f5es Acad\u00eamico-Cient\u00edficas [&hellip;]<\/p>\n","protected":false},"author":148,"featured_media":0,"parent":476,"menu_order":0,"comment_status":"closed","ping_status":"closed","template":"","meta":{"footnotes":"","_links_to":"","_links_to_target":""},"class_list":["post-2679","page","type-page","status-publish","hentry","entry"],"_links":{"self":[{"href":"https:\/\/sites.usp.br\/print\/wp-json\/wp\/v2\/pages\/2679","targetHints":{"allow":["GET"]}}],"collection":[{"href":"https:\/\/sites.usp.br\/print\/wp-json\/wp\/v2\/pages"}],"about":[{"href":"https:\/\/sites.usp.br\/print\/wp-json\/wp\/v2\/types\/page"}],"author":[{"embeddable":true,"href":"https:\/\/sites.usp.br\/print\/wp-json\/wp\/v2\/users\/148"}],"replies":[{"embeddable":true,"href":"https:\/\/sites.usp.br\/print\/wp-json\/wp\/v2\/comments?post=2679"}],"version-history":[{"count":4,"href":"https:\/\/sites.usp.br\/print\/wp-json\/wp\/v2\/pages\/2679\/revisions"}],"predecessor-version":[{"id":3113,"href":"https:\/\/sites.usp.br\/print\/wp-json\/wp\/v2\/pages\/2679\/revisions\/3113"}],"up":[{"embeddable":true,"href":"https:\/\/sites.usp.br\/print\/wp-json\/wp\/v2\/pages\/476"}],"wp:attachment":[{"href":"https:\/\/sites.usp.br\/print\/wp-json\/wp\/v2\/media?parent=2679"}],"curies":[{"name":"wp","href":"https:\/\/api.w.org\/{rel}","templated":true}]}}