{"id":848,"date":"2019-11-29T15:47:29","date_gmt":"2019-11-29T18:47:29","guid":{"rendered":"https:\/\/sites.usp.br\/profqui-rp\/?page_id=848"},"modified":"2022-06-28T08:39:25","modified_gmt":"2022-06-28T11:39:25","slug":"mestrado","status":"publish","type":"page","link":"https:\/\/sites.usp.br\/profqui-rp\/mestrado\/","title":{"rendered":"Mestrado"},"content":{"rendered":"<div class=\"aba\">\n<button class=\"linkaba abrirprimeiro\" onclick=\"abriraba(event, 'mestrado')\" id=\"b-mestrado\">Informa\u00e7\u00f5es Gerais<\/button><button class=\"linkaba\" onclick=\"abriraba(event, 'discOferecidas')\" id=\"b-discOferecidas\">Disciplinas Oferecidas<\/button><button class=\"linkaba\" onclick=\"abriraba(event, 'catalDisciplinas')\" id=\"b-catalDisciplinas\">Cat\u00e1logo de Disciplinas<\/button><button class=\"linkaba\" onclick=\"abriraba(event, 'matDidatico')\" id=\"b-matDidatico\">Material Did\u00e1tico<\/button>\n<\/div>\n<div id=\"mestrado\" class=\"conteudoaba\" style=\"margin: 0 -15px; padding: 0;\">\n\n<!-- iframe plugin v.6.0 wordpress.org\/plugins\/iframe\/ -->\n<iframe loading=\"lazy\" frameborder=\"0\" height=\"1024px\" marginheight=\"0\" marginwidth=\"0\" scrolling=\"auto\" src=\"https:\/\/pos.ffclrp.usp.br\/pgusp\/pt-br\/ffclrp\/profqui\/mestrado\/detalhes.html\" width=\"100%\" class=\"iframe-class\"><\/iframe>\n\n<\/div>\n<div id=\"discOferecidas\" class=\"conteudoaba\">\n<p><object data=\"https:\/\/pos.ffclrp.usp.br\/pgusp\/pt-br\/ffclrp\/profqui\/grade\/curricular\/disciplinas-oferecidas.html\" width=\"100%\"height=\"1024px\"><\/object>\n<\/div>\n<div id=\"catalDisciplinas\" class=\"conteudoaba\">\n\n<!-- iframe plugin v.6.0 wordpress.org\/plugins\/iframe\/ -->\n<iframe loading=\"lazy\" frameborder=\"0\" height=\"1024px\" marginheight=\"0\" marginwidth=\"0\" scrolling=\"auto\" src=\"https:\/\/pos.ffclrp.usp.br\/pgusp\/pt-br\/ffclrp\/profqui\/grade\/curricular\/disciplinas-credenciadas.html\" width=\"100%\" class=\"iframe-class\"><\/iframe>\n\n<\/div>\n<div id=\"matDidatico\" class=\"conteudoaba\">\nClique <a href=\"http:\/\/portal.ffclrp.usp.br\/home\/index.php\" target=\"_blank\" rel=\"noopener noreferrer\"><b>aqui<\/b><\/a> para acessar ao Material Did\u00e1tico, no <b>Portal FFCLRP<\/b>.\n<\/div>\n","protected":false},"excerpt":{"rendered":"<p>Informa\u00e7\u00f5es GeraisDisciplinas OferecidasCat\u00e1logo de DisciplinasMaterial Did\u00e1tico Clique aqui para acessar ao Material Did\u00e1tico, no Portal FFCLRP.<\/p>\n","protected":false},"author":1162,"featured_media":0,"parent":0,"menu_order":0,"comment_status":"closed","ping_status":"closed","template":"","meta":{"footnotes":"","_links_to":"","_links_to_target":""},"class_list":["post-848","page","type-page","status-publish","hentry"],"_links":{"self":[{"href":"https:\/\/sites.usp.br\/profqui-rp\/wp-json\/wp\/v2\/pages\/848","targetHints":{"allow":["GET"]}}],"collection":[{"href":"https:\/\/sites.usp.br\/profqui-rp\/wp-json\/wp\/v2\/pages"}],"about":[{"href":"https:\/\/sites.usp.br\/profqui-rp\/wp-json\/wp\/v2\/types\/page"}],"author":[{"embeddable":true,"href":"https:\/\/sites.usp.br\/profqui-rp\/wp-json\/wp\/v2\/users\/1162"}],"replies":[{"embeddable":true,"href":"https:\/\/sites.usp.br\/profqui-rp\/wp-json\/wp\/v2\/comments?post=848"}],"version-history":[{"count":4,"href":"https:\/\/sites.usp.br\/profqui-rp\/wp-json\/wp\/v2\/pages\/848\/revisions"}],"predecessor-version":[{"id":862,"href":"https:\/\/sites.usp.br\/profqui-rp\/wp-json\/wp\/v2\/pages\/848\/revisions\/862"}],"wp:attachment":[{"href":"https:\/\/sites.usp.br\/profqui-rp\/wp-json\/wp\/v2\/media?parent=848"}],"curies":[{"name":"wp","href":"https:\/\/api.w.org\/{rel}","templated":true}]}}