{"id":748,"date":"2020-07-22T17:34:25","date_gmt":"2020-07-22T19:34:25","guid":{"rendered":"https:\/\/sites.usp.br\/projetocecilia\/?page_id=748"},"modified":"2025-04-17T11:45:43","modified_gmt":"2025-04-17T13:45:43","slug":"s1-05","status":"publish","type":"page","link":"https:\/\/sites.usp.br\/projetocecilia\/s1-05\/","title":{"rendered":"Tect\u00f4nica de Placas e Sismologia"},"content":{"rendered":"<p><span style=\"font-weight: 400;\">pirita<\/span><\/p>\n<div id=\"pl-748\" class=\"panel-layout\">\n<div id=\"pg-748-0\" class=\"panel-grid panel-no-style\" data-style=\"{&quot;background_image_attachment&quot;:false,&quot;background_display&quot;:&quot;tile&quot;,&quot;cell_alignment&quot;:&quot;flex-start&quot;}\" data-ratio=\"1\" data-ratio-direction=\"right\">\n<div id=\"pgc-748-0-1\" class=\"panel-grid-cell panel-grid-cell-mobile-last\" data-weight=\"0.84\">\n<div id=\"panel-748-0-1-0\" class=\"so-panel widget widget_sow-editor panel-first-child\" data-index=\"0\" data-style=\"{&quot;background_image_attachment&quot;:false,&quot;background_display&quot;:&quot;tile&quot;}\">\n<div class=\"so-widget-sow-editor so-widget-sow-editor-base\">\n<div class=\"siteorigin-widget-tinymce textwidget\">\n<p><img loading=\"lazy\" decoding=\"async\" class=\"aligncenter wp-image-1243 size-full\" src=\"https:\/\/sites.usp.br\/projetocecilia\/wp-content\/uploads\/sites\/721\/2021\/07\/Separador.png\" alt=\"\" width=\"560\" height=\"50\" srcset=\"https:\/\/sites.usp.br\/projetocecilia\/wp-content\/uploads\/sites\/721\/2021\/07\/Separador.png 560w, https:\/\/sites.usp.br\/projetocecilia\/wp-content\/uploads\/sites\/721\/2021\/07\/Separador-300x27.png 300w, https:\/\/sites.usp.br\/projetocecilia\/wp-content\/uploads\/sites\/721\/2021\/07\/Separador-400x36.png 400w\" sizes=\"auto, (max-width: 560px) 100vw, 560px\" \/><\/p>\n<\/div>\n<\/div>\n<\/div>\n<div id=\"panel-748-0-1-1\" class=\"so-panel widget widget_sow-editor\" data-index=\"1\" data-style=\"{&quot;background_image_attachment&quot;:false,&quot;background_display&quot;:&quot;tile&quot;}\">\n<div class=\"so-widget-sow-editor so-widget-sow-editor-base\">\n<div class=\"siteorigin-widget-tinymce textwidget\">\n<p style=\"font-family: Comfortaa, serif;\"><strong>Bem vindos ao segundo dia da Geof\u00edsica!<\/strong><\/p>\n<p style=\"font-family: Comfortaa, serif;\">J\u00e1 pensou como \u00e9 superf\u00edcie da Terra? Como se formam os Oceanos? J\u00e1 ouviu falar de Tect\u00f4nica de Placas? Ficaram curiosos para saber sobre o padr\u00e3o zebrado do assoalho Oce\u00e2nico?<\/p>\n<p style=\"font-family: Comfortaa, serif;\">Vamos descobrir como isso tudo acontece! A aluna de gradua\u00e7\u00e3o em Geof\u00edsica do IAG, <strong>Victoria Malta de Lima<\/strong>, fez um v\u00eddeo sobre as Placas Litosf\u00e9ricas. Hoje falaremos de como \u00e9 a superf\u00edcie e um pouco da parte interna da Terra!<\/p>\n<p><iframe loading=\"lazy\" title=\"Desvendando o Movimento do Planeta por Victoria Malta\" width=\"640\" height=\"360\" src=\"https:\/\/www.youtube.com\/embed\/byMUeG95rRM?feature=oembed\" frameborder=\"0\" allow=\"accelerometer; autoplay; clipboard-write; encrypted-media; gyroscope; picture-in-picture; web-share\" referrerpolicy=\"strict-origin-when-cross-origin\" allowfullscreen><\/iframe><\/p>\n<p>&nbsp;<\/p>\n<p style=\"font-family: Comfortaa, serif;\">Ufa, j\u00e1 pensou presenciar um terremoto? Aqui no Brasil n\u00e3o presenciamos sismos de grande magnitude, caso acontecesse, ter\u00edamos que adaptar nossas constru\u00e7\u00f5es e rotinas para evitar grandes danos sociais!<\/p>\n<p style=\"font-family: Comfortaa, serif;\">Depois de aprender um pouco sobre a Tect\u00f4nica de Placas, vamos aprender um pouco sobre como \u00e9 o trabalho de an\u00e1lise de de um sism\u00f3logo e o que \u00e9 a sismologia. O <strong>Prof. Dr. Marcelo Bianchi <\/strong>vai falar um pouco sobre tudo isso! Est\u00e3o animados?<\/p>\n<p><iframe loading=\"lazy\" title=\"Terremotos no Brasil? por Marcelo Bianchi\" width=\"640\" height=\"360\" src=\"https:\/\/www.youtube.com\/embed\/jsVz09ln088?feature=oembed\" frameborder=\"0\" allow=\"accelerometer; autoplay; clipboard-write; encrypted-media; gyroscope; picture-in-picture; web-share\" referrerpolicy=\"strict-origin-when-cross-origin\" allowfullscreen><\/iframe><\/p>\n<p style=\"font-family: Comfortaa, serif;\">Uau! Aprendemos bastante sobre a sismologia, que ser\u00e1 importante para o experimento de hoje. Mas antes disso, vamos ver um pouquinho sobre um assunto diferente, as Ci\u00eancias da Zona Cr\u00edtica. A Prof\u00aa Andrea, que voc\u00eas conheceram ontem, vai apresentar esse assunto.<\/p>\n<p><iframe loading=\"lazy\" title=\"Ci\u00eancias da Zona Cr\u00edtica por Andrea Ustra\" width=\"640\" height=\"360\" src=\"https:\/\/www.youtube.com\/embed\/n2jrWj3pVEU?feature=oembed\" frameborder=\"0\" allow=\"accelerometer; autoplay; clipboard-write; encrypted-media; gyroscope; picture-in-picture; web-share\" referrerpolicy=\"strict-origin-when-cross-origin\" allowfullscreen><\/iframe><\/p>\n<p style=\"font-family: Comfortaa, serif;\">Nossa! Incr\u00edvel, n\u00e3o \u00e9? J\u00e1 ouviram falar sobre isso antes?<\/p>\n<p style=\"font-family: Comfortaa, serif;\"><strong>Hoje voc\u00eas ter\u00e3o um gostinho do que \u00e9 ser um pesquisador na \u00e1rea da Geof\u00edsica&#8230; Agora que voc\u00eas j\u00e1 sabem um pouco mais sobre a Sismologia, vamos fazer um experimento de An\u00e1lise Sismol\u00f3gica?<\/strong><\/p>\n<p style=\"font-family: Comfortaa, serif;\">Antes de lerem o roteiro, a Victoria preparou dois v\u00eddeos explicando como funciona o site do <strong><span style=\"color: #6969ed;\"><a style=\"color: #6969ed;\" href=\"http:\/\/moho.iag.usp.br\/\" target=\"_blank\" rel=\"noopener noreferrer\">Centro de Sismologia da USP<\/a><\/span><\/strong><strong>,<\/strong> que voc\u00eas devem consultar para a realiza\u00e7\u00e3o do experimento. S\u00e3o dois v\u00eddeos, um para o uso no <span style=\"text-decoration: underline;\">celular<\/span> e o outro para o uso no <span style=\"text-decoration: underline;\">computador<\/span>.<\/p>\n<p><iframe loading=\"lazy\" title=\"Navegando pelo Site de Sismologia da USP via Celular\" width=\"640\" height=\"360\" src=\"https:\/\/www.youtube.com\/embed\/rkEJ8tSJdvo?feature=oembed\" frameborder=\"0\" allow=\"accelerometer; autoplay; clipboard-write; encrypted-media; gyroscope; picture-in-picture; web-share\" referrerpolicy=\"strict-origin-when-cross-origin\" allowfullscreen><\/iframe><br \/>\n<iframe loading=\"lazy\" title=\"Navegando pelo Site de Sismologia da USP pelo Computador\" width=\"640\" height=\"360\" src=\"https:\/\/www.youtube.com\/embed\/NHW9LMpRf_Y?feature=oembed\" frameborder=\"0\" allow=\"accelerometer; autoplay; clipboard-write; encrypted-media; gyroscope; picture-in-picture; web-share\" referrerpolicy=\"strict-origin-when-cross-origin\" allowfullscreen><\/iframe><\/p>\n<p style=\"font-family: Comfortaa, serif;\"><strong><span style=\"color: #f44e44;\"><a style=\"color: #f44e44;\" href=\"https:\/\/sites.usp.br\/projetocecilia\/wp-content\/uploads\/sites\/721\/2020\/10\/Apostila_AnaliseSismologica-Cecilia.pdf\" target=\"_blank\" rel=\"noopener noreferrer\">Clique aqui para abrir o roteiro para o experimento de hoje!<\/a><\/span><\/strong><\/p>\n<p style=\"font-family: Comfortaa, serif;\">E a\u00ed? O que acharam do dia de hoje? Gostaram de Geof\u00edsica?<\/p>\n<p style=\"font-family: Comfortaa, serif;\">Respondam no Discord pra gente saber a opini\u00e3o de voc\u00eas e discutam com seus colegas sobre o que aprenderam! Contem com a nossa ajuda para solucionar quaisquer d\u00favidas!<\/p>\n<p style=\"font-family: Comfortaa, serif;\">Tenha um \u00f3timo fim de semana e parab\u00e9ns pelo desempenho essa semana pessoal \ud83d\ude00 . Descansem, pois semana que vem tem mais #CeciliaEmCasa!<\/p>\n<\/div>\n<\/div>\n<\/div>\n<div id=\"panel-748-0-1-2\" class=\"so-panel widget widget_sow-editor\" data-index=\"2\" data-style=\"{&quot;background_image_attachment&quot;:false,&quot;background_display&quot;:&quot;tile&quot;}\">\n<div class=\"so-widget-sow-editor so-widget-sow-editor-base\">\n<div class=\"siteorigin-widget-tinymce textwidget\">\n<p style=\"font-family: Comfortaa, serif;\">Psiu, antes de ir embora, anote o material que vamos usar no desafio de segunda-feira:<\/p>\n<p style=\"font-family: Comfortaa, serif;\"><a href=\"https:\/\/sites.usp.br\/projetocecilia\/wp-content\/uploads\/sites\/721\/2020\/09\/listinha-4.png\"><img loading=\"lazy\" decoding=\"async\" class=\"aligncenter size-medium wp-image-1071\" src=\"https:\/\/sites.usp.br\/projetocecilia\/wp-content\/uploads\/sites\/721\/2020\/09\/listinha-4-300x300.png\" alt=\"\" width=\"300\" height=\"300\" srcset=\"https:\/\/sites.usp.br\/projetocecilia\/wp-content\/uploads\/sites\/721\/2020\/09\/listinha-4.png 300w, https:\/\/sites.usp.br\/projetocecilia\/wp-content\/uploads\/sites\/721\/2020\/09\/listinha-4-150x150.png 150w, https:\/\/sites.usp.br\/projetocecilia\/wp-content\/uploads\/sites\/721\/2020\/09\/listinha-4-250x250.png 250w, https:\/\/sites.usp.br\/projetocecilia\/wp-content\/uploads\/sites\/721\/2020\/09\/listinha-4-174x174.png 174w, https:\/\/sites.usp.br\/projetocecilia\/wp-content\/uploads\/sites\/721\/2020\/09\/listinha-4-45x45.png 45w, https:\/\/sites.usp.br\/projetocecilia\/wp-content\/uploads\/sites\/721\/2020\/09\/listinha-4-200x200.png 200w\" sizes=\"auto, (max-width: 300px) 100vw, 300px\" \/><\/a><\/p>\n<p style=\"font-family: Comfortaa, serif;\">Veja se tem estes materiais em casa, mas se n\u00e3o tiver n\u00e3o se preocupe. Converse com um dos monitores que eles poder\u00e3o ajudar a encontrar substitui\u00e7\u00f5es.<\/p>\n<p style=\"font-family: Comfortaa, serif;\">O que voc\u00ea acha que pode ser nosso pr\u00f3ximo experimento? V\u00e3o pensando e nos vemos na segunda!<\/p>\n<\/div>\n<\/div>\n<\/div>\n<div id=\"panel-748-0-1-3\" class=\"so-panel widget widget_sow-editor panel-last-child\" data-index=\"3\" data-style=\"{&quot;background_image_attachment&quot;:false,&quot;background_display&quot;:&quot;tile&quot;}\">\n<div class=\"so-widget-sow-editor so-widget-sow-editor-base\">\n<div class=\"siteorigin-widget-tinymce textwidget\">\n<p><img loading=\"lazy\" decoding=\"async\" class=\"aligncenter wp-image-1261\" src=\"https:\/\/sites.usp.br\/projetocecilia\/wp-content\/uploads\/sites\/721\/2021\/07\/5-300x138.png\" alt=\"\" width=\"500\" height=\"230\" srcset=\"https:\/\/sites.usp.br\/projetocecilia\/wp-content\/uploads\/sites\/721\/2021\/07\/5-300x138.png 300w, https:\/\/sites.usp.br\/projetocecilia\/wp-content\/uploads\/sites\/721\/2021\/07\/5-768x353.png 768w, https:\/\/sites.usp.br\/projetocecilia\/wp-content\/uploads\/sites\/721\/2021\/07\/5-400x184.png 400w, https:\/\/sites.usp.br\/projetocecilia\/wp-content\/uploads\/sites\/721\/2021\/07\/5.png 1024w\" sizes=\"auto, (max-width: 500px) 100vw, 500px\" \/><\/p>\n<\/div>\n<\/div>\n<\/div>\n<\/div>\n<div id=\"pgc-748-0-2\" class=\"panel-grid-cell panel-grid-cell-empty\" data-weight=\"0.08\"><\/div>\n<\/div>\n<\/div>\n","protected":false},"excerpt":{"rendered":"<p>pirita Bem vindos ao segundo dia da Geof\u00edsica! J\u00e1 pensou como \u00e9 superf\u00edcie da Terra? Como se formam os Oceanos? J\u00e1 ouviu falar de Tect\u00f4nica de Placas? Ficaram curiosos para saber sobre o padr\u00e3o zebrado do assoalho Oce\u00e2nico? Vamos descobrir como isso tudo acontece! A aluna de gradua\u00e7\u00e3o em Geof\u00edsica do IAG, Victoria Malta de<a href=\"https:\/\/sites.usp.br\/projetocecilia\/s1-05\/\">[&#8230;]<\/a><\/p>\n","protected":false},"author":21824,"featured_media":0,"parent":0,"menu_order":0,"comment_status":"closed","ping_status":"closed","template":"template-fullwidth-no-title.php","meta":{"footnotes":"","_links_to":"","_links_to_target":""},"class_list":["post-748","page","type-page","status-publish","hentry"],"_links":{"self":[{"href":"https:\/\/sites.usp.br\/projetocecilia\/wp-json\/wp\/v2\/pages\/748","targetHints":{"allow":["GET"]}}],"collection":[{"href":"https:\/\/sites.usp.br\/projetocecilia\/wp-json\/wp\/v2\/pages"}],"about":[{"href":"https:\/\/sites.usp.br\/projetocecilia\/wp-json\/wp\/v2\/types\/page"}],"author":[{"embeddable":true,"href":"https:\/\/sites.usp.br\/projetocecilia\/wp-json\/wp\/v2\/users\/21824"}],"replies":[{"embeddable":true,"href":"https:\/\/sites.usp.br\/projetocecilia\/wp-json\/wp\/v2\/comments?post=748"}],"version-history":[{"count":5,"href":"https:\/\/sites.usp.br\/projetocecilia\/wp-json\/wp\/v2\/pages\/748\/revisions"}],"predecessor-version":[{"id":1504,"href":"https:\/\/sites.usp.br\/projetocecilia\/wp-json\/wp\/v2\/pages\/748\/revisions\/1504"}],"wp:attachment":[{"href":"https:\/\/sites.usp.br\/projetocecilia\/wp-json\/wp\/v2\/media?parent=748"}],"curies":[{"name":"wp","href":"https:\/\/api.w.org\/{rel}","templated":true}]}}