{"id":944,"date":"2020-09-03T09:54:51","date_gmt":"2020-09-03T11:54:51","guid":{"rendered":"http:\/\/sites.usp.br\/projetocecilia\/?page_id=944"},"modified":"2025-02-28T16:25:51","modified_gmt":"2025-02-28T18:25:51","slug":"ponto-de-partida","status":"publish","type":"page","link":"https:\/\/sites.usp.br\/projetocecilia\/ponto-de-partida\/","title":{"rendered":"Ponto de Partida"},"content":{"rendered":"<div id=\"pl-944\" class=\"panel-layout\">\n<div id=\"pg-944-0\" class=\"panel-grid panel-no-style\" data-style=\"{&quot;background_image_attachment&quot;:false,&quot;background_display&quot;:&quot;tile&quot;,&quot;cell_alignment&quot;:&quot;flex-start&quot;}\" data-ratio=\"1\" data-ratio-direction=\"right\">\n<div id=\"pgc-944-0-0\" class=\"panel-grid-cell panel-grid-cell-empty\" data-weight=\"0.08\"><\/div>\n<div id=\"pgc-944-0-1\" class=\"panel-grid-cell panel-grid-cell-mobile-last\" data-weight=\"0.84\">\n<div id=\"panel-944-0-1-0\" class=\"so-panel widget widget_sow-editor panel-first-child\" data-index=\"0\" data-style=\"{&quot;background_image_attachment&quot;:false,&quot;background_display&quot;:&quot;tile&quot;}\">\n<div class=\"so-widget-sow-editor so-widget-sow-editor-base\">\n<div class=\"siteorigin-widget-tinymce textwidget\">\n<p><img loading=\"lazy\" decoding=\"async\" class=\"aligncenter wp-image-1243 size-full\" src=\"https:\/\/sites.usp.br\/projetocecilia\/wp-content\/uploads\/sites\/721\/2021\/07\/Separador.png\" alt=\"\" width=\"560\" height=\"50\" srcset=\"https:\/\/sites.usp.br\/projetocecilia\/wp-content\/uploads\/sites\/721\/2021\/07\/Separador.png 560w, https:\/\/sites.usp.br\/projetocecilia\/wp-content\/uploads\/sites\/721\/2021\/07\/Separador-300x27.png 300w, https:\/\/sites.usp.br\/projetocecilia\/wp-content\/uploads\/sites\/721\/2021\/07\/Separador-400x36.png 400w\" sizes=\"auto, (max-width: 560px) 100vw, 560px\" \/><\/p>\n<\/div>\n<\/div>\n<\/div>\n<div id=\"panel-944-0-1-1\" class=\"so-panel widget widget_sow-editor panel-last-child\" data-index=\"1\" data-style=\"{&quot;background_image_attachment&quot;:false,&quot;background_display&quot;:&quot;tile&quot;,&quot;background_image_size&quot;:&quot;full&quot;,&quot;border_thickness&quot;:&quot;1px&quot;}\">\n<div class=\"so-widget-sow-editor so-widget-sow-editor-base\">\n<div class=\"siteorigin-widget-tinymce textwidget\">\n<p style=\"font-family: Comfortaa, serif;\">Durante as pr\u00f3ximas duas semanas estaremos juntos aprendendo sobre a Terra, o C\u00e9u e o Universo. Esperamos muito que gostem!<\/p>\n<p style=\"font-family: Comfortaa, serif;\">Visando explorar v\u00e1rios conceitos da \u00e1rea de Ci\u00eancias da Terra e do Universo, nos organizamos em<b> 2 semanas<\/b>, nas quais ser\u00e3o realizadas diversas atividades e experimentos simples, usando recursos que temos em nossas casas, explorando conceitos de Astronomia, Geof\u00edsica, Meteorologia e Geoci\u00eancia. Como forma de incentivo, os alunos que completarem as tarefas propostas ir\u00e3o receber um certificado de <strong><span style=\"color: #9b18d8;\">Cientista Aprendiz<\/span><\/strong>! Quem avalia o m\u00e9rito da participa\u00e7\u00e3o \u00e9 o professor colaborador. Os certificados tamb\u00e9m ser\u00e3o enviados para o professor.<\/p>\n<p style=\"font-family: Comfortaa, serif;\">A \u00fanica ferramenta que usaremos para nossa comunica\u00e7\u00e3o ser\u00e1 o <strong><span style=\"color: #ef3d0d;\">Discord<\/span><\/strong>. Ele possui uma vers\u00e3o para navegador que \u00e9 poss\u00edvel utilizar sem baixar nenhum aplicativo, no entanto, caso voc\u00ea queira uma vers\u00e3o facilitada (e at\u00e9 mesmo mais bonitinha) basta instalar a ferramenta em seus computadores ou celulares. \u00c9 bem f\u00e1cil!\u00a0Para ajudar com a instala\u00e7\u00e3o e utiliza\u00e7\u00e3o da ferramenta siga as instru\u00e7\u00f5es do infogr\u00e1fico <span style=\"color: #6969ed;\"><a style=\"color: #0000ff;\" href=\"https:\/\/sites.usp.br\/projetocecilia\/wp-content\/uploads\/sites\/721\/2022\/03\/Cecilia-Tutorial-Discord-.pdf\" target=\"_blank\" rel=\"noopener noreferrer\"><strong>clicando aqui<\/strong><\/a><\/span> e se preferir, assista aos v\u00eddeos explicativos para celular ou computador:<\/p>\n<p><iframe loading=\"lazy\" title=\"Tutorial Discord para celular\" width=\"640\" height=\"480\" src=\"https:\/\/www.youtube.com\/embed\/8llgNyHzrRI?feature=oembed\" frameborder=\"0\" allow=\"accelerometer; autoplay; clipboard-write; encrypted-media; gyroscope; picture-in-picture; web-share\" referrerpolicy=\"strict-origin-when-cross-origin\" allowfullscreen><\/iframe><\/p>\n<p><iframe loading=\"lazy\" title=\"Tutorial Discord para computador\" width=\"640\" height=\"360\" src=\"https:\/\/www.youtube.com\/embed\/_wymE7cx_qQ?feature=oembed\" frameborder=\"0\" allow=\"accelerometer; autoplay; clipboard-write; encrypted-media; gyroscope; picture-in-picture; web-share\" referrerpolicy=\"strict-origin-when-cross-origin\" allowfullscreen><\/iframe><\/p>\n<p style=\"font-family: Comfortaa, serif;\">Nossa comunica\u00e7\u00e3o ser\u00e1 di\u00e1ria, de segunda \u00e0 sexta. Todos os dias um jovem cientista (monitor) lhe enviar\u00e1 um desafio que lhe ocupar\u00e1 algo em torno de uma a duas horas para desenvolver. Alguns dias teremos um pouco mais e outros dias um pouco menos. Alguns de voc\u00eas poder\u00e3o terminar mais r\u00e1pido e outros precisar\u00e3o de um pouco mais de tempo, e est\u00e1 tudo bem! O importante \u00e9 aproveitar a jornada e respeitar o seu ritmo. Mas \u00e9 claro, se pudermos fazer em grupo e de forma colaborativa est\u00e1 tudo bem em ajudar o colega que estiver com mais dificuldade com a autoriza\u00e7\u00e3o do professor.<\/p>\n<p style=\"font-family: Comfortaa, serif;\">Para que voc\u00eas possam garantir o certificado de <strong><span style=\"color: #9b18d8;\">Cientista Aprendiz<\/span><\/strong>, \u00e9 necess\u00e1rio que o seu professor acompanhe o seu desenvolvimento, portanto, n\u00e3o deixe de deix\u00e1-lo ciente de suas tarefas.<\/p>\n<p style=\"font-family: Comfortaa, serif;\">Para encerrar essa aventura solicitamos que os alunos, com o apoio dos professores, organizem uma exposi\u00e7\u00e3o dos conte\u00fados desenvolvidos ao longo de nossa jornada em ambiente escolar. Essa exposi\u00e7\u00e3o pode ser desenvolvido de forma colaborativa ou em pequenos grupos atrav\u00e9s da produ\u00e7\u00e3o de um ou mais pain\u00e9is art\u00edstico, em cartolina ou papel kraft, contendo os conte\u00fados que mais gostaram durante as duas semanas. Os alunos devem estar livres para produzir da maneira que acharem mais interessante. Podem usar fotos, textos, desenhos, poesias, letra de m\u00fasica, ou seja qualquer maneira de se expressar. Essa exposi\u00e7\u00e3o deve ser registrada pelos professores colaboradores como se fosse uma culmin\u00e2ncia, atrav\u00e9s de fotos e v\u00eddeos, e inclu\u00eddas pelo pr\u00f3prio professor em nosso mural virtual. Esse mural poder\u00e1 ser acessado durante o semestre por todos os professores colaboradores participantes do programa, assim compartilhamos experi\u00eancias e ideias entre escolas de todo o territ\u00f3rio nacional.<\/p>\n<p style=\"font-family: Comfortaa, serif;\">Aqui vai um v\u00eddeo de instru\u00e7\u00f5es para como usar o mural colaborativo:<\/p>\n<p><iframe loading=\"lazy\" title=\"Instru\u00e7\u00f5es para o uso do Mural Colaborativo\" width=\"640\" height=\"360\" src=\"https:\/\/www.youtube.com\/embed\/0XKP5NCwPE8?feature=oembed\" frameborder=\"0\" allow=\"accelerometer; autoplay; clipboard-write; encrypted-media; gyroscope; picture-in-picture; web-share\" referrerpolicy=\"strict-origin-when-cross-origin\" allowfullscreen><\/iframe><\/p>\n<p style=\"font-family: Comfortaa, serif;\">Ao longo dessas duas semanas voc\u00eas v\u00e3o aprender muitas coisas novas. Mas n\u00e3o se preocupem em aprender tudo de uma s\u00f3 vez\u2026 tamb\u00e9m n\u00e3o se preocupem se n\u00e3o entenderem absolutamente tudo de uma aula. Est\u00e1 tudo bem! <strong><span style=\"color: #ef3d0d;\">Apenas desfrutem do caminho e tentem aproveitar o que for poss\u00edvel, de forma leve, como uma brincadeira e sem muitas cobran\u00e7as.<\/span><\/strong><\/p>\n<p style=\"font-family: Comfortaa, serif;\">Voc\u00ea poder\u00e1 escolher o melhor hor\u00e1rio para desenvolver as tarefas mas \u00e9 sempre mais interessante quando as atividiades s\u00e3o realizadas em grupo na pr\u00f3pria escola. Escolha o que se encaixa melhor com a sua rotina escolar. Mas, a cada tarefa cumprida, n\u00e3o deixe de ir l\u00e1 no Discord para dividir com suas colegas de jornada. O acompanhamento das atividades e a frequ\u00eancia para emiss\u00e3o do seu certificado tamb\u00e9m ser\u00e1 controlado atrav\u00e9s de sua participa\u00e7\u00e3o no seu grupo de estudo com seus colegas, ent\u00e3o n\u00e3o nos abandone!<\/p>\n<p style=\"font-family: Comfortaa, serif;\">\u00c9 importante que voc\u00eas sejam os personagens principais ao longo desse caminho. Apesar de ter um jovem cientista sempre por perto, \u00e9 importante que voc\u00eas tentem encontrar caminhos, dentro de seus grupos, para resolver os problemas e desafios propostos. Ent\u00e3o, sempre que puder ajudar os colegas com alguma quest\u00e3o, ajude!<\/p>\n<p style=\"font-family: Comfortaa, serif;\">Nossa miss\u00e3o e grande desafio, ao longo das pr\u00f3ximas semanas, ser\u00e1 nos manter pr\u00f3ximos apesar da dist\u00e2ncia. E contamos com voc\u00eas para isso.<\/p>\n<p style=\"font-family: Comfortaa, serif;\">Nas pr\u00f3ximas semanas distribuiremos v\u00e1rias sementes de encantamento para voc\u00eas. <strong>As sementes estar\u00e3o espalhadas por todos os lados\u2026 e esperamos que voc\u00eas encontrem essas sementes e que elas despertem em voc\u00eas o mesmo encantamento que temos por nosso trabalho e nossas \u00e1reas de pesquisa, as quais dedicamos a nossa exist\u00eancia.<\/strong><\/p>\n<p style=\"font-family: Comfortaa, serif;\">Desejamos que voc\u00eas, em suas jornadas no futuro, consigam cultivar essas sementes e colher lindas flores e frutos.<\/p>\n<p style=\"font-family: Comfortaa, serif;\">Sejam muito bem-vindos ao Projeto Cecilia! Est\u00e3o prontos para come\u00e7ar essa nossa jornada?<\/p>\n<\/div>\n<\/div>\n<\/div>\n<\/div>\n<div id=\"pgc-944-0-2\" class=\"panel-grid-cell panel-grid-cell-empty\" data-weight=\"0.08\"><\/div>\n<\/div>\n<\/div>\n","protected":false},"excerpt":{"rendered":"<p>Durante as pr\u00f3ximas duas semanas estaremos juntos aprendendo sobre a Terra, o C\u00e9u e o Universo. Esperamos muito que gostem! Visando explorar v\u00e1rios conceitos da \u00e1rea de Ci\u00eancias da Terra e do Universo, nos organizamos em 2 semanas, nas quais ser\u00e3o realizadas diversas atividades e experimentos simples, usando recursos que temos em nossas casas, explorando<a href=\"https:\/\/sites.usp.br\/projetocecilia\/ponto-de-partida\/\">[&#8230;]<\/a><\/p>\n","protected":false},"author":21824,"featured_media":0,"parent":0,"menu_order":0,"comment_status":"closed","ping_status":"closed","template":"template-fullwidth-no-title.php","meta":{"footnotes":"","_links_to":"","_links_to_target":""},"class_list":["post-944","page","type-page","status-publish","hentry"],"_links":{"self":[{"href":"https:\/\/sites.usp.br\/projetocecilia\/wp-json\/wp\/v2\/pages\/944","targetHints":{"allow":["GET"]}}],"collection":[{"href":"https:\/\/sites.usp.br\/projetocecilia\/wp-json\/wp\/v2\/pages"}],"about":[{"href":"https:\/\/sites.usp.br\/projetocecilia\/wp-json\/wp\/v2\/types\/page"}],"author":[{"embeddable":true,"href":"https:\/\/sites.usp.br\/projetocecilia\/wp-json\/wp\/v2\/users\/21824"}],"replies":[{"embeddable":true,"href":"https:\/\/sites.usp.br\/projetocecilia\/wp-json\/wp\/v2\/comments?post=944"}],"version-history":[{"count":4,"href":"https:\/\/sites.usp.br\/projetocecilia\/wp-json\/wp\/v2\/pages\/944\/revisions"}],"predecessor-version":[{"id":1503,"href":"https:\/\/sites.usp.br\/projetocecilia\/wp-json\/wp\/v2\/pages\/944\/revisions\/1503"}],"wp:attachment":[{"href":"https:\/\/sites.usp.br\/projetocecilia\/wp-json\/wp\/v2\/media?parent=944"}],"curies":[{"name":"wp","href":"https:\/\/api.w.org\/{rel}","templated":true}]}}