{"id":2422,"date":"2018-09-10T19:00:01","date_gmt":"2018-09-10T22:00:01","guid":{"rendered":"http:\/\/sites.usp.br\/prolam\/?page_id=2422"},"modified":"2019-03-10T15:51:38","modified_gmt":"2019-03-10T18:51:38","slug":"mesas-redondas","status":"publish","type":"page","link":"https:\/\/sites.usp.br\/prolam\/programacao\/mesas-redondas\/","title":{"rendered":"Mesas Redondas e Debate"},"content":{"rendered":"<h4><\/h4>\n<h4><strong>Mesa 1:<\/strong><span style=\"color: #000080;\"><strong> <a style=\"color: #000080;\" href=\"https:\/\/sites.usp.br\/prolam\/contribuicoes-do-pensamento-social-e-economico-brasileiro-sobre-a-america-latina\/\"><em>Contribui\u00e7\u00f5es do Pensamento Social e Econ\u00f4mico Brasileiro sobre a Am\u00e9rica Latina<\/em><\/a><\/strong><\/span><\/h4>\n<h4><span style=\"color: #993366;\">Dia 7 de maio \u00e0s 17h<\/span><\/h4>\n<ul>\n<li><b>Audit\u00f3rio da Geografia &#8211; <\/b><b>Milton Santos<br \/><\/b>Faculdade de Filosofia, Letras e Ci\u00eancias Humanas (FFLCH)<br \/>Universidade de S\u00e3o Paulo (USP)<\/li>\n<\/ul>\n<h4>\u00a0<\/h4>\n<h4><strong>Mesa 2: <a href=\"https:\/\/sites.usp.br\/prolam\/cultura-artes-e-lutas-de-resistencia-na-america-latina\/\"><em><span style=\"color: #000080;\">Cultura, Artes e Lutas de Resist\u00eancia na Am\u00e9rica Latina<\/span><\/em><\/a><\/strong><\/h4>\n<h4><span style=\"color: #993366;\">Dia 8 de maio \u00e0s 17h<\/span><\/h4>\n<ul>\n<li><b>Audit\u00f3rio da Geografia &#8211; <\/b><b>Milton Santos<br \/><\/b>Faculdade de Filosofia, Letras e Ci\u00eancias Humanas (FFLCH)<br \/>Universidade de S\u00e3o Paulo (USP)<\/li>\n<\/ul>\n<h4>\u00a0<\/h4>\n<h4><strong>Mesa 3: <a href=\"https:\/\/sites.usp.br\/prolam\/memoria-e-regimes-de-excecao-na-america-latina\/\"><em><span style=\"color: #000080;\">Mem\u00f3ria e Regimes de Exce\u00e7\u00e3o na Am\u00e9rica Latina<\/span><\/em><\/a><\/strong><\/h4>\n<h4><span style=\"color: #993366;\">Dia 8 de maio \u00e0s 19h<\/span><\/h4>\n<ul>\n<li><b>Audit\u00f3rio da Geografia &#8211; <\/b><b>Milton Santos<br \/><\/b>Faculdade de Filosofia, Letras e Ci\u00eancias Humanas (FFLCH)<br \/>Universidade de S\u00e3o Paulo (USP)<\/li>\n<\/ul>\n<h4>\u00a0<\/h4>\n<h4><strong>Mesa 4: <span style=\"color: #000080;\"><a style=\"color: #000080;\" href=\"https:\/\/sites.usp.br\/prolam\/integracao-cientifica-nas-ciencias-sociais-e-humanas-latino-americanas\/\"><em>Integra\u00e7\u00e3o Cient\u00edfica nas Ci\u00eancias Sociais e Humanas na Am\u00e9rica Latina<\/em><\/a><\/span><\/strong><\/h4>\n<h4><span style=\"color: #993366;\">Dia 9 de maio \u00e0s 17h<\/span><\/h4>\n<ul>\n<li><b>Audit\u00f3rio da Geografia &#8211; <\/b><b>Milton Santos<br \/><\/b>Faculdade de Filosofia, Letras e Ci\u00eancias Humanas (FFLCH)<br \/>Universidade de S\u00e3o Paulo (USP)<\/li>\n<\/ul>\n<h4><strong><br \/>Mesa de Debate<\/strong>: <a href=\"https:\/\/sites.usp.br\/prolam\/contribuicoes-dos-estudos-latino-americanos-para-as-ciencias-sociais-globais\/\"><em><span style=\"font-family: georgia, serif;\"><b><span style=\"color: #000080;\">Contribui\u00e7\u00f5es dos Estudos Latino-Americanos para as Ci\u00eancias Sociais Globais &#8211; FLACSO<\/span><\/b><\/span><\/em><\/a><\/h4>\n<h4><span style=\"color: #993366;\">Dia 10 de maio \u00e0s 14h<\/span><\/h4>\n<ul>\n<li><b>Audit\u00f3rio <br \/><\/b>Escola de Comunica\u00e7\u00f5es e Artes (ECA)<br \/>Universidade de S\u00e3o Paulo (USP)<\/li>\n<\/ul>\n<h4><\/p>\n\n\n<p><\/p>","protected":false},"excerpt":{"rendered":"<p>Mesa 1: Contribui\u00e7\u00f5es do Pensamento Social e Econ\u00f4mico Brasileiro sobre a Am\u00e9rica Latina Dia 7 de maio \u00e0s 17h Audit\u00f3rio da Geografia &#8211; Milton SantosFaculdade de Filosofia, Letras e Ci\u00eancias Humanas (FFLCH)Universidade de S\u00e3o Paulo (USP) \u00a0 Mesa 2: Cultura, &hellip; <a href=\"https:\/\/sites.usp.br\/prolam\/programacao\/mesas-redondas\/\">Continue reading <span class=\"meta-nav\">&rarr;<\/span><\/a><\/p>\n","protected":false},"author":318,"featured_media":0,"parent":2418,"menu_order":0,"comment_status":"closed","ping_status":"closed","template":"","meta":{"footnotes":"","_links_to":"","_links_to_target":""},"class_list":["post-2422","page","type-page","status-publish","hentry"],"_links":{"self":[{"href":"https:\/\/sites.usp.br\/prolam\/wp-json\/wp\/v2\/pages\/2422","targetHints":{"allow":["GET"]}}],"collection":[{"href":"https:\/\/sites.usp.br\/prolam\/wp-json\/wp\/v2\/pages"}],"about":[{"href":"https:\/\/sites.usp.br\/prolam\/wp-json\/wp\/v2\/types\/page"}],"author":[{"embeddable":true,"href":"https:\/\/sites.usp.br\/prolam\/wp-json\/wp\/v2\/users\/318"}],"replies":[{"embeddable":true,"href":"https:\/\/sites.usp.br\/prolam\/wp-json\/wp\/v2\/comments?post=2422"}],"version-history":[{"count":4,"href":"https:\/\/sites.usp.br\/prolam\/wp-json\/wp\/v2\/pages\/2422\/revisions"}],"predecessor-version":[{"id":3832,"href":"https:\/\/sites.usp.br\/prolam\/wp-json\/wp\/v2\/pages\/2422\/revisions\/3832"}],"up":[{"embeddable":true,"href":"https:\/\/sites.usp.br\/prolam\/wp-json\/wp\/v2\/pages\/2418"}],"wp:attachment":[{"href":"https:\/\/sites.usp.br\/prolam\/wp-json\/wp\/v2\/media?parent=2422"}],"curies":[{"name":"wp","href":"https:\/\/api.w.org\/{rel}","templated":true}]}}