{"id":2424,"date":"2018-09-10T19:01:33","date_gmt":"2018-09-10T22:01:33","guid":{"rendered":"http:\/\/sites.usp.br\/prolam\/?page_id=2424"},"modified":"2019-03-07T12:13:26","modified_gmt":"2019-03-07T15:13:26","slug":"cursos-de-curta-duracao","status":"publish","type":"page","link":"https:\/\/sites.usp.br\/prolam\/programacao\/cursos-de-curta-duracao\/","title":{"rendered":"CURSO DE CURTA DURA\u00c7\u00c3O"},"content":{"rendered":"<p>Para participar nos <strong>CURSOS DE CURTA DURA\u00c7\u00c3O<\/strong> voc\u00ea tem duas alternativas:<\/p>\n<p><strong>a) Participe como ministrante do CURSO:<\/strong><br \/>\nOs CURSOS dever\u00e3o ser ministrados nos dias <span style=\"color: #ff0000;\"><strong>7, 8 e 9 de maio de 2019<\/strong><\/span>, sendo que cada dia de aula ter\u00e1 a dura\u00e7\u00e3o de <span style=\"color: #ff0000;\"><strong>90 minutos<\/strong><\/span>. As propostas para CURSO DE CURTA DURA\u00c7\u00c3O ser\u00e3o recebidas a partir de<strong> <span style=\"color: #ff0000;\">10 de <\/span><\/strong><strong><span style=\"color: #ff0000;\">fevereiro de 2019 at\u00e9 10 de mar\u00e7o de 2019<\/span> <span style=\"text-decoration: underline;\"><a href=\"http:\/\/sites.usp.br\/prolam\/ministrante-de-cursos-de-curta-duracao\/\">AQUI<\/a><\/span><\/strong><\/p>\n<p><strong>b) Participe como aluna(o) do CURSO:<\/strong><br \/>\nA lista de CURSOS aprovados ser\u00e1 publicada\u00a0<a href=\"http:\/\/sites.usp.br\/prolam\/aluno-de-curso-de-curta-duracao\/\"><span style=\"text-decoration: underline;\"><strong>AQUI<\/strong><\/span><\/a> a partir de <span style=\"color: #ff0000;\"><strong>20 de mar\u00e7o de 2019.<br \/>\n<\/strong><\/span>A taxa do Curso de Curta dura\u00e7\u00e3o \u00e9 <strong><span style=\"color: #ff0000;\">R$ 30,00<\/span><\/strong>, mas se voc\u00ea est\u00e1 inscrito no Congresso como apresentador de <a href=\"https:\/\/sites.usp.br\/prolam\/normas-para-apresentadores-de-trabalho\/\"><strong>Semin\u00e1rios de Pesquisa<\/strong><\/a>, voc\u00ea ter\u00e1 um desconto de 30% na taxa de inscri\u00e7\u00e3o.<\/p>","protected":false},"excerpt":{"rendered":"<p>Para participar nos CURSOS DE CURTA DURA\u00c7\u00c3O voc\u00ea tem duas alternativas: a) Participe como ministrante do CURSO: Os CURSOS dever\u00e3o ser ministrados nos dias 7, 8 e 9 de maio de 2019, sendo que cada dia de aula ter\u00e1 a &hellip; <a href=\"https:\/\/sites.usp.br\/prolam\/programacao\/cursos-de-curta-duracao\/\">Continue reading <span class=\"meta-nav\">&rarr;<\/span><\/a><\/p>\n","protected":false},"author":318,"featured_media":0,"parent":2418,"menu_order":0,"comment_status":"closed","ping_status":"closed","template":"","meta":{"footnotes":"","_links_to":"","_links_to_target":""},"class_list":["post-2424","page","type-page","status-publish","hentry"],"_links":{"self":[{"href":"https:\/\/sites.usp.br\/prolam\/wp-json\/wp\/v2\/pages\/2424","targetHints":{"allow":["GET"]}}],"collection":[{"href":"https:\/\/sites.usp.br\/prolam\/wp-json\/wp\/v2\/pages"}],"about":[{"href":"https:\/\/sites.usp.br\/prolam\/wp-json\/wp\/v2\/types\/page"}],"author":[{"embeddable":true,"href":"https:\/\/sites.usp.br\/prolam\/wp-json\/wp\/v2\/users\/318"}],"replies":[{"embeddable":true,"href":"https:\/\/sites.usp.br\/prolam\/wp-json\/wp\/v2\/comments?post=2424"}],"version-history":[{"count":6,"href":"https:\/\/sites.usp.br\/prolam\/wp-json\/wp\/v2\/pages\/2424\/revisions"}],"predecessor-version":[{"id":3581,"href":"https:\/\/sites.usp.br\/prolam\/wp-json\/wp\/v2\/pages\/2424\/revisions\/3581"}],"up":[{"embeddable":true,"href":"https:\/\/sites.usp.br\/prolam\/wp-json\/wp\/v2\/pages\/2418"}],"wp:attachment":[{"href":"https:\/\/sites.usp.br\/prolam\/wp-json\/wp\/v2\/media?parent=2424"}],"curies":[{"name":"wp","href":"https:\/\/api.w.org\/{rel}","templated":true}]}}