{"id":3868,"date":"2019-03-10T18:34:46","date_gmt":"2019-03-10T21:34:46","guid":{"rendered":"http:\/\/sites.usp.br\/prolam\/?page_id=3868"},"modified":"2019-04-04T08:18:13","modified_gmt":"2019-04-04T11:18:13","slug":"giovanni-semeraro-religiao-movimentos-sociais-e-politica-na-america-latina","status":"publish","type":"page","link":"https:\/\/sites.usp.br\/prolam\/giovanni-semeraro-religiao-movimentos-sociais-e-politica-na-america-latina\/","title":{"rendered":"Giovanni Semeraro: Religi\u00e3o, Movimentos Sociais e Pol\u00edtica na Am\u00e9rica Latina"},"content":{"rendered":"<p><a href=\"https:\/\/sites.usp.br\/prolam\/wp-content\/uploads\/sites\/35\/2019\/04\/Conferencia-encerramento_FormatoNovo1.jpg\"><img loading=\"lazy\" decoding=\"async\" class=\"alignnone wp-image-4275 size-full\" src=\"https:\/\/sites.usp.br\/prolam\/wp-content\/uploads\/sites\/35\/2019\/04\/Conferencia-encerramento_FormatoNovo1.jpg\" alt=\"\" width=\"983\" height=\"1280\" srcset=\"https:\/\/sites.usp.br\/prolam\/wp-content\/uploads\/sites\/35\/2019\/04\/Conferencia-encerramento_FormatoNovo1.jpg 983w, https:\/\/sites.usp.br\/prolam\/wp-content\/uploads\/sites\/35\/2019\/04\/Conferencia-encerramento_FormatoNovo1-230x300.jpg 230w, https:\/\/sites.usp.br\/prolam\/wp-content\/uploads\/sites\/35\/2019\/04\/Conferencia-encerramento_FormatoNovo1-768x1000.jpg 768w, https:\/\/sites.usp.br\/prolam\/wp-content\/uploads\/sites\/35\/2019\/04\/Conferencia-encerramento_FormatoNovo1-786x1024.jpg 786w, https:\/\/sites.usp.br\/prolam\/wp-content\/uploads\/sites\/35\/2019\/04\/Conferencia-encerramento_FormatoNovo1-400x521.jpg 400w\" sizes=\"auto, (max-width: 983px) 100vw, 983px\" \/><\/a><\/p>\n","protected":false},"excerpt":{"rendered":"","protected":false},"author":754,"featured_media":0,"parent":0,"menu_order":4,"comment_status":"closed","ping_status":"closed","template":"","meta":{"footnotes":"","_links_to":"","_links_to_target":""},"class_list":["post-3868","page","type-page","status-publish","hentry"],"_links":{"self":[{"href":"https:\/\/sites.usp.br\/prolam\/wp-json\/wp\/v2\/pages\/3868","targetHints":{"allow":["GET"]}}],"collection":[{"href":"https:\/\/sites.usp.br\/prolam\/wp-json\/wp\/v2\/pages"}],"about":[{"href":"https:\/\/sites.usp.br\/prolam\/wp-json\/wp\/v2\/types\/page"}],"author":[{"embeddable":true,"href":"https:\/\/sites.usp.br\/prolam\/wp-json\/wp\/v2\/users\/754"}],"replies":[{"embeddable":true,"href":"https:\/\/sites.usp.br\/prolam\/wp-json\/wp\/v2\/comments?post=3868"}],"version-history":[{"count":4,"href":"https:\/\/sites.usp.br\/prolam\/wp-json\/wp\/v2\/pages\/3868\/revisions"}],"predecessor-version":[{"id":4278,"href":"https:\/\/sites.usp.br\/prolam\/wp-json\/wp\/v2\/pages\/3868\/revisions\/4278"}],"wp:attachment":[{"href":"https:\/\/sites.usp.br\/prolam\/wp-json\/wp\/v2\/media?parent=3868"}],"curies":[{"name":"wp","href":"https:\/\/api.w.org\/{rel}","templated":true}]}}