{"id":5040,"date":"2021-01-06T00:26:37","date_gmt":"2021-01-06T03:26:37","guid":{"rendered":"http:\/\/sites.usp.br\/prolam\/?page_id=5040"},"modified":"2021-09-24T00:30:19","modified_gmt":"2021-09-24T03:30:19","slug":"prolam-debates","status":"publish","type":"page","link":"https:\/\/sites.usp.br\/prolam\/prolam-debates\/","title":{"rendered":""},"content":{"rendered":"<p><a href=\"https:\/\/sites.usp.br\/prolam\/wp-content\/uploads\/sites\/35\/2021\/01\/PROLAM-Debates.jpg\"><img loading=\"lazy\" decoding=\"async\" class=\"alignnone wp-image-5021\" src=\"https:\/\/sites.usp.br\/prolam\/wp-content\/uploads\/sites\/35\/2021\/01\/PROLAM-Debates-300x93.jpg\" alt=\"\" width=\"502\" height=\"169\" \/><\/a><\/p>\n<p><span id=\"s1_1\"><span style=\"color: #ffff99;\">O<\/span> <a href=\"https:\/\/www.youtube.com\/channel\/UCWv1IOXkPpUfIzsDGR-LjCA\"><span style=\"color: #00ccff;\">PROLAM &#8211; Debates<\/span><\/a> <span style=\"color: #ffff99;\">\u00e9 um ciclo de semin\u00e1rios, no formato de rodas de conversas e debates com intelectuais e ativistas da Am\u00e9rica Latina sobre as principais problem\u00e1ticas regionais.<\/span><\/span><\/p>\n<p><span id=\"s1_2\" style=\"color: #ffff99;\">Atividade online inaugurada em abril de 2020, sob a coordena\u00e7\u00e3o do Professor Doutor Wagner Tadeu Iglecias<\/span><\/p>\n<p><span id=\"s1_3\" style=\"color: #ffff99;\">Acompanhe os \u00faltimos eventos<\/span><\/p>\n<h3><\/h3>\n<h3><span style=\"color: #00ccff;\"><strong><a style=\"color: #00ccff;\" href=\"https:\/\/www.youtube.com\/watch?v=-l6BN31wVIE\">Roda de conversa Cuba<\/a><\/strong><\/span><\/h3>\n<h3><a href=\"https:\/\/sites.usp.br\/prolam\/wp-content\/uploads\/sites\/35\/2021\/07\/Slide5.jpg\"><img loading=\"lazy\" decoding=\"async\" class=\"size-medium wp-image-5269 alignright\" src=\"https:\/\/sites.usp.br\/prolam\/wp-content\/uploads\/sites\/35\/2021\/07\/Slide5-300x169.jpg\" alt=\"\" width=\"300\" height=\"169\" srcset=\"https:\/\/sites.usp.br\/prolam\/wp-content\/uploads\/sites\/35\/2021\/07\/Slide5-300x169.jpg 300w, https:\/\/sites.usp.br\/prolam\/wp-content\/uploads\/sites\/35\/2021\/07\/Slide5-1024x576.jpg 1024w, https:\/\/sites.usp.br\/prolam\/wp-content\/uploads\/sites\/35\/2021\/07\/Slide5-768x432.jpg 768w, https:\/\/sites.usp.br\/prolam\/wp-content\/uploads\/sites\/35\/2021\/07\/Slide5-500x281.jpg 500w, https:\/\/sites.usp.br\/prolam\/wp-content\/uploads\/sites\/35\/2021\/07\/Slide5-310x174.jpg 310w, https:\/\/sites.usp.br\/prolam\/wp-content\/uploads\/sites\/35\/2021\/07\/Slide5-400x225.jpg 400w, https:\/\/sites.usp.br\/prolam\/wp-content\/uploads\/sites\/35\/2021\/07\/Slide5.jpg 1280w\" sizes=\"auto, (max-width: 300px) 100vw, 300px\" \/><\/a>Pavel Alem\u00e1n y Jos\u00e9 Luis Rodriguez,<br \/>\nCentro de Investigaciones de<br \/>\nPol\u00edtica Internacional de Cuba<br \/>\nOlga Rosa Gonz\u00e1lez, U. de la habana<br \/>\ny Ricardo Alem\u00e3o Abreu, del PROLAM USPP<\/h3>\n<p>&nbsp;<\/p>\n<h3><a href=\"https:\/\/www.youtube.com\/watch?v=okJitEnPuck\"><strong><span style=\"color: #00ccff;\">Roda de Conversa NICARAGUA<\/span><\/strong><\/a><strong><a href=\"https:\/\/sites.usp.br\/prolam\/wp-content\/uploads\/sites\/35\/2021\/07\/Slide4.jpg\"><img loading=\"lazy\" decoding=\"async\" class=\"size-medium wp-image-5273 alignright\" src=\"https:\/\/sites.usp.br\/prolam\/wp-content\/uploads\/sites\/35\/2021\/07\/Slide4-300x169.jpg\" alt=\"\" width=\"300\" height=\"169\" srcset=\"https:\/\/sites.usp.br\/prolam\/wp-content\/uploads\/sites\/35\/2021\/07\/Slide4-300x169.jpg 300w, https:\/\/sites.usp.br\/prolam\/wp-content\/uploads\/sites\/35\/2021\/07\/Slide4-1024x576.jpg 1024w, https:\/\/sites.usp.br\/prolam\/wp-content\/uploads\/sites\/35\/2021\/07\/Slide4-768x432.jpg 768w, https:\/\/sites.usp.br\/prolam\/wp-content\/uploads\/sites\/35\/2021\/07\/Slide4-500x281.jpg 500w, https:\/\/sites.usp.br\/prolam\/wp-content\/uploads\/sites\/35\/2021\/07\/Slide4-310x174.jpg 310w, https:\/\/sites.usp.br\/prolam\/wp-content\/uploads\/sites\/35\/2021\/07\/Slide4-400x225.jpg 400w, https:\/\/sites.usp.br\/prolam\/wp-content\/uploads\/sites\/35\/2021\/07\/Slide4.jpg 1280w\" sizes=\"auto, (max-width: 300px) 100vw, 300px\" \/><\/a><br \/>\n<\/strong>dENIS cACERES &#8211; aRTICULACI\u00d3N DE MOVIMIENTOS SOCIALES, AMANDA MARTINEZ ELVIR &#8211; UFPE Y DARVIN S\u00c1NCHEZ BENITES\u00a0de<br \/>\nUNIVERSIDAD BIELEFIELD Y MARCO PIVA PROLAM USP.<\/h3>\n<p>&nbsp;<\/p>\n<p>&nbsp;<\/p>\n<h3><strong><span style=\"color: #00ccff;\"><a style=\"color: #00ccff;\" href=\"https:\/\/www.youtube.com\/watch?v=KKPtTZ5RcB4\">Roda de Conversa Peru<\/a><a href=\"https:\/\/sites.usp.br\/prolam\/wp-content\/uploads\/sites\/35\/2021\/07\/Slide3.jpg\"><img loading=\"lazy\" decoding=\"async\" class=\"size-medium wp-image-5272 alignright\" src=\"https:\/\/sites.usp.br\/prolam\/wp-content\/uploads\/sites\/35\/2021\/07\/Slide3-300x169.jpg\" alt=\"\" width=\"300\" height=\"169\" srcset=\"https:\/\/sites.usp.br\/prolam\/wp-content\/uploads\/sites\/35\/2021\/07\/Slide3-300x169.jpg 300w, https:\/\/sites.usp.br\/prolam\/wp-content\/uploads\/sites\/35\/2021\/07\/Slide3-1024x576.jpg 1024w, https:\/\/sites.usp.br\/prolam\/wp-content\/uploads\/sites\/35\/2021\/07\/Slide3-768x432.jpg 768w, https:\/\/sites.usp.br\/prolam\/wp-content\/uploads\/sites\/35\/2021\/07\/Slide3-500x281.jpg 500w, https:\/\/sites.usp.br\/prolam\/wp-content\/uploads\/sites\/35\/2021\/07\/Slide3-310x174.jpg 310w, https:\/\/sites.usp.br\/prolam\/wp-content\/uploads\/sites\/35\/2021\/07\/Slide3-400x225.jpg 400w, https:\/\/sites.usp.br\/prolam\/wp-content\/uploads\/sites\/35\/2021\/07\/Slide3.jpg 1280w\" sizes=\"auto, (max-width: 300px) 100vw, 300px\" \/><\/a><\/span><\/strong>Zaira Arias &#8211; congresista electa &#8216;Per\u00fa Libre&#8217;<br \/>\nLucia Alvites &#8211; Juntos por el Per\u00fa<br \/>\nAriela Ruiz Caro &#8211; Desco Per\u00fa,<br \/>\nMiguel Garay Malpartida, EACH\/USP.<\/h3>\n<p>&nbsp;<\/p>\n<p>&nbsp;<\/p>\n<h3><strong><span style=\"color: #00ccff;\"><a style=\"color: #00ccff;\" href=\"https:\/\/www.youtube.com\/watch?v=0CdlYGNlHRY\">Roda de Conversa PARAGUAY<\/a><a href=\"https:\/\/sites.usp.br\/prolam\/wp-content\/uploads\/sites\/35\/2021\/07\/Slide1.jpg\"><img loading=\"lazy\" decoding=\"async\" class=\"size-medium wp-image-5270 alignright\" src=\"https:\/\/sites.usp.br\/prolam\/wp-content\/uploads\/sites\/35\/2021\/07\/Slide1-300x169.jpg\" alt=\"\" width=\"300\" height=\"169\" srcset=\"https:\/\/sites.usp.br\/prolam\/wp-content\/uploads\/sites\/35\/2021\/07\/Slide1-300x169.jpg 300w, https:\/\/sites.usp.br\/prolam\/wp-content\/uploads\/sites\/35\/2021\/07\/Slide1-1024x576.jpg 1024w, https:\/\/sites.usp.br\/prolam\/wp-content\/uploads\/sites\/35\/2021\/07\/Slide1-768x432.jpg 768w, https:\/\/sites.usp.br\/prolam\/wp-content\/uploads\/sites\/35\/2021\/07\/Slide1-500x281.jpg 500w, https:\/\/sites.usp.br\/prolam\/wp-content\/uploads\/sites\/35\/2021\/07\/Slide1-310x174.jpg 310w, https:\/\/sites.usp.br\/prolam\/wp-content\/uploads\/sites\/35\/2021\/07\/Slide1-400x225.jpg 400w, https:\/\/sites.usp.br\/prolam\/wp-content\/uploads\/sites\/35\/2021\/07\/Slide1.jpg 1280w\" sizes=\"auto, (max-width: 300px) 100vw, 300px\" \/><\/a><br \/>\n<\/span><\/strong>sARA VILLALBA PORTILLO &#8211; UNIVERSIDAD CAT\u00d3LICA NUESTRA SE\u00d1ORA DE LA ASUNCI\u00d3N, SARAH CERNA VILLAGRA &#8211; ASOCI\u00d3N DE CI\u00c9NCIA POL\u00cdTICA DEL PARAGUAY Y ROMY MART\u00cdNEZ GARAY &#8211; PROLAM\/USP Y ROYAL HOLLOWAY UNIVERSITY OF LONDON<\/h3>\n<p>&nbsp;<\/p>\n<h3><strong><span style=\"color: #00ccff;\"><a style=\"color: #00ccff;\" href=\"https:\/\/www.youtube.com\/watch?v=5Zizc-U3A9k\">RODA DE CONVERSA vIOL\u00caNCIA<\/a><a style=\"color: #00ccff;\" href=\"https:\/\/sites.usp.br\/prolam\/wp-content\/uploads\/sites\/35\/2021\/07\/Slide2.jpg\"><img loading=\"lazy\" decoding=\"async\" class=\"size-medium wp-image-5271 alignright\" src=\"https:\/\/sites.usp.br\/prolam\/wp-content\/uploads\/sites\/35\/2021\/07\/Slide2-300x169.jpg\" alt=\"\" width=\"300\" height=\"169\" srcset=\"https:\/\/sites.usp.br\/prolam\/wp-content\/uploads\/sites\/35\/2021\/07\/Slide2-300x169.jpg 300w, https:\/\/sites.usp.br\/prolam\/wp-content\/uploads\/sites\/35\/2021\/07\/Slide2-1024x576.jpg 1024w, https:\/\/sites.usp.br\/prolam\/wp-content\/uploads\/sites\/35\/2021\/07\/Slide2-768x432.jpg 768w, https:\/\/sites.usp.br\/prolam\/wp-content\/uploads\/sites\/35\/2021\/07\/Slide2-500x281.jpg 500w, https:\/\/sites.usp.br\/prolam\/wp-content\/uploads\/sites\/35\/2021\/07\/Slide2-310x174.jpg 310w, https:\/\/sites.usp.br\/prolam\/wp-content\/uploads\/sites\/35\/2021\/07\/Slide2-400x225.jpg 400w, https:\/\/sites.usp.br\/prolam\/wp-content\/uploads\/sites\/35\/2021\/07\/Slide2.jpg 1280w\" sizes=\"auto, (max-width: 300px) 100vw, 300px\" \/><\/a><br \/>\nDE eSTADO: cOL\u00d4MBIA E cHILE<\/span><\/strong><br \/>\nHector Mondragon, da PUC-SP, Manuel Guerrero Antequera, da Universidad de Chile, e Franco L\u00f3pez, do PROLAM USP<br \/>\n1:10;31<\/h3>\n<p>&nbsp;<\/p>\n<h3><span style=\"color: #00ccff;\"><strong><a style=\"color: #00ccff;\" href=\"https:\/\/www.youtube.com\/watch?v=ictfojpMM0k\">RODA DE CONVERSA <\/a>cHILE<a href=\"https:\/\/sites.usp.br\/prolam\/wp-content\/uploads\/sites\/35\/2021\/05\/Cartazes-Chile.jpg\"><img loading=\"lazy\" decoding=\"async\" class=\"size-medium wp-image-5227 alignright\" src=\"https:\/\/sites.usp.br\/prolam\/wp-content\/uploads\/sites\/35\/2021\/05\/Cartazes-Chile-300x169.jpg\" alt=\"\" width=\"300\" height=\"169\" srcset=\"https:\/\/sites.usp.br\/prolam\/wp-content\/uploads\/sites\/35\/2021\/05\/Cartazes-Chile-300x169.jpg 300w, https:\/\/sites.usp.br\/prolam\/wp-content\/uploads\/sites\/35\/2021\/05\/Cartazes-Chile-1024x576.jpg 1024w, https:\/\/sites.usp.br\/prolam\/wp-content\/uploads\/sites\/35\/2021\/05\/Cartazes-Chile-768x432.jpg 768w, https:\/\/sites.usp.br\/prolam\/wp-content\/uploads\/sites\/35\/2021\/05\/Cartazes-Chile-500x281.jpg 500w, https:\/\/sites.usp.br\/prolam\/wp-content\/uploads\/sites\/35\/2021\/05\/Cartazes-Chile-310x174.jpg 310w, https:\/\/sites.usp.br\/prolam\/wp-content\/uploads\/sites\/35\/2021\/05\/Cartazes-Chile-400x225.jpg 400w, https:\/\/sites.usp.br\/prolam\/wp-content\/uploads\/sites\/35\/2021\/05\/Cartazes-Chile.jpg 1280w\" sizes=\"auto, (max-width: 300px) 100vw, 300px\" \/><\/a><\/strong><\/span>Consuelo Flores, de CLACSO e del IADE, Rossana Castiglioni, de la Universidad Diego Portales, Carolina Acevedo, de la Universidad Cat\u00f3lica de Temuco y Franco L\u00f3pez, de PROLAM USP.<\/h3>\n<p>&nbsp;<\/p>\n<h3><span style=\"color: #33cccc;\"><a style=\"color: #33cccc;\" href=\"https:\/\/www.youtube.com\/watch?v=dm1hjIRLCkk\"><strong>RODA DE CONVERSA cOLOMBIA<\/strong><\/a><\/span><strong><a href=\"https:\/\/sites.usp.br\/prolam\/wp-content\/uploads\/sites\/35\/2021\/05\/Cartazes-Colombia.jpg\"><img loading=\"lazy\" decoding=\"async\" class=\"size-medium wp-image-5228 alignright\" src=\"https:\/\/sites.usp.br\/prolam\/wp-content\/uploads\/sites\/35\/2021\/05\/Cartazes-Colombia-300x169.jpg\" alt=\"\" width=\"300\" height=\"169\" srcset=\"https:\/\/sites.usp.br\/prolam\/wp-content\/uploads\/sites\/35\/2021\/05\/Cartazes-Colombia-300x169.jpg 300w, https:\/\/sites.usp.br\/prolam\/wp-content\/uploads\/sites\/35\/2021\/05\/Cartazes-Colombia-1024x576.jpg 1024w, https:\/\/sites.usp.br\/prolam\/wp-content\/uploads\/sites\/35\/2021\/05\/Cartazes-Colombia-768x432.jpg 768w, https:\/\/sites.usp.br\/prolam\/wp-content\/uploads\/sites\/35\/2021\/05\/Cartazes-Colombia-500x281.jpg 500w, https:\/\/sites.usp.br\/prolam\/wp-content\/uploads\/sites\/35\/2021\/05\/Cartazes-Colombia-310x174.jpg 310w, https:\/\/sites.usp.br\/prolam\/wp-content\/uploads\/sites\/35\/2021\/05\/Cartazes-Colombia-400x225.jpg 400w, https:\/\/sites.usp.br\/prolam\/wp-content\/uploads\/sites\/35\/2021\/05\/Cartazes-Colombia.jpg 1280w\" sizes=\"auto, (max-width: 300px) 100vw, 300px\" \/><\/a><\/strong><br \/>\nCAROlina RIM\u00c9NES &#8211; UNIVERSIDAD NACIONAL DE COLOMBIA, PIETRO ALARCON &#8211; PONTIF\u00cdCIA UNIVERSIDADE CAT\u00d3LICA DE SP, CATALINA ZAMBRANO &#8211; COLECTIVO RUEDA LA PALABRA PAZ Y AMANDA HARUMI &#8211; PROLAM\/USP.<\/h3>\n<p><\/p>","protected":false},"excerpt":{"rendered":"<p>O PROLAM &#8211; Debates \u00e9 um ciclo de semin\u00e1rios, no formato de rodas de conversas e debates com intelectuais e ativistas da Am\u00e9rica Latina sobre as principais problem\u00e1ticas regionais. Atividade online inaugurada em abril de 2020, sob a coordena\u00e7\u00e3o do &hellip; <a href=\"https:\/\/sites.usp.br\/prolam\/prolam-debates\/\">Continue reading <span class=\"meta-nav\">&rarr;<\/span><\/a><\/p>\n","protected":false},"author":754,"featured_media":0,"parent":0,"menu_order":5,"comment_status":"closed","ping_status":"closed","template":"","meta":{"footnotes":"","_links_to":"","_links_to_target":""},"class_list":["post-5040","page","type-page","status-publish","hentry"],"_links":{"self":[{"href":"https:\/\/sites.usp.br\/prolam\/wp-json\/wp\/v2\/pages\/5040","targetHints":{"allow":["GET"]}}],"collection":[{"href":"https:\/\/sites.usp.br\/prolam\/wp-json\/wp\/v2\/pages"}],"about":[{"href":"https:\/\/sites.usp.br\/prolam\/wp-json\/wp\/v2\/types\/page"}],"author":[{"embeddable":true,"href":"https:\/\/sites.usp.br\/prolam\/wp-json\/wp\/v2\/users\/754"}],"replies":[{"embeddable":true,"href":"https:\/\/sites.usp.br\/prolam\/wp-json\/wp\/v2\/comments?post=5040"}],"version-history":[{"count":4,"href":"https:\/\/sites.usp.br\/prolam\/wp-json\/wp\/v2\/pages\/5040\/revisions"}],"predecessor-version":[{"id":5771,"href":"https:\/\/sites.usp.br\/prolam\/wp-json\/wp\/v2\/pages\/5040\/revisions\/5771"}],"wp:attachment":[{"href":"https:\/\/sites.usp.br\/prolam\/wp-json\/wp\/v2\/media?parent=5040"}],"curies":[{"name":"wp","href":"https:\/\/api.w.org\/{rel}","templated":true}]}}