{"id":5134,"date":"2021-01-14T23:42:13","date_gmt":"2021-01-15T02:42:13","guid":{"rendered":"http:\/\/sites.usp.br\/prolam\/?page_id=5134"},"modified":"2021-05-20T13:11:05","modified_gmt":"2021-05-20T16:11:05","slug":"outras-publicacoes","status":"publish","type":"page","link":"https:\/\/sites.usp.br\/prolam\/outras-publicacoes\/","title":{"rendered":"Outras publica\u00e7\u00f5es"},"content":{"rendered":"<p><\/p>\n<h1 class=\"title\"><span style=\"color: #3366ff;\"><a style=\"color: #3366ff;\" href=\"http:\/\/www.livrosabertos.sibi.usp.br\/portaldelivrosUSP\/catalog\/view\/602\/536\/2035-1\">Psicologia Escolar e Pol\u00edticas P\u00fablicas para a Educa\u00e7\u00e3o B\u00e1sica <\/a><\/span><br \/>\n<a href=\"http:\/\/www.livrosabertos.sibi.usp.br\/portaldelivrosUSP\/catalog\/view\/602\/536\/2035-1\"><span style=\"color: #33cccc;\"><span style=\"color: #3366ff;\">na Am\u00e9rica Latina: pesquisas, impasses e desafios<\/span><\/span><\/a><\/h1>\n<div class=\"sub_item\">\n<h3><strong>ORGANIZA\u00c7\u00c3O<\/strong><br \/>\n<a href=\"https:\/\/sites.usp.br\/prolam\/wp-content\/uploads\/sites\/35\/2021\/05\/PP_Educacao-1.jpg\"><img loading=\"lazy\" decoding=\"async\" class=\" wp-image-5229 alignright\" src=\"https:\/\/sites.usp.br\/prolam\/wp-content\/uploads\/sites\/35\/2021\/05\/PP_Educacao-1-210x300.jpg\" alt=\"\" width=\"125\" height=\"176\" data-wp-editing=\"1\" \/><\/a>Marilene Proen\u00e7a Rebello de Souza<br \/>\nPROLAM\/IP &#8211; Universidade de S\u00e3o Paulo<\/h3>\n<\/div>\n<p>&nbsp;<\/p>\n<p><\/p>\n<div class=\"sub_item\">\n<div>\n<h1 class=\"title\"><a href=\"http:\/\/www.livrosabertos.sibi.usp.br\/portaldelivrosUSP\/catalog\/view\/594\/529\/2011-1\"><span style=\"color: #3366ff;\">Pol\u00edticas p\u00fablicas e pr\u00e1tica docente<\/span> <span style=\"color: #3366ff;\">em pa\u00edses da Am\u00e9rica Latina<\/span><\/a><\/h1>\n<h3 class=\"title\"><strong><a href=\"http:\/\/www.livrosabertos.sibi.usp.br\/portaldelivrosUSP\/catalog\/view\/594\/529\/2011-1\"><img loading=\"lazy\" decoding=\"async\" class=\" wp-image-5230 alignright\" src=\"https:\/\/sites.usp.br\/prolam\/wp-content\/uploads\/sites\/35\/2021\/05\/PP_Educacao-2-200x300.jpg\" alt=\"\" width=\"128\" height=\"188\" data-wp-editing=\"1\" \/><\/a>ORGANIZA\u00c7\u00c3O<\/strong><br \/>\nMarilene Proen\u00e7a Rebello de Souza (PROLAM\/USP)<br \/>\nGloria Anisia Fari\u00f1as Le\u00f3n (U. de la Havana)<br \/>\nLuciane Maria Schlindwein (UFSC)<\/h3>\n<\/div>\n<\/div>\n<p><\/p>\n<h1><span style=\"color: #3366ff;\"><a style=\"color: #3366ff;\" href=\"https:\/\/sites.usp.br\/prolam\/wp-content\/uploads\/sites\/35\/2021\/01\/A-Guerra-Civil-espanhola-e-a-America-Latina-2018.pdf\">Guerra Civil Espanhola e a Am\u00e9rica Latina<\/a><\/span><\/h1>\n<h3><strong>Organiza\u00e7\u00e3o:<\/strong><img loading=\"lazy\" decoding=\"async\" class=\" wp-image-5139 alignright\" src=\"https:\/\/sites.usp.br\/prolam\/wp-content\/uploads\/sites\/35\/2021\/01\/Guerra-Civil-225x300.jpg\" alt=\"\" width=\"130\" height=\"171\" \/><br \/>\nHoracio Guti\u00e9rrez<br \/>\nVivian Urquidi<br \/>\nMargarida Nepomuceno<br \/>\nMayra Coan Lago<\/h3>\n<p>&nbsp;<\/p>\n<p><!--more--><\/p>\n<h1><span style=\"color: #3366ff;\"><a style=\"color: #3366ff;\" href=\"https:\/\/sites.usp.br\/prolam\/wp-content\/uploads\/sites\/35\/2021\/01\/Miradas-Sobre-a-America-Latina.pdf\">Miradas sobre a Am\u00e9rica Latina\u00a0<\/a><\/span><\/h1>\n<h3><strong>Organiza\u00e7\u00e3o:<\/strong> <a href=\"https:\/\/sites.usp.br\/prolam\/wp-content\/uploads\/sites\/35\/2021\/01\/Memorial_Miradas.jpg\"><img loading=\"lazy\" decoding=\"async\" class=\" wp-image-5145 alignright\" src=\"https:\/\/sites.usp.br\/prolam\/wp-content\/uploads\/sites\/35\/2021\/01\/Memorial_Miradas-225x300.jpg\" alt=\"\" width=\"122\" height=\"159\" \/><\/a><br \/>\nLisbeth Ruth Rebollo Gon\u00e7alves<br \/>\nMarilene Proen\u00e7a Rebello de Souza<\/h3>\n<p><!--more--><\/p>\n<h1><span style=\"color: #3366ff;\"><a style=\"color: #3366ff;\" href=\"https:\/\/sites.usp.br\/prolam\/wp-content\/uploads\/sites\/35\/2021\/01\/Desmonte-do-estado-e-das-politicas-publicas.pdf\">Desmonte do Estado e das Pol\u00edticas P\u00fablicas<\/a><\/span><\/h1>\n<h3><strong>ORGANIZADORES<a href=\"https:\/\/sites.usp.br\/prolam\/wp-content\/uploads\/sites\/35\/2021\/01\/Desmonte.jpg\"><img loading=\"lazy\" decoding=\"async\" class=\" wp-image-5146 alignright\" src=\"https:\/\/sites.usp.br\/prolam\/wp-content\/uploads\/sites\/35\/2021\/01\/Desmonte-205x300.jpg\" alt=\"\" width=\"119\" height=\"167\" \/><\/a><\/strong><br \/>\nJ\u00fanior Macambira<br \/>\nFernando Pires<br \/>\nMaria Cristina Cacciamali<br \/>\nAmilton Moretto<br \/>\nFranco de Matos<\/h3>\n<p>&nbsp;<\/p>\n<p><!--more--><\/p>\n<h1><span style=\"color: #3366ff;\"><a style=\"color: #3366ff;\" href=\"https:\/\/sites.usp.br\/prolam\/wp-content\/uploads\/sites\/35\/2021\/01\/mundo-do-trabalho.pdf\">As transforma\u00e7\u00f5es no mundo do trabalho<\/a><\/span><br \/>\n<span style=\"color: #3366ff;\">e o Sistema P\u00fablico de Emprego como instrumento<\/span><br \/>\n<span style=\"color: #3366ff;\">de inclus\u00e3o social<\/span><\/h1>\n<h3>Organiza\u00e7\u00e3o <a href=\"https:\/\/sites.usp.br\/prolam\/wp-content\/uploads\/sites\/35\/2021\/01\/Mundo-Trabalho.jpg\"><img loading=\"lazy\" decoding=\"async\" class=\" wp-image-5148 alignright\" src=\"https:\/\/sites.usp.br\/prolam\/wp-content\/uploads\/sites\/35\/2021\/01\/Mundo-Trabalho-205x300.jpg\" alt=\"\" width=\"122\" height=\"173\" \/><\/a><br \/>\nAmilton Jos\u00e9 Moretto<br \/>\nFranco de Matos<br \/>\nJ\u00fanior Macambira<br \/>\nMaria Cristina Cacciamali<\/h3>\n<p>&nbsp;<\/p>\n<p><!--more--><\/p>\n<h1><a class=\"title\" href=\"http:\/\/www.livrosabertos.sibi.usp.br\/portaldelivrosUSP\/catalog\/book\/434\"><span style=\"color: #3366ff;\">Campo e cidade na Am\u00e9rica Latina <\/span><\/a><\/h1>\n<h3 class=\"author\">O<a href=\"https:\/\/sites.usp.br\/prolam\/wp-content\/uploads\/sites\/35\/2021\/01\/1_Campo-e-Cidade.png\"><img loading=\"lazy\" decoding=\"async\" class=\" wp-image-5155 alignright\" src=\"https:\/\/sites.usp.br\/prolam\/wp-content\/uploads\/sites\/35\/2021\/01\/1_Campo-e-Cidade-188x300.png\" alt=\"\" width=\"124\" height=\"191\" \/><\/a>rganiza\u00e7\u00e3o<br \/>\nJ\u00falio Cesar Suzuki<br \/>\nValterlei Borges de Ara\u00fajo<br \/>\nF\u00e1bio Molinari Bitelli<\/h3>\n<p>&nbsp;<\/p>\n<p>&nbsp;<\/p>\n<p><!--more--><\/p>\n<h1><span style=\"color: #3366ff;\"><a class=\"title\" style=\"color: #3366ff;\" href=\"http:\/\/www.livrosabertos.sibi.usp.br\/portaldelivrosUSP\/catalog\/book\/374\">Identidade e diferen\u00e7a na can\u00e7\u00e3o latino-americana <\/a><\/span><\/h1>\n<h3 class=\"author\"><a href=\"https:\/\/sites.usp.br\/prolam\/wp-content\/uploads\/sites\/35\/2021\/01\/1_Identidades-e-diferenca.png\"><img loading=\"lazy\" decoding=\"async\" class=\"wp-image-5156 alignright\" src=\"https:\/\/sites.usp.br\/prolam\/wp-content\/uploads\/sites\/35\/2021\/01\/1_Identidades-e-diferenca-188x300.png\" alt=\"\" width=\"117\" height=\"181\" \/><\/a>Organiza\u00e7\u00e3o<br \/>\nJ\u00falio C\u00e9sar Suzuki<br \/>\nValterlei Borges de Ara\u00fajo<\/h3>\n<p>&nbsp;<\/p>\n<p>&nbsp;<\/p>\n<p>&nbsp;<\/p>\n<p><!--more--><\/p>\n<h1><a class=\"title\" href=\"http:\/\/www.livrosabertos.sibi.usp.br\/portaldelivrosUSP\/catalog\/book\/197\"><span style=\"color: #3366ff;\">Pol\u00edtica, sujeitos e pr\u00e1ticas produtivas no campo latino-americano <\/span><\/a><\/h1>\n<h3><a href=\"https:\/\/sites.usp.br\/prolam\/wp-content\/uploads\/sites\/35\/2021\/01\/1_Politica-Sujeitos-e-Praticas.jpg\"><img loading=\"lazy\" decoding=\"async\" class=\" wp-image-5154 alignright\" src=\"https:\/\/sites.usp.br\/prolam\/wp-content\/uploads\/sites\/35\/2021\/01\/1_Politica-Sujeitos-e-Praticas-223x300.jpg\" alt=\"\" width=\"113\" height=\"148\" \/><\/a>Organiza\u00e7\u00e3o<br \/>\nJ\u00falio C\u00e9sar Suzuki<br \/>\nValterlei Borges de Ara\u00fajo<br \/>\nOscar Geraldo H\u00e9rnandez Lara<\/h3>\n<h3><\/h3>\n<p><\/p>","protected":false},"excerpt":{"rendered":"<p>Psicologia Escolar e Pol\u00edticas P\u00fablicas para a Educa\u00e7\u00e3o B\u00e1sica na Am\u00e9rica Latina: pesquisas, impasses e desafios ORGANIZA\u00c7\u00c3O Marilene Proen\u00e7a Rebello de Souza PROLAM\/IP &#8211; Universidade de S\u00e3o Paulo &nbsp; Pol\u00edticas p\u00fablicas e pr\u00e1tica docente em pa\u00edses da Am\u00e9rica Latina ORGANIZA\u00c7\u00c3O &hellip; <a href=\"https:\/\/sites.usp.br\/prolam\/outras-publicacoes\/\">Continue reading <span class=\"meta-nav\">&rarr;<\/span><\/a><\/p>\n","protected":false},"author":754,"featured_media":0,"parent":0,"menu_order":4,"comment_status":"closed","ping_status":"closed","template":"","meta":{"footnotes":"","_links_to":"","_links_to_target":""},"class_list":["post-5134","page","type-page","status-publish","hentry"],"_links":{"self":[{"href":"https:\/\/sites.usp.br\/prolam\/wp-json\/wp\/v2\/pages\/5134","targetHints":{"allow":["GET"]}}],"collection":[{"href":"https:\/\/sites.usp.br\/prolam\/wp-json\/wp\/v2\/pages"}],"about":[{"href":"https:\/\/sites.usp.br\/prolam\/wp-json\/wp\/v2\/types\/page"}],"author":[{"embeddable":true,"href":"https:\/\/sites.usp.br\/prolam\/wp-json\/wp\/v2\/users\/754"}],"replies":[{"embeddable":true,"href":"https:\/\/sites.usp.br\/prolam\/wp-json\/wp\/v2\/comments?post=5134"}],"version-history":[{"count":4,"href":"https:\/\/sites.usp.br\/prolam\/wp-json\/wp\/v2\/pages\/5134\/revisions"}],"predecessor-version":[{"id":5243,"href":"https:\/\/sites.usp.br\/prolam\/wp-json\/wp\/v2\/pages\/5134\/revisions\/5243"}],"wp:attachment":[{"href":"https:\/\/sites.usp.br\/prolam\/wp-json\/wp\/v2\/media?parent=5134"}],"curies":[{"name":"wp","href":"https:\/\/api.w.org\/{rel}","templated":true}]}}