{"id":975,"date":"2016-01-14T06:48:58","date_gmt":"2016-01-14T08:48:58","guid":{"rendered":"http:\/\/sites.usp.br\/prolam\/?page_id=975"},"modified":"2019-05-05T14:32:54","modified_gmt":"2019-05-05T17:32:54","slug":"ouvintes-com-certificado","status":"publish","type":"page","link":"https:\/\/sites.usp.br\/prolam\/ouvintes-com-certificado\/","title":{"rendered":"Ouvintes com certificado"},"content":{"rendered":"<p><\/p>\n<p style=\"text-align: justify;\">\u00c9 poss\u00edvel participar de todas as atividades do Congresso (\u00e0 exce\u00e7\u00e3o dos Cursos de Curta Dura\u00e7\u00e3o) sem se inscrever, mas caso deseje receber um <strong>Certificado como Ouvinte<\/strong> (45 horas de atividade), ser\u00e1 necess\u00e1rio cumprir alguns procedimentos:<\/p>\n<p style=\"text-align: justify;\"><span style=\"text-decoration: underline; color: #000000;\"><strong>1. Sobre a Inscri\u00e7\u00e3o:<\/strong><\/span><br \/>\n(a) As inscri\u00e7\u00f5es para os Ouvintes com Certificados estar\u00e3o abertas a partir do <strong>dia 20 de janeiro de 2019.<br \/>\n<\/strong>(b) as inscri\u00e7\u00f5es poder\u00e3o ser feitas presencialmente na Abertura do Congresso, <strong>no dia 6 de maio de 2019<\/strong>. <strong><br \/>\n<\/strong>(c) a taxa de inscri\u00e7\u00e3o \u00e9 de <strong><span style=\"color: #ff0000;\">R$ 30,00<br \/>\n<\/span><\/strong>(d) ap\u00f3s realizar a inscri\u00e7\u00e3o (link abaixo) envie o comprovante de dep\u00f3sito para prolam_usp@usp.br.<br \/>\n(e) para receber o Certificado de Ouvinte no Congresso dever\u00e1 ter presen\u00e7a m\u00ednima em <strong>75% nas atividades do Congresso<\/strong>. A presen\u00e7a ser\u00e1 comprovada pela assinatura nas listas de presen\u00e7a nos Semin\u00e1rios de Pesquisa, e tamb\u00e9m nas Palestras e Mesas Redondas do Simp\u00f3sio.<br \/>\n(f) Os certificados ser\u00e3o enviados por email, ap\u00f3s o evento.<\/p>\n<div class=\"entry-content\"><\/div>\n<div class=\"entry-content\"><span style=\"color: #ff0000;\">As inscri\u00e7\u00f5es online j\u00e1 foram encerradas. Mas a partir do dia 6 de maio, poder\u00e1 realizar sua inscri\u00e7\u00e3o presencialmente no Hall de Credenciamento do I CIPPAL\/III SIPPAL.<\/span><\/div>\n<p style=\"text-align: justify;\">\n<p><\/p>","protected":false},"excerpt":{"rendered":"<p>\u00c9 poss\u00edvel participar de todas as atividades do Congresso (\u00e0 exce\u00e7\u00e3o dos Cursos de Curta Dura\u00e7\u00e3o) sem se inscrever, mas caso deseje receber um Certificado como Ouvinte (45 horas de atividade), ser\u00e1 necess\u00e1rio cumprir alguns procedimentos: 1. Sobre a Inscri\u00e7\u00e3o: &hellip; <a href=\"https:\/\/sites.usp.br\/prolam\/ouvintes-com-certificado\/\">Continue reading <span class=\"meta-nav\">&rarr;<\/span><\/a><\/p>\n","protected":false},"author":45,"featured_media":0,"parent":0,"menu_order":5,"comment_status":"closed","ping_status":"closed","template":"","meta":{"footnotes":"","_links_to":"","_links_to_target":""},"class_list":["post-975","page","type-page","status-publish","hentry"],"_links":{"self":[{"href":"https:\/\/sites.usp.br\/prolam\/wp-json\/wp\/v2\/pages\/975","targetHints":{"allow":["GET"]}}],"collection":[{"href":"https:\/\/sites.usp.br\/prolam\/wp-json\/wp\/v2\/pages"}],"about":[{"href":"https:\/\/sites.usp.br\/prolam\/wp-json\/wp\/v2\/types\/page"}],"author":[{"embeddable":true,"href":"https:\/\/sites.usp.br\/prolam\/wp-json\/wp\/v2\/users\/45"}],"replies":[{"embeddable":true,"href":"https:\/\/sites.usp.br\/prolam\/wp-json\/wp\/v2\/comments?post=975"}],"version-history":[{"count":7,"href":"https:\/\/sites.usp.br\/prolam\/wp-json\/wp\/v2\/pages\/975\/revisions"}],"predecessor-version":[{"id":4716,"href":"https:\/\/sites.usp.br\/prolam\/wp-json\/wp\/v2\/pages\/975\/revisions\/4716"}],"wp:attachment":[{"href":"https:\/\/sites.usp.br\/prolam\/wp-json\/wp\/v2\/media?parent=975"}],"curies":[{"name":"wp","href":"https:\/\/api.w.org\/{rel}","templated":true}]}}