{"id":977,"date":"2016-01-14T06:49:11","date_gmt":"2016-01-14T08:49:11","guid":{"rendered":"http:\/\/sites.usp.br\/prolam\/?page_id=977"},"modified":"2019-04-14T17:49:00","modified_gmt":"2019-04-14T20:49:00","slug":"ouvintes-sem-certificado","status":"publish","type":"page","link":"https:\/\/sites.usp.br\/prolam\/ouvintes-sem-certificado\/","title":{"rendered":"Ouvintes sem certificado"},"content":{"rendered":"<p><\/p>\n<p style=\"text-align: justify;\"><span class=\"color_1\">Essa modalidade de participa\u00e7\u00e3o permitir\u00e1 que os interessados acompanhem todas as atividades do Simp\u00f3sio e o Congresso (\u00e0 exce\u00e7\u00e3o dos Cursos de Curta Dura\u00e7\u00e3o), de forma <span style=\"text-decoration: underline;\"><strong>gratuita<\/strong><\/span>.<br \/>\n<\/span><\/p>\n<p style=\"text-align: justify;\">A inscri\u00e7\u00e3o nesta modalidade ser\u00e1 no dia do evento e com finalidade apenas de registro para as estat\u00edsticas do Simp\u00f3sio e do Congresso<br style=\"text-align: justify;\" \/><span class=\"color_1\">\u00a0<\/span><\/p>\n<p><\/p>","protected":false},"excerpt":{"rendered":"<p>Essa modalidade de participa\u00e7\u00e3o permitir\u00e1 que os interessados acompanhem todas as atividades do Simp\u00f3sio e o Congresso (\u00e0 exce\u00e7\u00e3o dos Cursos de Curta Dura\u00e7\u00e3o), de forma gratuita. A inscri\u00e7\u00e3o nesta modalidade ser\u00e1 no dia do evento e com finalidade apenas &hellip; <a href=\"https:\/\/sites.usp.br\/prolam\/ouvintes-sem-certificado\/\">Continue reading <span class=\"meta-nav\">&rarr;<\/span><\/a><\/p>\n","protected":false},"author":45,"featured_media":0,"parent":0,"menu_order":5,"comment_status":"closed","ping_status":"closed","template":"","meta":{"footnotes":"","_links_to":"","_links_to_target":""},"class_list":["post-977","page","type-page","status-publish","hentry"],"_links":{"self":[{"href":"https:\/\/sites.usp.br\/prolam\/wp-json\/wp\/v2\/pages\/977","targetHints":{"allow":["GET"]}}],"collection":[{"href":"https:\/\/sites.usp.br\/prolam\/wp-json\/wp\/v2\/pages"}],"about":[{"href":"https:\/\/sites.usp.br\/prolam\/wp-json\/wp\/v2\/types\/page"}],"author":[{"embeddable":true,"href":"https:\/\/sites.usp.br\/prolam\/wp-json\/wp\/v2\/users\/45"}],"replies":[{"embeddable":true,"href":"https:\/\/sites.usp.br\/prolam\/wp-json\/wp\/v2\/comments?post=977"}],"version-history":[{"count":4,"href":"https:\/\/sites.usp.br\/prolam\/wp-json\/wp\/v2\/pages\/977\/revisions"}],"predecessor-version":[{"id":4287,"href":"https:\/\/sites.usp.br\/prolam\/wp-json\/wp\/v2\/pages\/977\/revisions\/4287"}],"wp:attachment":[{"href":"https:\/\/sites.usp.br\/prolam\/wp-json\/wp\/v2\/media?parent=977"}],"curies":[{"name":"wp","href":"https:\/\/api.w.org\/{rel}","templated":true}]}}