{"id":1849,"date":"2025-04-05T20:36:31","date_gmt":"2025-04-05T23:36:31","guid":{"rendered":"https:\/\/sites.usp.br\/promuspp\/?page_id=1849"},"modified":"2026-02-20T16:58:58","modified_gmt":"2026-02-20T19:58:58","slug":"docentes","status":"publish","type":"page","link":"https:\/\/sites.usp.br\/promuspp\/docentes\/","title":{"rendered":"Docentes"},"content":{"rendered":"<h2><span style=\"color: #f77d08;\">Arte, M\u00eddia e Sociedade<\/span><\/h2>\n<div class=\"docente\"><strong>Ana Paula Garcia Spolon<\/strong><br \/>\nEmail: anapaulaspolon@usp.br<br \/>\nLattes: <a href=\"http:\/\/lattes.cnpq.br\/6925630903453508\" target=\"_blank\" rel=\"noopener\">Ver Lattes<\/a><\/div>\n<p>&nbsp;<\/p>\n<div class=\"docente\"><strong>Beatriz Helena Fonseca Ferreira Pires<\/strong><br \/>\nEmail: beatrizferreirapires@usp.br<br \/>\nLattes: <a href=\"http:\/\/lattes.cnpq.br\/2065686893216158\" target=\"_blank\" rel=\"noopener\">Ver Lattes<\/a><\/div>\n<p>&nbsp;<\/p>\n<div class=\"docente\"><strong>Dennis de Oliveira<\/strong><br \/>\nEmail: dennisol@usp.br<br \/>\nLattes: <a href=\"http:\/\/lattes.cnpq.br\/7499421629464858\" target=\"_blank\" rel=\"noopener\">Ver Lattes<\/a><\/div>\n<p>&nbsp;<\/p>\n<div class=\"docente\"><strong>Di\u00f3snio Machado Neto<\/strong><br \/>\nEmail: dmneto@usp.br<br \/>\nLattes: <a href=\"http:\/\/lattes.cnpq.br\/0602062190347329\" target=\"_blank\" rel=\"noopener\">Ver Lattes<\/a><\/div>\n<p>&nbsp;<\/p>\n<div class=\"docente\"><strong>Marilia Velardi<\/strong><br \/>\nEmail: marilia.velardi@usp.br<br \/>\nLattes: <a href=\"http:\/\/lattes.cnpq.br\/3899581671566950\" target=\"_blank\" rel=\"noopener\">Ver Lattes<\/a><\/div>\n<p>&nbsp;<\/p>\n<div class=\"docente\"><strong>Soraia Ansara<\/strong><br \/>\nEmail: soraiansara@gmail.com<br \/>\nLattes: <a href=\"http:\/\/lattes.cnpq.br\/1453881693931070\" target=\"_blank\" rel=\"noopener\">Ver Lattes<\/a><\/div>\n<p>&nbsp;<\/p>\n<div class=\"docente\"><strong>Tiaraju Pablo D&#8217;Andrea<\/strong><br \/>\nEmail: tiaraju.dandrea@usp.br<br \/>\nLattes: <a href=\"http:\/\/lattes.cnpq.br\/8070753587194833\" target=\"_blank\" rel=\"noopener\">Ver Lattes<\/a><\/div>\n<p>&nbsp;<\/p>\n<div class=\"docente\"><strong>Mariana Harumi Cruz Tsukamoto<\/strong><br \/>\nLattes: <a href=\"http:\/\/lattes.cnpq.br\/9523207351290596\" target=\"_blank\" rel=\"noopener\">Ver Lattes<\/a><\/div>\n<p>&nbsp;<\/p>\n<div class=\"docente\"><strong>Humberto Bersani<\/strong><br \/>\nLattes: <a href=\"http:\/\/lattes.cnpq.br\/5340307677364771\" target=\"_blank\" rel=\"noopener\">Ver Lattes<\/a><\/div>\n<p>&nbsp;<\/p>\n<h2><span style=\"color: #f77d08;\">Dimens\u00e3o Socioambiental, Patrim\u00f4nio e Pol\u00edticas Territoriais<\/span><\/h2>\n<div class=\"docente\"><strong>Diamantino Alves Correia Pereira<\/strong><br \/>\nEmail: diamantino@usp.br<br \/>\nLattes: <a href=\"http:\/\/lattes.cnpq.br\/6382751265861235\" target=\"_blank\" rel=\"noopener\">Ver Lattes<\/a><\/div>\n<p>&nbsp;<\/p>\n<div class=\"docente\"><strong>Silvia Helena Zanirato<\/strong><br \/>\nEmail: shzanirato@usp.br<br \/>\nLattes: <a href=\"http:\/\/lattes.cnpq.br\/7528395569826025\" target=\"_blank\" rel=\"noopener\">Ver Lattes<\/a><\/div>\n<p>&nbsp;<\/p>\n<div class=\"docente\"><strong>Marcos Bernardino de Carvalho<\/strong><br \/>\nEmail: mbcarvalho@usp.br<br \/>\nLattes: <a href=\"http:\/\/lattes.cnpq.br\/5486102743874724\" target=\"_blank\" rel=\"noopener\">Ver Lattes<\/a><\/div>\n<p>&nbsp;<\/p>\n<div class=\"docente\"><strong>Martin Jayo<\/strong><br \/>\nEmail: martijayomartin@gmail.com<br \/>\nLattes: <a href=\"http:\/\/lattes.cnpq.br\/9105014250584354\" target=\"_blank\" rel=\"noopener\">Ver Lattes<\/a><\/div>\n<p>&nbsp;<\/p>\n<div class=\"docente\"><strong>Rosely Aparecida Liguori Imbernon<\/strong><br \/>\nEmail: imbernon@usp.br<br \/>\nLattes: <a href=\"http:\/\/lattes.cnpq.br\/5609320945313608\" target=\"_blank\" rel=\"noopener\">Ver Lattes<\/a><\/div>\n<p>&nbsp;<\/p>\n<div class=\"docente\"><strong>S\u00edlvia Lopes Raimundo<\/strong><br \/>\nEmail: silvia.lopes@unifesp.br<br \/>\nLattes: <a href=\"http:\/\/lattes.cnpq.br\/6052585588650816\" target=\"_blank\" rel=\"noopener\">Ver Lattes<\/a><\/div>\n<p>&nbsp;<\/p>\n<div class=\"docente\"><strong>Sidnei Raimundo<\/strong><br \/>\nEmail: sraimundo@usp.br<br \/>\nLattes: <a href=\"http:\/\/lattes.cnpq.br\/0352060547192132\" target=\"_blank\" rel=\"noopener\">Ver Lattes<\/a><\/div>\n<p>&nbsp;<\/p>\n<div class=\"docente\"><strong>Reinaldo Tadeu Boscolo Pacheco<\/strong><br \/>\nLattes: <a href=\"http:\/\/lattes.cnpq.br\/4874655352141694\" target=\"_blank\" rel=\"noopener\">Ver Lattes<\/a><\/div>\n<p>&nbsp;<\/p>\n<div class=\"docente\"><strong>Yasmin Xavier Guimar\u00e3es Nasri<\/strong><br \/>\nLattes: <a href=\"http:\/\/lattes.cnpq.br\/1557601362682295\" target=\"_blank\" rel=\"noopener\">Ver Lattes<\/a><\/div>\n<p>&nbsp;<\/p>\n<h2><span style=\"color: #f77d08;\">Educa\u00e7\u00e3o, Sa\u00fade e Marcadores Sociais da Diferen\u00e7a<\/span><\/h2>\n<div class=\"docente\"><strong>Ana Paula Garcia Spolon<\/strong><br \/>\nEmail: anapaulaspolon@usp.br<br \/>\nLattes: <a href=\"http:\/\/lattes.cnpq.br\/6925630903453508\" target=\"_blank\" rel=\"noopener\">Ver Lattes<\/a><\/div>\n<p>&nbsp;<\/p>\n<div class=\"docente\"><strong>Claudia Medeiros de Castro<\/strong><br \/>\nEmail: claudia.medeiros@usp.br<br \/>\nLattes: <a href=\"http:\/\/lattes.cnpq.br\/9984741859219958\" target=\"_blank\" rel=\"noopener\">Ver Lattes<\/a><\/div>\n<p>&nbsp;<\/p>\n<div class=\"docente\"><strong>Cristiane Kerches da Silva Leite<\/strong><br \/>\nEmail: crisk@usp.br<br \/>\nLattes: <a href=\"http:\/\/lattes.cnpq.br\/1726323529785875\" target=\"_blank\" rel=\"noopener\">Ver Lattes<\/a><\/div>\n<p>&nbsp;<\/p>\n<div class=\"docente\"><strong>Dennis de Oliveira<\/strong><br \/>\nEmail: dennisol@usp.br<br \/>\nLattes: <a href=\"http:\/\/lattes.cnpq.br\/7499421629464858\" target=\"_blank\" rel=\"noopener\">Ver Lattes<\/a><\/div>\n<p>&nbsp;<\/p>\n<div class=\"docente\"><strong>Douglas Roque Andrade<\/strong><br \/>\nEmail: douglas.andrade@usp.br<br \/>\nLattes: <a href=\"http:\/\/lattes.cnpq.br\/2723834613632963\" target=\"_blank\" rel=\"noopener\">Ver Lattes<\/a><\/div>\n<p>&nbsp;<\/p>\n<div class=\"docente\"><strong>Elizabete Franco Cruz<\/strong><br \/>\nEmail: betefranco@usp.br<br \/>\nLattes: <a href=\"http:\/\/lattes.cnpq.br\/3925214428147723\" target=\"_blank\" rel=\"noopener\">Ver Lattes<\/a><\/div>\n<p>&nbsp;<\/p>\n<div class=\"docente\"><strong>Juliana Pedreschi Rodrigues<\/strong><br \/>\nEmail: julianaprodrigues@usp.br<br \/>\nLattes: <a href=\"http:\/\/lattes.cnpq.br\/4508153964423486\" target=\"_blank\" rel=\"noopener\">Ver Lattes<\/a><\/div>\n<p>&nbsp;<\/p>\n<div class=\"docente\"><strong>Marilia Velardi<\/strong><br \/>\nEmail: marilia.velardi@usp.br<br \/>\nLattes: <a href=\"http:\/\/lattes.cnpq.br\/3899581671566950\" target=\"_blank\" rel=\"noopener\">Ver Lattes<\/a><\/div>\n<p>&nbsp;<\/p>\n<div class=\"docente\"><strong>Patr\u00edcia Junqueira Grandino<\/strong><br \/>\nEmail: patjg@uol.com.br<br \/>\nLattes: <a href=\"http:\/\/lattes.cnpq.br\/3943141220590838\" target=\"_blank\" rel=\"noopener\">Ver Lattes<\/a><\/div>\n<p>&nbsp;<\/p>\n<div class=\"docente\"><strong>Mariana Harumi Cruz Tsukamoto<\/strong><br \/>\nLattes: <a href=\"http:\/\/lattes.cnpq.br\/9523207351290596\" target=\"_blank\" rel=\"noopener\">Ver Lattes<\/a><\/div>\n<p>&nbsp;<\/p>\n<h2><span style=\"color: #f77d08;\">Pol\u00edticas P\u00fablicas e Gest\u00e3o Participativa<\/span><\/h2>\n<div class=\"docente\"><strong>Ana Paula Fracalanza<\/strong><br \/>\nEmail: fracalan@usp.br<br \/>\nLattes: <a href=\"http:\/\/lattes.cnpq.br\/2494379445883981\" target=\"_blank\" rel=\"noopener\">Ver Lattes<\/a><\/div>\n<p>&nbsp;<\/p>\n<div class=\"docente\"><strong>Cristiane Kerches da Silva Leite<\/strong><br \/>\nEmail: crisk@usp.br<br \/>\nLattes: <a href=\"http:\/\/lattes.cnpq.br\/1726323529785875\" target=\"_blank\" rel=\"noopener\">Ver Lattes<\/a><\/div>\n<p>&nbsp;<\/p>\n<div class=\"docente\"><strong>Cynthia Harumy Watanabe Correa<\/strong><br \/>\nEmail: cynthiacorrea@usp.br<br \/>\nLattes: <a href=\"http:\/\/lattes.cnpq.br\/1346087751399245\" target=\"_blank\" rel=\"noopener\">Ver Lattes<\/a><\/div>\n<p>&nbsp;<\/p>\n<div class=\"docente\"><strong>Dennis de Oliveira<\/strong><br \/>\nEmail: dennisol@usp.br<br \/>\nLattes: <a href=\"http:\/\/lattes.cnpq.br\/7499421629464858\" target=\"_blank\" rel=\"noopener\">Ver Lattes<\/a><\/div>\n<p>&nbsp;<\/p>\n<div class=\"docente\"><strong>Douglas Roque Andrade<\/strong><br \/>\nEmail: douglas.andrade@usp.br<br \/>\nLattes: <a href=\"http:\/\/lattes.cnpq.br\/2723834613632963\" target=\"_blank\" rel=\"noopener\">Ver Lattes<\/a><\/div>\n<p>&nbsp;<\/p>\n<div class=\"docente\"><strong>Gisele da Silva Craveiro<\/strong><br \/>\nEmail: giselesc@usp.br<br \/>\nLattes: <a href=\"http:\/\/lattes.cnpq.br\/0361123363747622\" target=\"_blank\" rel=\"noopener\">Ver Lattes<\/a><\/div>\n<p>&nbsp;<\/p>\n<div class=\"docente\"><strong>Jorge Alberto Silva Machado Villanueva<\/strong><br \/>\nEmail: machado@usp.br<br \/>\nLattes: <a href=\"http:\/\/lattes.cnpq.br\/5298715034259109\" target=\"_blank\" rel=\"noopener\">Ver Lattes<\/a><\/div>\n<p>&nbsp;<\/p>\n<div class=\"docente\"><strong>Marcelo Vilela de Almeida<\/strong><br \/>\nEmail: marcelovilela@usp.br<br \/>\nLattes: <a href=\"http:\/\/lattes.cnpq.br\/1260511786174023\" target=\"_blank\" rel=\"noopener\">Ver Lattes<\/a><\/div>\n<p>&nbsp;<\/p>\n<div class=\"docente\"><strong>Marco Antonio Bettine de Almeida<\/strong><br \/>\nEmail: marcobettine@usp.br<br \/>\nLattes: <a href=\"http:\/\/lattes.cnpq.br\/7182630037303885\" target=\"_blank\" rel=\"noopener\">Ver Lattes<\/a><\/div>\n<p>&nbsp;<\/p>\n<div class=\"docente\"><strong>Martin Jayo<\/strong><br \/>\nEmail: martijayomartin@gmail.com<br \/>\nLattes: <a href=\"http:\/\/lattes.cnpq.br\/9105014250584354\" target=\"_blank\" rel=\"noopener\">Ver Lattes<\/a><\/div>\n<p>&nbsp;<\/p>\n<div class=\"docente\"><strong>Ricardo Barbosa da Silva<\/strong><br \/>\nEmail: rbsilva@unifesp.br<br \/>\nLattes: <a href=\"http:\/\/lattes.cnpq.br\/4112942529984787\" target=\"_blank\" rel=\"noopener\">Ver Lattes<\/a><\/div>\n<p>&nbsp;<\/p>\n<div class=\"docente\"><strong>Soraia Ansara<\/strong><br \/>\nEmail: soraiansara@gmail.com<br \/>\nLattes: <a href=\"http:\/\/lattes.cnpq.br\/1453881693931070\" target=\"_blank\" rel=\"noopener\">Ver Lattes<\/a><\/div>\n<p>&nbsp;<\/p>\n<div class=\"docente\"><strong>Wagner Tadeu Iglecias<\/strong><br \/>\nEmail: wi6@usp.br<br \/>\nLattes: <a href=\"http:\/\/lattes.cnpq.br\/7544044925864987\" target=\"_blank\" rel=\"noopener\">Ver Lattes<\/a><\/div>\n<p>&nbsp;<\/p>\n<div class=\"docente\"><strong>Humberto Bersani<\/strong><br \/>\nLattes: <a href=\"http:\/\/lattes.cnpq.br\/5340307677364771\" target=\"_blank\" rel=\"noopener\">Ver Lattes<\/a><\/div>\n<p>&nbsp;<\/p>\n<div class=\"docente\"><strong>Reinaldo Tadeu Boscolo Pacheco<\/strong><br \/>\nLattes: <a href=\"http:\/\/lattes.cnpq.br\/4874655352141694\" target=\"_blank\" rel=\"noopener\">Ver Lattes<\/a><\/div>\n<p>&nbsp;<\/p>\n<div class=\"docente\"><strong>Yasmin Xavier Guimar\u00e3es Nasri<\/strong><br \/>\nLattes: <a href=\"http:\/\/lattes.cnpq.br\/1557601362682295\" target=\"_blank\" rel=\"noopener\">Ver Lattes<\/a><\/div>\n<p>&nbsp;<\/p>\n","protected":false},"excerpt":{"rendered":"<p>Arte, M\u00eddia e Sociedade Ana Paula Garcia Spolon Email: anapaulaspolon@usp.br Lattes: Ver Lattes &nbsp; Beatriz Helena Fonseca Ferreira Pires Email: beatrizferreirapires@usp.br Lattes: Ver Lattes &nbsp; Dennis de Oliveira Email: dennisol@usp.br Lattes: Ver Lattes &nbsp; Di\u00f3snio Machado Neto Email: dmneto@usp.br Lattes: Ver Lattes &nbsp; Marilia Velardi Email: marilia.velardi@usp.br Lattes: Ver Lattes &nbsp; Soraia Ansara Email: soraiansara@gmail.com Lattes: Ver Lattes &nbsp; Tiaraju Pablo D&#8217;Andrea Email: tiaraju.dandrea@usp.br Lattes: Ver Lattes &nbsp; Mariana Harumi Cruz Tsukamoto Lattes: Ver Lattes &nbsp; Humberto Bersani Lattes: Ver Lattes &nbsp; Dimens\u00e3o Socioambiental, Patrim\u00f4nio e Pol\u00edticas Territoriais Diamantino Alves Correia Pereira Email: diamantino@usp.br Lattes: Ver Lattes &nbsp; Silvia Helena Zanirato Email: shzanirato@usp.br Lattes: Ver Lattes &nbsp; Marcos Bernardino de Carvalho Email: mbcarvalho@usp.br Lattes: Ver Lattes &nbsp; Martin Jayo Email: martijayomartin@gmail.com Lattes: Ver Lattes &nbsp; Rosely Aparecida Liguori Imbernon Email: imbernon@usp.br Lattes: Ver Lattes &nbsp; S\u00edlvia Lopes Raimundo Email: silvia.lopes@unifesp.br Lattes: Ver Lattes &nbsp; Sidnei Raimundo Email: sraimundo@usp.br Lattes: Ver Lattes &nbsp; Reinaldo Tadeu Boscolo Pacheco Lattes: Ver Lattes &nbsp; Yasmin Xavier Guimar\u00e3es Nasri Lattes: Ver Lattes &nbsp; Educa\u00e7\u00e3o, Sa\u00fade e Marcadores Sociais da Diferen\u00e7a Ana Paula Garcia Spolon Email: anapaulaspolon@usp.br Lattes: Ver Lattes &nbsp; Claudia Medeiros de Castro Email: claudia.medeiros@usp.br Lattes: Ver Lattes &nbsp; Cristiane Kerches da Silva Leite [&#8230;]<\/p>\n","protected":false},"author":369,"featured_media":0,"parent":0,"menu_order":0,"comment_status":"closed","ping_status":"closed","template":"","meta":{"footnotes":"","_links_to":"","_links_to_target":""},"class_list":["post-1849","page","type-page","status-publish","hentry"],"_links":{"self":[{"href":"https:\/\/sites.usp.br\/promuspp\/wp-json\/wp\/v2\/pages\/1849","targetHints":{"allow":["GET"]}}],"collection":[{"href":"https:\/\/sites.usp.br\/promuspp\/wp-json\/wp\/v2\/pages"}],"about":[{"href":"https:\/\/sites.usp.br\/promuspp\/wp-json\/wp\/v2\/types\/page"}],"author":[{"embeddable":true,"href":"https:\/\/sites.usp.br\/promuspp\/wp-json\/wp\/v2\/users\/369"}],"replies":[{"embeddable":true,"href":"https:\/\/sites.usp.br\/promuspp\/wp-json\/wp\/v2\/comments?post=1849"}],"version-history":[{"count":5,"href":"https:\/\/sites.usp.br\/promuspp\/wp-json\/wp\/v2\/pages\/1849\/revisions"}],"predecessor-version":[{"id":2020,"href":"https:\/\/sites.usp.br\/promuspp\/wp-json\/wp\/v2\/pages\/1849\/revisions\/2020"}],"wp:attachment":[{"href":"https:\/\/sites.usp.br\/promuspp\/wp-json\/wp\/v2\/media?parent=1849"}],"curies":[{"name":"wp","href":"https:\/\/api.w.org\/{rel}","templated":true}]}}