{"id":125,"date":"2015-03-26T13:26:01","date_gmt":"2015-03-26T15:26:01","guid":{"rendered":"http:\/\/sites.usp.br\/proteomics\/?page_id=125"},"modified":"2020-02-08T19:16:52","modified_gmt":"2020-02-08T22:16:52","slug":"openings","status":"publish","type":"page","link":"https:\/\/sites.usp.br\/proteomics\/openings\/","title":{"rendered":"Oportunidades"},"content":{"rendered":"<img loading=\"lazy\" decoding=\"async\" class=\"wp-image-1004 size-medium alignleft\" src=\"https:\/\/sites.usp.br\/proteomics\/wp-content\/uploads\/sites\/38\/2019\/12\/Asset-3@4x-100-216x300.jpg\" alt=\"\" width=\"216\" height=\"300\" srcset=\"https:\/\/sites.usp.br\/proteomics\/wp-content\/uploads\/sites\/38\/2019\/12\/Asset-3@4x-100-216x300.jpg 216w, https:\/\/sites.usp.br\/proteomics\/wp-content\/uploads\/sites\/38\/2019\/12\/Asset-3@4x-100-738x1024.jpg 738w, https:\/\/sites.usp.br\/proteomics\/wp-content\/uploads\/sites\/38\/2019\/12\/Asset-3@4x-100-768x1065.jpg 768w, https:\/\/sites.usp.br\/proteomics\/wp-content\/uploads\/sites\/38\/2019\/12\/Asset-3@4x-100-1107x1536.jpg 1107w, https:\/\/sites.usp.br\/proteomics\/wp-content\/uploads\/sites\/38\/2019\/12\/Asset-3@4x-100-1476x2048.jpg 1476w, https:\/\/sites.usp.br\/proteomics\/wp-content\/uploads\/sites\/38\/2019\/12\/Asset-3@4x-100-400x555.jpg 400w, https:\/\/sites.usp.br\/proteomics\/wp-content\/uploads\/sites\/38\/2019\/12\/Asset-3@4x-100-scaled.jpg 1845w\" sizes=\"auto, (max-width: 216px) 100vw, 216px\" \/><\/p>\n<p>O Laborat\u00f3rio de Glicoprote\u00f4mica oferece oportunidades para alunos de inicia\u00e7\u00e3o cient\u00edfica, mestrandos, doutorandos e posdocs.<\/p>\n<p>Nosso time trabalha em uma ambiente multidisciplinar, din\u00e2mico e cooperativo. Nossas colabora\u00e7\u00f5es, tanto nacionais quanto internacionais, possibilitam ainda mais experiencias de aprendizado e networking com colegas de diferentes nacionalidades.<\/p>\n<p>Buscamos pessoas curiosas e motivadas, com grande interesse por ci\u00eancia.<\/p>\n<p>&nbsp;<\/p>\n<p style=\"text-align: center;\"><strong>&#8230;<\/strong><\/p>\n<p style=\"text-align: center;\"><strong>VAGAS PARA ALUNOS DE MESTRADO E DOUTORADO<\/strong><\/p>\n<p style=\"text-align: center;\">(bolsas de mestrado e doutorado dispon\u00edveis trav\u00e9s de processo seletivo)<\/p>\n<p style=\"text-align: center;\"><b>Projeto: DOEN\u00c7A DE CHAGAS NO ALVO ATRAV\u00c9S DA INIBI\u00c7\u00c3O DA MAQUINARIA DE GLICOSILA\u00c7\u00c3O DE TRYPANOSOMA CRUZI<\/b><\/p>\n<p><img loading=\"lazy\" decoding=\"async\" class=\"aligncenter wp-image-1193 size-full\" src=\"https:\/\/sites.usp.br\/proteomics\/wp-content\/uploads\/sites\/38\/2020\/02\/Vacancy_MasterPhd2020-scaled.png\" alt=\"\" width=\"2198\" height=\"2560\" srcset=\"https:\/\/sites.usp.br\/proteomics\/wp-content\/uploads\/sites\/38\/2020\/02\/Vacancy_MasterPhd2020-scaled.png 2198w, https:\/\/sites.usp.br\/proteomics\/wp-content\/uploads\/sites\/38\/2020\/02\/Vacancy_MasterPhd2020-258x300.png 258w, https:\/\/sites.usp.br\/proteomics\/wp-content\/uploads\/sites\/38\/2020\/02\/Vacancy_MasterPhd2020-879x1024.png 879w, https:\/\/sites.usp.br\/proteomics\/wp-content\/uploads\/sites\/38\/2020\/02\/Vacancy_MasterPhd2020-768x894.png 768w, https:\/\/sites.usp.br\/proteomics\/wp-content\/uploads\/sites\/38\/2020\/02\/Vacancy_MasterPhd2020-1319x1536.png 1319w, https:\/\/sites.usp.br\/proteomics\/wp-content\/uploads\/sites\/38\/2020\/02\/Vacancy_MasterPhd2020-1758x2048.png 1758w, https:\/\/sites.usp.br\/proteomics\/wp-content\/uploads\/sites\/38\/2020\/02\/Vacancy_MasterPhd2020-400x466.png 400w\" sizes=\"auto, (max-width: 2198px) 100vw, 2198px\" \/><\/p>\n<p><a href=\"https:\/\/sites.usp.br\/proteomics\/wp-content\/uploads\/sites\/38\/2020\/02\/contacusSymbolAsset-1SPSAS-GLYC.png\"><img loading=\"lazy\" decoding=\"async\" class=\"aligncenter wp-image-1194\" src=\"https:\/\/sites.usp.br\/proteomics\/wp-content\/uploads\/sites\/38\/2020\/02\/contacusSymbolAsset-1SPSAS-GLYC-300x116.png\" alt=\"\" width=\"200\" height=\"78\" srcset=\"https:\/\/sites.usp.br\/proteomics\/wp-content\/uploads\/sites\/38\/2020\/02\/contacusSymbolAsset-1SPSAS-GLYC-300x116.png 300w, https:\/\/sites.usp.br\/proteomics\/wp-content\/uploads\/sites\/38\/2020\/02\/contacusSymbolAsset-1SPSAS-GLYC.png 356w\" sizes=\"auto, (max-width: 200px) 100vw, 200px\" \/><\/a>","protected":false},"excerpt":{"rendered":"<p>O Laborat\u00f3rio de Glicoprote\u00f4mica oferece oportunidades para alunos de inicia\u00e7\u00e3o cient\u00edfica, mestrandos, doutorandos e posdocs. Nosso time trabalha em uma ambiente multidisciplinar, din\u00e2mico e cooperativo. Nossas colabora\u00e7\u00f5es, tanto nacionais quanto internacionais, possibilitam ainda mais experiencias de aprendizado e networking com &hellip; <a href=\"https:\/\/sites.usp.br\/proteomics\/openings\/\">Continue reading <span class=\"meta-nav\">&rarr;<\/span><\/a><\/p>\n","protected":false},"author":77,"featured_media":0,"parent":0,"menu_order":17,"comment_status":"closed","ping_status":"closed","template":"","meta":{"footnotes":"","_links_to":"","_links_to_target":""},"class_list":["post-125","page","type-page","status-publish","hentry"],"_links":{"self":[{"href":"https:\/\/sites.usp.br\/proteomics\/wp-json\/wp\/v2\/pages\/125","targetHints":{"allow":["GET"]}}],"collection":[{"href":"https:\/\/sites.usp.br\/proteomics\/wp-json\/wp\/v2\/pages"}],"about":[{"href":"https:\/\/sites.usp.br\/proteomics\/wp-json\/wp\/v2\/types\/page"}],"author":[{"embeddable":true,"href":"https:\/\/sites.usp.br\/proteomics\/wp-json\/wp\/v2\/users\/77"}],"replies":[{"embeddable":true,"href":"https:\/\/sites.usp.br\/proteomics\/wp-json\/wp\/v2\/comments?post=125"}],"version-history":[{"count":5,"href":"https:\/\/sites.usp.br\/proteomics\/wp-json\/wp\/v2\/pages\/125\/revisions"}],"predecessor-version":[{"id":1199,"href":"https:\/\/sites.usp.br\/proteomics\/wp-json\/wp\/v2\/pages\/125\/revisions\/1199"}],"wp:attachment":[{"href":"https:\/\/sites.usp.br\/proteomics\/wp-json\/wp\/v2\/media?parent=125"}],"curies":[{"name":"wp","href":"https:\/\/api.w.org\/{rel}","templated":true}]}}