{"id":159,"date":"2014-05-13T12:34:53","date_gmt":"2014-05-13T15:34:53","guid":{"rendered":"http:\/\/sites.usp.br\/prp\/?page_id=159"},"modified":"2016-06-13T14:00:21","modified_gmt":"2016-06-13T17:00:21","slug":"bioterios","status":"publish","type":"page","link":"https:\/\/sites.usp.br\/prp\/bioterios","title":{"rendered":"Biot\u00e9rios"},"content":{"rendered":"<p><strong>Programa de Apoio aos Biot\u00e9rios da USP<\/strong><\/p>\n<p>A Pr\u00f3-Reitoria de Pesquisa (PRP) gerencia os recursos anualmente destinados pela Comiss\u00e3o de Or\u00e7amento e Patrim\u00f4nio para aperfei\u00e7oamento da Rede de Biot\u00e9rios da Universidade. A destina\u00e7\u00e3o desses recursos \u00e9 decidida pela Comiss\u00e3o Assessora da Pr\u00f3-Reitoria para assuntos de biot\u00e9rios composta por membros designados pela Pr\u00f3-Reitora de Pesquisa.<\/p>\n<p><strong><a href=\"http:\/\/www.prp.usp.br\/wp-content\/uploads\/sites\/33\/2014\/05\/Edital-2015-bioterios.pdf\" target=\"_blank\">Edital 2015<\/a><\/strong><\/p>\n<p><a href=\"http:\/\/www.prp.usp.br\/wp-content\/uploads\/sites\/33\/2014\/05\/Edital-2015-tutorial.doc\" target=\"_blank\">Tutorial<\/a><\/p>\n<p><a href=\"http:\/\/www.prp.usp.br\/wp-content\/uploads\/sites\/33\/2014\/05\/Edital-2015-info-complementar.doc\" target=\"_blank\">Informa\u00e7\u00e3o Complementar<\/a><\/p>\n<p><a href=\"http:\/\/www.prp.usp.br\/wp-content\/uploads\/sites\/33\/2014\/05\/resultado-do-edital-biot\u00e9rios-2015.pdf\" target=\"_blank\">Resultado Edital 2015 \u2013 Programa de Apoio a Biot\u00e9rios Cadastrados na PRP<\/a><\/p>\n<p>&nbsp;<\/p>\n<p><strong>REDE DE BIOT\u00c9RIOS DA USP<\/strong><\/p>\n<p><a title=\"Centro de Bioterismo da FMUSP\" href=\"http:\/\/biot.fm.usp.br\/\" target=\"_blank\">Centro de Bioterismo da FMUSP<\/a><\/p>\n<p><a title=\"Servi\u00e7o de Biot\u00e9rio da Prefeitura do Campus USP de Ribeir\u00e3o Preto\" href=\"http:\/\/www.prefeiturarp.usp.br\/pages\/bioterio\" target=\"_blank\">Servi\u00e7o de Biot\u00e9rio da Prefeitura do Campus USP de Ribeir\u00e3o Preto<\/a><\/p>\n<p><a href=\"http:\/\/www3.icb.usp.br\/corpoeditorial\/index.php?option=com_content&amp;view=article&amp;id=1074&amp;Itemid=284\" target=\"_blank\">Biot\u00e9rio de Produ\u00e7\u00e3o de Ratos do ICB<\/a><\/p>\n<p><a href=\"http:\/\/www3.icb.usp.br\/corpoeditorial\/index.php?option=com_content&amp;view=article&amp;id=1078&amp;Itemid=285\" target=\"_blank\">Biot\u00e9rio de Matrizes de Camundongos do ICB<\/a><\/p>\n<p>Centro de Cria\u00e7\u00e3o de Camundongos Especiais da FMRP<\/p>\n<p>(em constru\u00e7\u00e3o)<\/p>\n<p>&nbsp;<\/p>\n<p><strong>Normas<\/strong><\/p>\n<p><a href=\"http:\/\/www.leginf.usp.br\/?resolucao=resolucao-copq-no-6440-de-17-de-outubro-de-2012\" target=\"_blank\">Resolu\u00e7\u00e3o do Conselho de Pesquisa n\u00ba\u00a06440 de 17 de outubro de 2012<\/a>: disp\u00f5e sobre a cria\u00e7\u00e3o da Coordena\u00e7\u00e3o da Rede de Biot\u00e9rios da USP.<\/p>\n<p>&nbsp;<\/p>\n<p><strong><a title=\"Downloads anteriores \u2013 Biot\u00e9rios\" href=\"http:\/\/www.prp.usp.br\/programas\/bioterios\/downloads-anteriores-bioterios\/\">Downloads &#8211; editais anteriores<\/a><\/strong><\/p>\n","protected":false},"excerpt":{"rendered":"<p>Programa de Apoio aos Biot\u00e9rios da USP A Pr\u00f3-Reitoria de Pesquisa (PRP) gerencia os recursos anualmente destinados pela Comiss\u00e3o de Or\u00e7amento e Patrim\u00f4nio para aperfei\u00e7oamento da Rede de Biot\u00e9rios da Universidade. A destina\u00e7\u00e3o desses recursos \u00e9 decidida pela Comiss\u00e3o Assessora da Pr\u00f3-Reitoria para assuntos de biot\u00e9rios composta por membros designados pela Pr\u00f3-Reitora de Pesquisa. Edital<a href=\"https:\/\/sites.usp.br\/prp\/bioterios\">[&#8230;]<\/a><\/p>\n","protected":false},"author":1,"featured_media":0,"parent":0,"menu_order":0,"comment_status":"closed","ping_status":"closed","template":"","meta":{"footnotes":"","_links_to":"","_links_to_target":""},"class_list":["post-159","page","type-page","status-publish","hentry"],"_links":{"self":[{"href":"https:\/\/sites.usp.br\/prp\/wp-json\/wp\/v2\/pages\/159","targetHints":{"allow":["GET"]}}],"collection":[{"href":"https:\/\/sites.usp.br\/prp\/wp-json\/wp\/v2\/pages"}],"about":[{"href":"https:\/\/sites.usp.br\/prp\/wp-json\/wp\/v2\/types\/page"}],"author":[{"embeddable":true,"href":"https:\/\/sites.usp.br\/prp\/wp-json\/wp\/v2\/users\/1"}],"replies":[{"embeddable":true,"href":"https:\/\/sites.usp.br\/prp\/wp-json\/wp\/v2\/comments?post=159"}],"version-history":[{"count":7,"href":"https:\/\/sites.usp.br\/prp\/wp-json\/wp\/v2\/pages\/159\/revisions"}],"predecessor-version":[{"id":3822,"href":"https:\/\/sites.usp.br\/prp\/wp-json\/wp\/v2\/pages\/159\/revisions\/3822"}],"wp:attachment":[{"href":"https:\/\/sites.usp.br\/prp\/wp-json\/wp\/v2\/media?parent=159"}],"curies":[{"name":"wp","href":"https:\/\/api.w.org\/{rel}","templated":true}]}}