{"id":249,"date":"2017-06-05T11:07:06","date_gmt":"2017-06-05T14:07:06","guid":{"rendered":"http:\/\/sites.usp.br\/psi\/?page_id=249"},"modified":"2025-05-14T10:26:18","modified_gmt":"2025-05-14T13:26:18","slug":"iniciacao-cientifica","status":"publish","type":"page","link":"https:\/\/sites.usp.br\/psi\/graduacao\/iniciacao-cientifica\/","title":{"rendered":"Inicia\u00e7\u00e3o cient\u00edfica"},"content":{"rendered":"<p>O Departamento de Engenharia de Sistemas Eletr\u00f4nicos (PSI-EPUSP) oferece oportunidades de inicia\u00e7\u00e3o cient\u00edfica em \u00e1reas de engenharia el\u00e9trica que misturam hardware, software e inova\u00e7\u00e3o. Dentre as in\u00fameras \u00e1reas de atua\u00e7\u00e3o destacam-se as seguintes:<\/p>\n<p><span style=\"color: #333399;\"><strong>IC em Eletr\u00f4nica e Sistemas Embarcados<\/strong><\/span><\/p>\n<p>Sistemas Eletr\u00f4nicos Embarcados s\u00e3o combina\u00e7\u00f5es de <i>software<\/i> e <i>hardware<\/i> projetados para fun\u00e7\u00f5es espec\u00edficas, geralmente operando em tempo real, baixo consumo de energia, confiabilidade e conectividade.<\/p>\n<p><span style=\"color: #333399;\"><strong>IC em Sistemas Eletr\u00f4nicos Inteligentes<\/strong><\/span><\/p>\n<p>Os elementos de intelig\u00eancia de m\u00e1quina, aprendizado autom\u00e1tico e adaptabilidade s\u00e3o hoje partes integrantes dos sistemas eletr\u00f4nicos modernos. Os\u00a0principais elementos tem\u00e1ticos nessa\u00a0linha formativa s\u00e3o: Reconhecimento e Classifica\u00e7\u00e3o de Padr\u00f5es, Aprendizado\u00a0de M\u00e1quina, Redes Neurais, Tratamento e Reconhecimento de Imagens, Fus\u00e3o de Informa\u00e7\u00f5es Heterog\u00eaneas e T\u00e9cnicas de Otimiza\u00e7\u00e3o. A ideia \u00e9 abordar esses temas de forma integrada a sistemas eletr\u00f4nicos reais envolvendo informa\u00e7\u00f5es sonoras, visuais e multissensoriamento.<\/p>\n<p><strong><span style=\"color: #333399;\">IC em Sistemas de Comunica\u00e7\u00e3o \u00d3pticos e Micro-ondas<\/span><\/strong><\/p>\n<p>Sistemas \u00f3pticos e de micro-ondas s\u00e3o de elevada import\u00e2ncia para a forma\u00e7\u00e3o de engenheiros eletr\u00f4nicos, pois esses sistemas s\u00e3o empregados em \u00e1reas que passaram por grande amplia\u00e7\u00e3o nos \u00faltimos anos, incluindo sensoriamento remoto e etiquetas eletr\u00f4nicas.<\/p>\n<p><strong><span style=\"color: #333399;\">IC em T\u00e9cnicas de Processamento de Sinais<\/span><\/strong><\/p>\n<p>Processamento de sinais \u00e9 um conjunto de t\u00e9cnicas para tratamento de informa\u00e7\u00e3o, em suas mais variadas formas, como som, sinais de sensores ou imagens. S\u00e3o vistos tanto aspectos b\u00e1sicos de processamento de sinais (como filtragem linear, transformada de Fourier) quanto aspectos mais avanc\u0327ados, como processamento multitaxa e tratamento estat\u00edstico de incerteza (estima\u00e7\u00e3o, classifica\u00e7\u00e3o de padr\u00f5es, tratamento de ru\u00eddo), com aplica\u00e7\u00f5es como codifica\u00e7\u00e3o e reconhecimento de voz, cancelamento de eco, implementa\u00e7\u00e3o de algoritmos em aritm\u00e9tica de precis\u00e3o finita, dentre outras.<\/p>\n<p><strong><span style=\"color: #333399;\">IC em Projeto de Circuitos Integrados, Micro e Nano Eletr\u00f4nica<\/span><\/strong><\/p>\n<p>A linha de forma\u00e7\u00e3o de projeto de circuitos integrados, micro e nanoeletr\u00f4nica dar\u00e1 ao aluno uma vis\u00e3o atual das t\u00e9cnicas de projeto\/concep\u00e7\u00e3o, fabrica\u00e7\u00e3o e caracteriza\u00e7\u00e3o el\u00e9trica de circuitos integrados digitais e anal\u00f3gicos, que o habilita atuar tanto em pesquisa (p\u00f3s-gradua\u00e7\u00e3o) como em empresas da \u00e1rea no pa\u00eds (como a CEITEC, UNITEC, SMART, HTMicron, Freescale, Cadence, LSITec, etc.) e no exterior (como a IBM, Intel, STMicron, TSMC, Samsung, Qualcomm, etc).<\/p>\n<p>Para uma lista contendo v\u00e1rias oportunidades de IC no PSI-USP, acesse:<\/p>\n<p><a href=\"https:\/\/sites.usp.br\/psi\/wp-content\/uploads\/sites\/253\/2025\/05\/Lista-de-Iniciacao-Cientifica-do-PSI_2025.pdf\">Lista de Inicia\u00e7\u00e3o Cient\u00edfica do PSI<\/a><\/p>\n<p>O PSI tamb\u00e9m oferece oportunidades de visitas a seus laborat\u00f3rios de pesquisa em geral no 2o semestre de cada ano. Fique atento neste site \u00e0 divulga\u00e7\u00e3o dessa visita.<\/p>\n<p>&nbsp;<\/p>\n<p><span style=\"color: #333399;\"><strong>Contato:<\/strong><\/span><\/p>\n<p><strong>Prof. Cassio Guimar\u00e3es Lopes<\/strong><br \/>\nSala: D2-14<br \/>\nTel.: (11) 3091-5605<br \/>\ncassio.lopes@usp.br<\/p>\n<p>&nbsp;<\/p>\n","protected":false},"excerpt":{"rendered":"<p>O Departamento de Engenharia de Sistemas Eletr\u00f4nicos (PSI-EPUSP) oferece oportunidades de inicia\u00e7\u00e3o cient\u00edfica em \u00e1reas de engenharia el\u00e9trica que misturam&#46;&#46;&#46;<\/p>\n","protected":false},"author":415,"featured_media":0,"parent":64,"menu_order":0,"comment_status":"closed","ping_status":"closed","template":"","meta":{"footnotes":"","_links_to":"","_links_to_target":""},"class_list":["post-249","page","type-page","status-publish","hentry"],"_links":{"self":[{"href":"https:\/\/sites.usp.br\/psi\/wp-json\/wp\/v2\/pages\/249","targetHints":{"allow":["GET"]}}],"collection":[{"href":"https:\/\/sites.usp.br\/psi\/wp-json\/wp\/v2\/pages"}],"about":[{"href":"https:\/\/sites.usp.br\/psi\/wp-json\/wp\/v2\/types\/page"}],"author":[{"embeddable":true,"href":"https:\/\/sites.usp.br\/psi\/wp-json\/wp\/v2\/users\/415"}],"replies":[{"embeddable":true,"href":"https:\/\/sites.usp.br\/psi\/wp-json\/wp\/v2\/comments?post=249"}],"version-history":[{"count":5,"href":"https:\/\/sites.usp.br\/psi\/wp-json\/wp\/v2\/pages\/249\/revisions"}],"predecessor-version":[{"id":853,"href":"https:\/\/sites.usp.br\/psi\/wp-json\/wp\/v2\/pages\/249\/revisions\/853"}],"up":[{"embeddable":true,"href":"https:\/\/sites.usp.br\/psi\/wp-json\/wp\/v2\/pages\/64"}],"wp:attachment":[{"href":"https:\/\/sites.usp.br\/psi\/wp-json\/wp\/v2\/media?parent=249"}],"curies":[{"name":"wp","href":"https:\/\/api.w.org\/{rel}","templated":true}]}}