{"id":274,"date":"2017-06-05T12:41:36","date_gmt":"2017-06-05T15:41:36","guid":{"rendered":"http:\/\/sites.usp.br\/psi\/?page_id=274"},"modified":"2017-06-05T12:44:07","modified_gmt":"2017-06-05T15:44:07","slug":"cognitio","status":"publish","type":"page","link":"https:\/\/sites.usp.br\/psi\/pesquisa\/lsi\/cognitio\/","title":{"rendered":"COGNITIO &#8211; Computa\u00e7\u00e3o Cognitiva"},"content":{"rendered":"<p>Este grupo de pesquisa desenvolve atividades na \u00e1rea da computa\u00e7\u00e3o cognitiva, tratando desde assuntos relacionados aos<\/p>\n<p>princ\u00edpios e fundamentos da \u00e1rea (com car\u00e1ter interdisciplinar) at\u00e9 aplica\u00e7\u00f5es voltadas a problemas de engenharia.<\/p>\n<p>Em termos de aplica\u00e7\u00f5es o foco tem sido em mobilidade urbana e intelig\u00eancia computacional aplicacada a problemas de<\/p>\n<p>tr\u00e2nsito.<\/p>\n<p>&nbsp;<\/p>\n<p>Este grupo foi criado juntamente com o NAP N\u00facleo de Ci\u00eancia Cognitiva da USP em 2003.<\/p>\n<p>http:\/\/www.cognitio.usp.br\/<\/p>\n<p>e est\u00e1 cadastrado no Diret\u00f3rio de Grupos de Pesquisa do CNPq<\/p>\n<p>http:\/\/dgp.cnpq.br\/dgp\/espelhogrupo\/9390700980439656<\/p>\n","protected":false},"excerpt":{"rendered":"<p>Este grupo de pesquisa desenvolve atividades na \u00e1rea da computa\u00e7\u00e3o cognitiva, tratando desde assuntos relacionados aos princ\u00edpios e fundamentos da&#46;&#46;&#46;<\/p>\n","protected":false},"author":513,"featured_media":0,"parent":175,"menu_order":1,"comment_status":"closed","ping_status":"closed","template":"","meta":{"footnotes":"","_links_to":"","_links_to_target":""},"class_list":["post-274","page","type-page","status-publish","hentry"],"_links":{"self":[{"href":"https:\/\/sites.usp.br\/psi\/wp-json\/wp\/v2\/pages\/274","targetHints":{"allow":["GET"]}}],"collection":[{"href":"https:\/\/sites.usp.br\/psi\/wp-json\/wp\/v2\/pages"}],"about":[{"href":"https:\/\/sites.usp.br\/psi\/wp-json\/wp\/v2\/types\/page"}],"author":[{"embeddable":true,"href":"https:\/\/sites.usp.br\/psi\/wp-json\/wp\/v2\/users\/513"}],"replies":[{"embeddable":true,"href":"https:\/\/sites.usp.br\/psi\/wp-json\/wp\/v2\/comments?post=274"}],"version-history":[{"count":1,"href":"https:\/\/sites.usp.br\/psi\/wp-json\/wp\/v2\/pages\/274\/revisions"}],"predecessor-version":[{"id":275,"href":"https:\/\/sites.usp.br\/psi\/wp-json\/wp\/v2\/pages\/274\/revisions\/275"}],"up":[{"embeddable":true,"href":"https:\/\/sites.usp.br\/psi\/wp-json\/wp\/v2\/pages\/175"}],"wp:attachment":[{"href":"https:\/\/sites.usp.br\/psi\/wp-json\/wp\/v2\/media?parent=274"}],"curies":[{"name":"wp","href":"https:\/\/api.w.org\/{rel}","templated":true}]}}