{"id":1210,"date":"2017-12-13T10:45:37","date_gmt":"2017-12-13T12:45:37","guid":{"rendered":"http:\/\/sites.usp.br\/psicousp\/?page_id=1210"},"modified":"2020-03-13T16:42:13","modified_gmt":"2020-03-13T18:42:13","slug":"creditos","status":"publish","type":"page","link":"https:\/\/sites.usp.br\/psicousp\/creditos\/","title":{"rendered":"Cr\u00e9ditos"},"content":{"rendered":"<p><strong>Coordena\u00e7\u00e3o<br \/>\n<\/strong>Islaine Maciel<\/p>\n<p><strong>Administra\u00e7\u00e3o de conte\u00fado<br \/>\n<\/strong>Islaine Maciel<br \/>\nF\u00e1bio Ferreira da Silva<br \/>\nJuliane Ferreira Silva dos Santos<\/p>\n<p>&nbsp;<\/p>\n<p><strong>Plataforma online fornecida pela Incubadora de Sites da USP<\/strong><\/p>\n<p>&nbsp;<\/p>\n","protected":false},"excerpt":{"rendered":"<p>Coordena\u00e7\u00e3o Islaine Maciel Administra\u00e7\u00e3o de conte\u00fado Islaine Maciel F\u00e1bio Ferreira da Silva Juliane Ferreira Silva dos Santos &nbsp; Plataforma online&#46;&#46;&#46;<\/p>\n","protected":false},"author":610,"featured_media":0,"parent":0,"menu_order":0,"comment_status":"closed","ping_status":"closed","template":"","meta":{"footnotes":"","_links_to":"","_links_to_target":""},"class_list":["post-1210","page","type-page","status-publish","hentry"],"_links":{"self":[{"href":"https:\/\/sites.usp.br\/psicousp\/wp-json\/wp\/v2\/pages\/1210","targetHints":{"allow":["GET"]}}],"collection":[{"href":"https:\/\/sites.usp.br\/psicousp\/wp-json\/wp\/v2\/pages"}],"about":[{"href":"https:\/\/sites.usp.br\/psicousp\/wp-json\/wp\/v2\/types\/page"}],"author":[{"embeddable":true,"href":"https:\/\/sites.usp.br\/psicousp\/wp-json\/wp\/v2\/users\/610"}],"replies":[{"embeddable":true,"href":"https:\/\/sites.usp.br\/psicousp\/wp-json\/wp\/v2\/comments?post=1210"}],"version-history":[{"count":5,"href":"https:\/\/sites.usp.br\/psicousp\/wp-json\/wp\/v2\/pages\/1210\/revisions"}],"predecessor-version":[{"id":3378,"href":"https:\/\/sites.usp.br\/psicousp\/wp-json\/wp\/v2\/pages\/1210\/revisions\/3378"}],"wp:attachment":[{"href":"https:\/\/sites.usp.br\/psicousp\/wp-json\/wp\/v2\/media?parent=1210"}],"curies":[{"name":"wp","href":"https:\/\/api.w.org\/{rel}","templated":true}]}}