{"id":1214,"date":"2017-12-13T10:55:34","date_gmt":"2017-12-13T12:55:34","guid":{"rendered":"http:\/\/sites.usp.br\/psicousp\/?page_id=1214"},"modified":"2025-02-03T17:44:50","modified_gmt":"2025-02-03T19:44:50","slug":"normas-de-publicacao","status":"publish","type":"page","link":"https:\/\/sites.usp.br\/psicousp\/normas-de-publicacao\/","title":{"rendered":"Normas de publica\u00e7\u00e3o"},"content":{"rendered":"<p dir=\"ltr\" style=\"text-align: justify;\">O <span style=\"color: #000080;\">Perisc\u00f3pio: Portal de Divulga\u00e7\u00e3o Cient\u00edfica<\/span> \u00e9 um ve\u00edculo de comunica\u00e7\u00e3o online de acesso aberto e irrestrito do Instituto de Psicologia da Universidade de S\u00e3o Paulo , que nasce com o objetivo de estreitar a rela\u00e7\u00e3o entre a institui\u00e7\u00e3o IPUSP com a sociedade, visando principalmente a divulga\u00e7\u00e3o das pesquisas e trabalhos produzidos internamente ao p\u00fablico geral. Al\u00e9m de estudos, a Perisc\u00f3pio\u00a0 contempla tamb\u00e9m conte\u00fados sobre as atividades de forma\u00e7\u00e3o, os servi\u00e7os oferecidos \u00e0 so\u00adciedade, o cor\u00adpo docente e de funcion\u00e1rios, entre outros. Todas as pesquisas e demais fontes s\u00e3o tratadas com pleno respeito \u00e0s diversidades te\u00f3rica, epistemol\u00f3gica e metodol\u00f3gica que caracterizam a Psicologia, buscando assim a pluralidade, em sintonia com os valores da universidade.<\/p>\n<p dir=\"ltr\" style=\"text-align: justify;\">1. <span style=\"color: #333399;\">Qual \u00e9 o objetivo do <strong>Perisc\u00f3pio: Portal de Divulga\u00e7\u00e3o Cient\u00edfica<\/strong>?<\/span><\/p>\n<p dir=\"ltr\" style=\"text-align: justify;\">Democratizar o acesso \u00e0 informa\u00e7\u00e3o cient\u00edfica em Psicologia, promovendo maior conhecimento da \u00e1rea pela popula\u00e7\u00e3o em geral. Tem-se ainda em vista o fortalecimento de reflex\u00f5es e debates sobre quest\u00f5es estudadas no IPUSP relevantes \u00e0 sociedade. Desta forma, tanto o layout quanto a linguagem usados no Perisc\u00f3pio e afastam daqueles das canais eletr\u00f4nicos que publicam artigos cient\u00edficos.<\/p>\n<p dir=\"ltr\" style=\"text-align: justify;\">2. <span style=\"color: #333399;\">Qual \u00e9 o tom do <strong>Perisc\u00f3pio: Portal de Divulga\u00e7\u00e3o Cient\u00edfica<\/strong>?<\/span><\/p>\n<p dir=\"ltr\" style=\"text-align: justify;\">Sempre pensando em um p\u00fablico diversificado e que n\u00e3o necessariamente esteja familiarizado com a Psicologia, busca-se a utiliza\u00e7\u00e3o de uma linguagem clara e acess\u00edvel, mas nunca facilitadora no sentido de banalizar conceitos mais complexos. Procura-se, por exemplo, a elucida\u00e7\u00e3o de termos pr\u00f3prios da Psicologia ou do universo acad\u00eamico que ainda n\u00e3o tenham sido muito usados na grande m\u00eddia, ao inv\u00e9s de simplesmente exclu\u00ed-los para n\u00e3o dificultar a leitura.<\/p>\n<p dir=\"ltr\" style=\"text-align: justify;\">Quanto ao layout, seguindo par\u00e2metros semelhantes ao da linguagem (visando maior acessibilidade), ele est\u00e1 mais pr\u00f3ximo das revistas comerciais de difus\u00e3o cient\u00edfica do que propriamente dos peri\u00f3dicos acad\u00eamicos. Com muitas ilustra\u00e7\u00f5es e utiliza\u00e7\u00e3o de infogr\u00e1ficos, box e outros recursos visuais, o intuito \u00e9 propiciar uma leitura mais leve e agrad\u00e1vel.<\/p>\n<p dir=\"ltr\" style=\"text-align: justify;\">3. <span style=\"color: #333399;\">Qual o p\u00fablico do <strong>Perisc\u00f3pio: Portal de Divulga\u00e7\u00e3o Cient\u00edfica<\/strong>?<\/span><\/p>\n<p dir=\"ltr\" style=\"text-align: justify;\">O p\u00fablico do Portal Perisc\u00f3pio\u00a0\u00e9 formado por aqueles que se interessam pelas quest\u00f5es relativas \u00e0 Psicologia, n\u00e3o estando eles necessariamente ligados \u00e0 \u00e1rea ou ao universo acad\u00eamico. Tendo isso em mente, a internet pareceu a via mais adequada, pois alcan\u00e7a uma grande variedade de indiv\u00edduos no Brasil e mundo afora, de maneira imediata, ampla e irrestrita.<\/p>\n<p style=\"text-align: justify;\">4. <span style=\"color: #333399;\">Quais as principais categorias de conte\u00fados do <strong>Perisc\u00f3pio: Portal de Divulga\u00e7\u00e3o Cient\u00edfica<\/strong>?<\/span><br \/>\nPara atender \u00e0 gama de temas e subtemas que envolve a Psicologia e tamb\u00e9m contemplar \u00a0todos os departamentos do IPUSP, o <span style=\"color: #333399;\"><strong>Perisc\u00f3pio: Portal de Divulga\u00e7\u00e3o Cient\u00edfica<\/strong><\/span>\u00a0se organiza nas seguintes \u00a0editorias: <em><a href=\"http:\/\/sites.usp.br\/psicousp\/category\/sociedade\/\">Sociedade<\/a>; <a href=\"http:\/\/sites.usp.br\/psicousp\/category\/educacao\/\">Educa\u00e7\u00e3o<\/a><\/em>; <a href=\"http:\/\/sites.usp.br\/psicousp\/category\/bio\/\"><em>Bio<\/em><\/a>; <a href=\"http:\/\/sites.usp.br\/psicousp\/category\/saude\/\"><em>Sa\u00fade<\/em><\/a>; <a href=\"http:\/\/sites.usp.br\/psicousp\/category\/arte-e-cultura\/\"><em>Arte e Cultura<\/em><\/a>.<\/p>\n<p dir=\"ltr\" style=\"text-align: justify;\"><a href=\"http:\/\/sites.usp.br\/psicousp\/category\/dossies\/\">Dossi\u00eas<\/a>: A pauta contempla em um conjunto de mat\u00e9rias e notas sobre um s\u00f3 tema, com o intuito de se explorar o assunto da forma a mais abrangente poss\u00edvel, envolvendo assim consider\u00e1vel n\u00famero de pesquisas e de entrevistados.<\/p>\n<p dir=\"ltr\" style=\"text-align: justify;\">Al\u00e9m disso, no sentido de abarcar outros segmentos do instituto (como atividades de forma\u00e7\u00e3o, servi\u00e7os oferecidos \u00e0 so\u00adciedade, personalidades, opini\u00f5es e talentos art\u00edsticos da comunidade IPUSP, etc.), o <span style=\"color: #333399;\"><strong>Perisc\u00f3pio: Portal de Divulga\u00e7\u00e3o Cient\u00edfica<\/strong><\/span>\u00a0possui ainda seis se\u00e7\u00f5es:<\/p>\n<p dir=\"ltr\" style=\"text-align: justify;\">&#8211; <em><a href=\"http:\/\/sites.usp.br\/psicousp\/category\/secoes\/mural-do-ip\/\">Mural do IP<\/a><\/em>: abre a revista informando sobre o que h\u00e1 de novo no IPUSP;<\/p>\n<p dir=\"ltr\" style=\"text-align: justify;\">&#8211; <em><a href=\"http:\/\/sites.usp.br\/psicousp\/category\/secoes\/perfil\/\">Perfil<\/a><\/em>: conta a trajet\u00f3ria de uma personalidade da comunidade IPUSP (professor, \u00a0pesquisador ou funcion\u00e1rio);<\/p>\n<p dir=\"ltr\" style=\"text-align: justify;\">&#8211; <em><a href=\"http:\/\/sites.usp.br\/psicousp\/category\/secoes\/commentor\/\">Commentor<\/a><\/em>: coluna na qual um docente escreve sobre assunto de sua escolha, ligado \u00e0 Psicologia;<\/p>\n<p dir=\"ltr\" style=\"text-align: justify;\">&#8211; <em><a href=\"http:\/\/sites.usp.br\/psicousp\/category\/secoes\/lancamentos\/\">Lan\u00e7amento<\/a><\/em>s: apresenta obras publicadas por membros da comunidade IPUSP;<\/p>\n<p dir=\"ltr\" style=\"text-align: justify;\">&#8211; <em><a href=\"http:\/\/sites.usp.br\/psicousp\/category\/secoes\/psico-hq\/\">Psico-HQ<\/a><\/em>: espa\u00e7o dedicado \u00e0 participa\u00e7\u00e3o de escritores, ilustradores e cartunistas que queiram contribuir com charges e hist\u00f3rias;<\/p>\n<p dir=\"ltr\" style=\"text-align: justify;\"><span style=\"color: #333399;\"><span style=\"color: #000000;\">5.<\/span> Quais s\u00e3o as fontes dos conte\u00fados?<\/span><br \/>\nTodas as mat\u00e9rias e notas das editorias s\u00e3o desenvolvidas com base em pesquisas do IPUSP, desde a inicia\u00e7\u00e3o cient\u00edfica da gradua\u00e7\u00e3o, passando pelas disserta\u00e7\u00f5es de mestrado e teses de doutorado da p\u00f3s-gradua\u00e7\u00e3o, at\u00e9 projetos de p\u00f3s-doutorado e trabalhos de livre-doc\u00eancia. Podem ser contemplados ainda artigos cient\u00edficos publicados em peri\u00f3dicos da \u00e1rea, bem como apresenta\u00e7\u00f5es de trabalhos dentro e fora do instituto, desde que sejam fruto dos estudos aqui realizados. Tamb\u00e9m integram no <span style=\"color: #333399;\"><strong>Perisc\u00f3pio <\/strong><\/span>o conte\u00fado publicado nas m\u00eddias USP com base nas pesquisas publicado.<\/p>\n<p dir=\"ltr\" style=\"text-align: justify;\">Conte\u00fados de eventos cient\u00edficos ocorridos no IPUSP \u2015 palestras, semin\u00e1rios, simp\u00f3sios, congressos, etc. \u00a0\u2015 por\u00e9m ministrados ou apresentados por pesquisadores de fora, podem ser fonte da <span style=\"color: #333399;\"><strong>Perisc\u00f3pio<\/strong><\/span>\u00a0como enriquecimento de uma pauta cujo fio condutor \u00e9 sempre uma ou mais pesquisas do IPUSP.<\/p>\n<p dir=\"ltr\" style=\"text-align: justify;\">Al\u00e9m do conte\u00fado escrito (disserta\u00e7\u00f5es, teses, relat\u00f3rios, artigos, etc.), ser\u00e3o utilizadas as \u00e1udio-grava\u00e7\u00f5es (com pr\u00e9via autoriza\u00e7\u00e3o) de entrevistas com os pesquisadores, sempre que poss\u00edvel. Material referente ao desenvolvimento da pesquisa e a seus participantes (fotografias, v\u00eddeos, depoimentos, bibliografia, demonstra\u00e7\u00f5es, etc.), com o qual o pesquisador possa contribuir, ser\u00e1 bem-vindo, desde que respeitados o parecer do Comit\u00ea de \u00c9tica da pr\u00f3pria pesquisa e a autoriza\u00e7\u00e3o de divulga\u00e7\u00e3o de imagem (por escrito). Em caso de imagens de menor de idade, a autoriza\u00e7\u00e3o ser\u00e1 dada e assinada pelo respectivo respons\u00e1vel (m\u00e3e, pai, tutor, etc.). E no caso de participa\u00e7\u00e3o em demonstra\u00e7\u00f5es ou outras abordagens, o menor dever\u00e1 sempre estar acompanhado pelo respons\u00e1vel do come\u00e7o ao fim da atividade.<\/p>\n<p dir=\"ltr\" style=\"text-align: justify;\">J\u00e1 em rela\u00e7\u00e3o \u00e0s se\u00e7\u00f5es (Mural do IP; Perfil; Commentor; Lan\u00e7amentos; Psico-HQ; Outro Olhar), cada uma tem suas pr\u00f3prias fontes de acordo com suas especificidades, sempre com a devida autoriza\u00e7\u00e3o dos autores.<\/p>\n<p dir=\"ltr\" style=\"text-align: justify;\"><span style=\"color: #333399;\"><span style=\"color: #000000;\">6.<\/span> Quem prop\u00f5e conte\u00fado para <span style=\"color: #000080;\"><strong>Perisc\u00f3pio<\/strong><\/span>?<\/span><\/p>\n<p dir=\"ltr\" style=\"text-align: justify;\">Todos podem sugerir assuntos a serem abordados na Perisc\u00f3pio: a equipe do IP Comunica (respons\u00e1vel por sua produ\u00e7\u00e3o), as comunidades IPUSP e USP em geral (pesquisadores, docentes, funcion\u00e1rios, alunos, prestadores de servi\u00e7os, usu\u00e1rios dos servi\u00e7os \u00e0 comunidade e de projetos de extens\u00e3o), participantes dos canais digitais do IPUSP (site, facebook e email), os leitores da revista, etc.<\/p>\n<p dir=\"ltr\" style=\"text-align: justify;\"><span style=\"color: #333399;\"><span style=\"color: #000000;\">7.<\/span> Quem escolhe e como se d\u00e1 a sele\u00e7\u00e3o das pautas?<\/span><br \/>\n\u00c9 prerrogativa dos respons\u00e1veis pela produ\u00e7\u00e3o do <span style=\"color: #000080;\"><strong>Perisc\u00f3pio <\/strong><\/span>discutir e selecionar as pautas e respectivas pesquisas. Dentre os crit\u00e9rios para tal sele\u00e7\u00e3o busca-se trabalhos que respondam, direta ou indiretamente, a quest\u00f5es de inte\u00adresse mais imediato da sociedade. Al\u00e9m disso, considera-se tamb\u00e9m a relev\u00e2ncia dos estudos para o IPUSP e a Psicologia como um todo.<br \/>\nOpini\u00f5es e sugest\u00f5es dos pesquisadores e demais colaboradores ser\u00e3o sempre consideradas, sem implicar, entretanto, em comprometimento da equipe de produ\u00e7\u00e3o da revista em acat\u00e1-las.<\/p>\n<p style=\"text-align: justify;\"><span style=\"color: #333399;\"><span style=\"color: #000000;\">8.<\/span> Quem escreve, revisa e edita os textos?<\/span><\/p>\n<p dir=\"ltr\" style=\"text-align: justify;\">A produ\u00e7\u00e3o escrita (reda\u00e7\u00e3o, revis\u00e3o e edi\u00e7\u00e3o) de todas as editorias bem como das se\u00e7\u00f5es Mural do IP, Perfil e Lan\u00e7amentos \u00e9 realizada basicamente pela equipe do IP Comunica (Apoio Institucional). Em car\u00e1ter excepcional, pode haver aproveitamento de textos de pesquisadores, docentes, funcion\u00e1rios e outros colaboradores, desde que sejam aprovados pela equipe de produ\u00e7\u00e3o do\u00a0<span style=\"color: #333399;\"><strong>Portal de Divulga\u00e7\u00e3o<\/strong> <strong>psico.<\/strong>usp<\/span> e devidamente autorizados pelos autores poss\u00edveis edi\u00e7\u00f5es e revis\u00f5es.<br \/>\nQuanto \u00e0s se\u00e7\u00f5es <em>Commentor<\/em>, <em>Psico-HQ<\/em> e <em>Outro Olhar<\/em> (em caso de haver alguma escrita), pelo pr\u00f3prio car\u00e1ter colaborativo desses espa\u00e7os, cabe inteiramente aos autores a reda\u00e7\u00e3o, sendo m\u00ednimas as interfer\u00eancias relativas \u00e0 edi\u00e7\u00e3o e revis\u00e3o, desde que cumpridos os limites de tamanho dos textos, previamente estabelecidos.<\/p>\n<p dir=\"ltr\" style=\"text-align: justify;\"><span style=\"color: #333399;\">9.\u00a0Quem escolhe e como se d\u00e1 a sele\u00e7\u00e3o das imagens?<\/span><br \/>\nA produ\u00e7\u00e3o e sele\u00e7\u00e3o audiovisual (fotografias, ilustra\u00e7\u00f5es, infogr\u00e1ficos, v\u00eddeos, \u00e1udio-grava\u00e7\u00f5es, etc.) de todas as editorias bem como das se\u00e7\u00f5es s\u00e3o realizadas basicamente pela equipe do IP Comunica (Apoio Institucional). Contudo, material dessa natureza disponibilizado pelos pesquisadores e demais colaboradores \u00e9 bem-vindo (sendo inclusive pr\u00e1tica do IP Comunica estimular essa contribui\u00e7\u00e3o), desde que repeitados o parecer do Comit\u00ea de \u00c9tica da pr\u00f3pria pesquisa e a autoriza\u00e7\u00e3o de divulga\u00e7\u00e3o de imagem (por escrito).<br \/>\nQuanto \u00e0s se\u00e7\u00f5es Psico-HQ e Outro Olhar, cabe aos pr\u00f3prios colaboradores a sele\u00e7\u00e3o, desde que cumpridos certos par\u00e2metros (espa\u00e7o, dura\u00e7\u00e3o, resolu\u00e7\u00e3o, etc.) previamente estabelecidos.<\/p>\n<p style=\"text-align: justify;\"><span style=\"color: #333399;\">10. Qual o papel dos pesquisadores e demais colaboradores na elabora\u00e7\u00e3o do <strong>Perisc\u00f3pio<\/strong>?<\/span><\/p>\n<p dir=\"ltr\" style=\"text-align: justify;\">Sendo o objetivo da revista justamente o de divulgar os estudos do IPUSP, a principal atribui\u00e7\u00e3o dos pesquisadores e demais colaboradores \u00e9 como fonte dos conte\u00fados, em car\u00e1ter volunt\u00e1rio e cooperativo. Todavia, n\u00e3o se encerra a\u00ed o seu papel. Conforme pode ser verificado nos itens 5 a 9, pesquisadores e demais colaboradores s\u00e3o fundamentais em todas as etapas de elabora\u00e7\u00e3o da revista, cabendo, no entanto, \u00e0 equipe de produ\u00e7\u00e3o, todas as decis\u00f5es finais.<\/p>\n<p dir=\"ltr\" style=\"text-align: justify;\">11. <span style=\"color: #000080;\">Os pesquisadores e demais colaboradores ser\u00e3o remunerados pela contribui\u00e7\u00e3o?<\/span><\/p>\n<p dir=\"ltr\" style=\"text-align: justify;\">N\u00e3o. Pesquisadores e demais colaboradores contribuem de forma volunt\u00e1ria, sendo a retribui\u00e7\u00e3o a pr\u00f3pria divulga\u00e7\u00e3o de seus trabalhos.<\/p>\n","protected":false},"excerpt":{"rendered":"<p>O Perisc\u00f3pio: Portal de Divulga\u00e7\u00e3o Cient\u00edfica \u00e9 um ve\u00edculo de comunica\u00e7\u00e3o online de acesso aberto e irrestrito do Instituto de&#46;&#46;&#46;<\/p>\n","protected":false},"author":610,"featured_media":0,"parent":0,"menu_order":0,"comment_status":"closed","ping_status":"closed","template":"","meta":{"footnotes":"","_links_to":"","_links_to_target":""},"class_list":["post-1214","page","type-page","status-publish","hentry"],"_links":{"self":[{"href":"https:\/\/sites.usp.br\/psicousp\/wp-json\/wp\/v2\/pages\/1214","targetHints":{"allow":["GET"]}}],"collection":[{"href":"https:\/\/sites.usp.br\/psicousp\/wp-json\/wp\/v2\/pages"}],"about":[{"href":"https:\/\/sites.usp.br\/psicousp\/wp-json\/wp\/v2\/types\/page"}],"author":[{"embeddable":true,"href":"https:\/\/sites.usp.br\/psicousp\/wp-json\/wp\/v2\/users\/610"}],"replies":[{"embeddable":true,"href":"https:\/\/sites.usp.br\/psicousp\/wp-json\/wp\/v2\/comments?post=1214"}],"version-history":[{"count":4,"href":"https:\/\/sites.usp.br\/psicousp\/wp-json\/wp\/v2\/pages\/1214\/revisions"}],"predecessor-version":[{"id":6403,"href":"https:\/\/sites.usp.br\/psicousp\/wp-json\/wp\/v2\/pages\/1214\/revisions\/6403"}],"wp:attachment":[{"href":"https:\/\/sites.usp.br\/psicousp\/wp-json\/wp\/v2\/media?parent=1214"}],"curies":[{"name":"wp","href":"https:\/\/api.w.org\/{rel}","templated":true}]}}