{"id":902,"date":"2026-02-27T19:14:50","date_gmt":"2026-02-27T22:14:50","guid":{"rendered":"https:\/\/sites.usp.br\/rastreia\/?page_id=902"},"modified":"2026-03-03T08:31:01","modified_gmt":"2026-03-03T11:31:01","slug":"parcerias","status":"publish","type":"page","link":"https:\/\/sites.usp.br\/rastreia\/parcerias\/","title":{"rendered":"Parcerias"},"content":{"rendered":"<p>O Projeto RastreIA \u00e9 financiado a partir de bolsas de pesquisa. A<strong>\u00a0<a href=\"https:\/\/fapesp.br\/\" target=\"_blank\" rel=\"noopener\">Funda\u00e7\u00e3o de Amparo \u00e0 Pesquisa do Estado de S\u00e3o Paulo (FAPESP) <\/a><\/strong>\u00e9 a principal financiadora dos projetos que s\u00e3o desenvolvidos no \u00e2mbito do Projeto Tem\u00e1tico<a href=\"https:\/\/bv.fapesp.br\/pt\/auxilios\/113156\/transparencia-nas-cadeias-produtivas-brasileiras-de-commodities-agricolas-de-exportacao-estudo-holis\/\" target=\"_blank\" rel=\"noopener\"> \u201c<strong>Transpar\u00eancia nas cadeias produtivas brasileiras de commodities agr\u00edcolas de exporta\u00e7\u00e3o: Estudo hol\u00edstico de marcadores elementares e isot\u00f3picos<\/strong>\u201d<\/a>, sob a coordena\u00e7\u00e3o da <a href=\"https:\/\/bv.fapesp.br\/pt\/pesquisador\/4975\/elisabete-aparecida-de-nadai-fernandes\/\" target=\"_blank\" rel=\"noopener\">Profa. Dra. Elisabete A. De Nadai Fernandes<\/a> (CENA\/USP).<\/p>\n<p>&nbsp;<\/p>\n<p><a href=\"https:\/\/www.embrapa.br\/\" target=\"_blank\" rel=\"noopener\"><img decoding=\"async\" class=\"alignnone wp-image-993\" src=\"https:\/\/sites.usp.br\/rastreia\/wp-content\/uploads\/sites\/1800\/2026\/03\/embrapa-logo-png_seeklogo-47365.png\" alt=\"\" width=\"123\" height=\"123\" data-id=\"993\" srcset=\"https:\/\/sites.usp.br\/rastreia\/wp-content\/uploads\/sites\/1800\/2026\/03\/embrapa-logo-png_seeklogo-47365.png 185w, https:\/\/sites.usp.br\/rastreia\/wp-content\/uploads\/sites\/1800\/2026\/03\/embrapa-logo-png_seeklogo-47365-150x150.png 150w, https:\/\/sites.usp.br\/rastreia\/wp-content\/uploads\/sites\/1800\/2026\/03\/embrapa-logo-png_seeklogo-47365-45x45.png 45w\" sizes=\"(max-width: 123px) 100vw, 123px\" \/><\/a>A Empresa Brasileira de Pesquisa Agropecu\u00e1ria (Embrapa) \u00e9 uma parceira em diversas iniciativas, como na coleta de anostras e no desenvolvimento de materiais de refer\u00eancia.<\/p>\n<p>&nbsp;<\/p>\n<p><a href=\"http:\/\/www.lce.esalq.usp.br\/\" target=\"_blank\" rel=\"noopener\"><img decoding=\"async\" class=\"alignnone wp-image-998\" src=\"https:\/\/sites.usp.br\/rastreia\/wp-content\/uploads\/sites\/1800\/2026\/03\/images-1-300x105.jpeg\" alt=\"\" width=\"154\" height=\"54\" data-id=\"998\" srcset=\"https:\/\/sites.usp.br\/rastreia\/wp-content\/uploads\/sites\/1800\/2026\/03\/images-1-300x105.jpeg 300w, https:\/\/sites.usp.br\/rastreia\/wp-content\/uploads\/sites\/1800\/2026\/03\/images-1.jpeg 380w\" sizes=\"(max-width: 154px) 100vw, 154px\" \/><\/a>As parcerias com a Escola Superior de Agricultura Luiz de Queiroz da Universidade de S\u00e3o Paulo (ESALQ\/USP), junto ao Departamento de Ci\u00eancias Exatas, s\u00e3o importantes para o uso de t\u00e9cnicas estat\u00edsticas e intelig\u00eancia artificial em estudos agr\u00edcolas.<\/p>\n<p>&nbsp;<\/p>\n<p><a href=\"https:\/\/www.gov.br\/ipen\/pt-br\" target=\"_blank\" rel=\"noopener\"><img decoding=\"async\" class=\"alignnone wp-image-1003\" src=\"https:\/\/sites.usp.br\/rastreia\/wp-content\/uploads\/sites\/1800\/2026\/03\/channels4_profile-300x300.jpg\" alt=\"\" width=\"139\" height=\"139\" data-id=\"1003\" srcset=\"https:\/\/sites.usp.br\/rastreia\/wp-content\/uploads\/sites\/1800\/2026\/03\/channels4_profile-300x300.jpg 300w, https:\/\/sites.usp.br\/rastreia\/wp-content\/uploads\/sites\/1800\/2026\/03\/channels4_profile-150x150.jpg 150w, https:\/\/sites.usp.br\/rastreia\/wp-content\/uploads\/sites\/1800\/2026\/03\/channels4_profile-768x768.jpg 768w, https:\/\/sites.usp.br\/rastreia\/wp-content\/uploads\/sites\/1800\/2026\/03\/channels4_profile-45x45.jpg 45w, https:\/\/sites.usp.br\/rastreia\/wp-content\/uploads\/sites\/1800\/2026\/03\/channels4_profile-200x200.jpg 200w, https:\/\/sites.usp.br\/rastreia\/wp-content\/uploads\/sites\/1800\/2026\/03\/channels4_profile-400x400.jpg 400w, https:\/\/sites.usp.br\/rastreia\/wp-content\/uploads\/sites\/1800\/2026\/03\/channels4_profile.jpg 900w\" sizes=\"(max-width: 139px) 100vw, 139px\" \/><\/a>O Instituto de Pesquisas Energ\u00e9ticas e Nucleares da Comiss\u00e3o Nacional de Energia Nuclear (IPEN\/CNEN) faz diversas parcerias com o RastreIA, sendo a principal delas a utiliza\u00e7\u00e3o de t\u00e9cnicas nucleares.<\/p>\n<p>&nbsp;<\/p>\n<p><a href=\"https:\/\/www.gov.br\/inpa\/pt-br\" target=\"_blank\" rel=\"noopener\"><img loading=\"lazy\" decoding=\"async\" class=\"alignnone wp-image-1007\" src=\"https:\/\/sites.usp.br\/rastreia\/wp-content\/uploads\/sites\/1800\/2026\/03\/Instituto_Nacional_de_Pesquisas_da_Amazonia_INPA.png\" alt=\"\" width=\"151\" height=\"114\" data-id=\"1007\" srcset=\"https:\/\/sites.usp.br\/rastreia\/wp-content\/uploads\/sites\/1800\/2026\/03\/Instituto_Nacional_de_Pesquisas_da_Amazonia_INPA.png 293w, https:\/\/sites.usp.br\/rastreia\/wp-content\/uploads\/sites\/1800\/2026\/03\/Instituto_Nacional_de_Pesquisas_da_Amazonia_INPA-80x60.png 80w\" sizes=\"(max-width: 151px) 100vw, 151px\" \/><\/a><\/p>\n<p>Al\u00e9m de servir como fonte indispens\u00e1vel sobre o ecossistema amaz\u00f4nico, o Instituto Nacional de Pesquisas da Amaz\u00f4nia do Minist\u00e9rio da Ci\u00eancia, Tecnologia e Inova\u00e7\u00e3o (INPA\/MCTI) \u00e9 uma parceria estrat\u00e9gica na coleta de esp\u00e9cies de madeira.<\/p>\n","protected":false},"excerpt":{"rendered":"<p>O Projeto RastreIA \u00e9 financiado a partir de bolsas de pesquisa. A\u00a0Funda\u00e7\u00e3o de Amparo \u00e0 Pesquisa do Estado de S\u00e3o Paulo (FAPESP) \u00e9 a principal financiadora dos projetos que s\u00e3o desenvolvidos no \u00e2mbito do Projeto Tem\u00e1tico \u201cTranspar\u00eancia nas cadeias produtivas brasileiras de commodities agr\u00edcolas de exporta\u00e7\u00e3o: Estudo hol\u00edstico de marcadores elementares e isot\u00f3picos\u201d, sob a coordena\u00e7\u00e3o da Profa. Dra. Elisabete A. De Nadai Fernandes (CENA\/USP). &nbsp; A Empresa Brasileira de Pesquisa Agropecu\u00e1ria (Embrapa) \u00e9 uma parceira em diversas iniciativas, como na coleta de anostras e no desenvolvimento de materiais de refer\u00eancia. &nbsp; As parcerias com a Escola Superior de Agricultura Luiz de Queiroz da Universidade de S\u00e3o Paulo (ESALQ\/USP), junto ao Departamento de Ci\u00eancias Exatas, s\u00e3o importantes para o uso de t\u00e9cnicas estat\u00edsticas e intelig\u00eancia artificial em estudos agr\u00edcolas. &nbsp; O Instituto de Pesquisas Energ\u00e9ticas e Nucleares da Comiss\u00e3o Nacional de Energia Nuclear (IPEN\/CNEN) faz diversas parcerias com o RastreIA, sendo a principal delas a utiliza\u00e7\u00e3o de t\u00e9cnicas nucleares. &nbsp; Al\u00e9m de servir como fonte indispens\u00e1vel sobre o ecossistema amaz\u00f4nico, o Instituto Nacional de Pesquisas da Amaz\u00f4nia do Minist\u00e9rio da Ci\u00eancia, Tecnologia e Inova\u00e7\u00e3o (INPA\/MCTI) \u00e9 uma parceria estrat\u00e9gica na coleta de esp\u00e9cies de madeira.<\/p>\n","protected":false},"author":25144,"featured_media":0,"parent":0,"menu_order":0,"comment_status":"closed","ping_status":"closed","template":"","meta":{"_monsterinsights_skip_tracking":false,"_monsterinsights_sitenote_active":false,"_monsterinsights_sitenote_note":"","_monsterinsights_sitenote_category":0,"footnotes":"","_links_to":"","_links_to_target":""},"categories":[],"tags":[],"class_list":["post-902","page","type-page","status-publish","hentry"],"yoast_head":"<!-- This site is optimized with the Yoast SEO plugin v27.5 - https:\/\/yoast.com\/product\/yoast-seo-wordpress\/ -->\n<title>Parcerias - RastreIA<\/title>\n<meta name=\"robots\" content=\"index, follow, max-snippet:-1, max-image-preview:large, max-video-preview:-1\" \/>\n<link rel=\"canonical\" href=\"https:\/\/sites.usp.br\/rastreia\/parcerias\/\" \/>\n<meta name=\"twitter:label1\" content=\"Est. tempo de leitura\" \/>\n\t<meta name=\"twitter:data1\" content=\"1 minuto\" \/>\n<script type=\"application\/ld+json\" class=\"yoast-schema-graph\">{\"@context\":\"https:\\\/\\\/schema.org\",\"@graph\":[{\"@type\":\"WebPage\",\"@id\":\"https:\\\/\\\/sites.usp.br\\\/rastreia\\\/parcerias\\\/\",\"url\":\"https:\\\/\\\/sites.usp.br\\\/rastreia\\\/parcerias\\\/\",\"name\":\"Parcerias - RastreIA\",\"isPartOf\":{\"@id\":\"https:\\\/\\\/sites.usp.br\\\/rastreia\\\/#website\"},\"primaryImageOfPage\":{\"@id\":\"https:\\\/\\\/sites.usp.br\\\/rastreia\\\/parcerias\\\/#primaryimage\"},\"image\":{\"@id\":\"https:\\\/\\\/sites.usp.br\\\/rastreia\\\/parcerias\\\/#primaryimage\"},\"thumbnailUrl\":\"https:\\\/\\\/sites.usp.br\\\/rastreia\\\/wp-content\\\/uploads\\\/sites\\\/1800\\\/2026\\\/03\\\/embrapa-logo-png_seeklogo-47365.png\",\"datePublished\":\"2026-02-27T22:14:50+00:00\",\"dateModified\":\"2026-03-03T11:31:01+00:00\",\"inLanguage\":\"pt-BR\",\"potentialAction\":[{\"@type\":\"ReadAction\",\"target\":[\"https:\\\/\\\/sites.usp.br\\\/rastreia\\\/parcerias\\\/\"]}]},{\"@type\":\"ImageObject\",\"inLanguage\":\"pt-BR\",\"@id\":\"https:\\\/\\\/sites.usp.br\\\/rastreia\\\/parcerias\\\/#primaryimage\",\"url\":\"https:\\\/\\\/sites.usp.br\\\/rastreia\\\/wp-content\\\/uploads\\\/sites\\\/1800\\\/2026\\\/03\\\/embrapa-logo-png_seeklogo-47365.png\",\"contentUrl\":\"https:\\\/\\\/sites.usp.br\\\/rastreia\\\/wp-content\\\/uploads\\\/sites\\\/1800\\\/2026\\\/03\\\/embrapa-logo-png_seeklogo-47365.png\",\"width\":185,\"height\":185},{\"@type\":\"WebSite\",\"@id\":\"https:\\\/\\\/sites.usp.br\\\/rastreia\\\/#website\",\"url\":\"https:\\\/\\\/sites.usp.br\\\/rastreia\\\/\",\"name\":\"RastreIA\",\"description\":\"\",\"publisher\":{\"@id\":\"https:\\\/\\\/sites.usp.br\\\/rastreia\\\/#organization\"},\"potentialAction\":[{\"@type\":\"SearchAction\",\"target\":{\"@type\":\"EntryPoint\",\"urlTemplate\":\"https:\\\/\\\/sites.usp.br\\\/rastreia\\\/?s={search_term_string}\"},\"query-input\":{\"@type\":\"PropertyValueSpecification\",\"valueRequired\":true,\"valueName\":\"search_term_string\"}}],\"inLanguage\":\"pt-BR\"},{\"@type\":\"Organization\",\"@id\":\"https:\\\/\\\/sites.usp.br\\\/rastreia\\\/#organization\",\"name\":\"RastreIA\",\"url\":\"https:\\\/\\\/sites.usp.br\\\/rastreia\\\/\",\"logo\":{\"@type\":\"ImageObject\",\"inLanguage\":\"pt-BR\",\"@id\":\"https:\\\/\\\/sites.usp.br\\\/rastreia\\\/#\\\/schema\\\/logo\\\/image\\\/\",\"url\":\"https:\\\/\\\/sites.usp.br\\\/rastreia\\\/wp-content\\\/uploads\\\/sites\\\/1800\\\/2026\\\/02\\\/cropped-rastreIA-2.png\",\"contentUrl\":\"https:\\\/\\\/sites.usp.br\\\/rastreia\\\/wp-content\\\/uploads\\\/sites\\\/1800\\\/2026\\\/02\\\/cropped-rastreIA-2.png\",\"width\":512,\"height\":512,\"caption\":\"RastreIA\"},\"image\":{\"@id\":\"https:\\\/\\\/sites.usp.br\\\/rastreia\\\/#\\\/schema\\\/logo\\\/image\\\/\"},\"sameAs\":[\"https:\\\/\\\/www.facebook.com\\\/people\\\/Projeto-Rastreia\\\/61584891961357\\\/?notif_id=1773411096158967&notif_t=page_user_activity&ref=notif\"]}]}<\/script>\n<!-- \/ Yoast SEO plugin. -->","yoast_head_json":{"title":"Parcerias - RastreIA","robots":{"index":"index","follow":"follow","max-snippet":"max-snippet:-1","max-image-preview":"max-image-preview:large","max-video-preview":"max-video-preview:-1"},"canonical":"https:\/\/sites.usp.br\/rastreia\/parcerias\/","twitter_misc":{"Est. tempo de leitura":"1 minuto"},"schema":{"@context":"https:\/\/schema.org","@graph":[{"@type":"WebPage","@id":"https:\/\/sites.usp.br\/rastreia\/parcerias\/","url":"https:\/\/sites.usp.br\/rastreia\/parcerias\/","name":"Parcerias - RastreIA","isPartOf":{"@id":"https:\/\/sites.usp.br\/rastreia\/#website"},"primaryImageOfPage":{"@id":"https:\/\/sites.usp.br\/rastreia\/parcerias\/#primaryimage"},"image":{"@id":"https:\/\/sites.usp.br\/rastreia\/parcerias\/#primaryimage"},"thumbnailUrl":"https:\/\/sites.usp.br\/rastreia\/wp-content\/uploads\/sites\/1800\/2026\/03\/embrapa-logo-png_seeklogo-47365.png","datePublished":"2026-02-27T22:14:50+00:00","dateModified":"2026-03-03T11:31:01+00:00","inLanguage":"pt-BR","potentialAction":[{"@type":"ReadAction","target":["https:\/\/sites.usp.br\/rastreia\/parcerias\/"]}]},{"@type":"ImageObject","inLanguage":"pt-BR","@id":"https:\/\/sites.usp.br\/rastreia\/parcerias\/#primaryimage","url":"https:\/\/sites.usp.br\/rastreia\/wp-content\/uploads\/sites\/1800\/2026\/03\/embrapa-logo-png_seeklogo-47365.png","contentUrl":"https:\/\/sites.usp.br\/rastreia\/wp-content\/uploads\/sites\/1800\/2026\/03\/embrapa-logo-png_seeklogo-47365.png","width":185,"height":185},{"@type":"WebSite","@id":"https:\/\/sites.usp.br\/rastreia\/#website","url":"https:\/\/sites.usp.br\/rastreia\/","name":"RastreIA","description":"","publisher":{"@id":"https:\/\/sites.usp.br\/rastreia\/#organization"},"potentialAction":[{"@type":"SearchAction","target":{"@type":"EntryPoint","urlTemplate":"https:\/\/sites.usp.br\/rastreia\/?s={search_term_string}"},"query-input":{"@type":"PropertyValueSpecification","valueRequired":true,"valueName":"search_term_string"}}],"inLanguage":"pt-BR"},{"@type":"Organization","@id":"https:\/\/sites.usp.br\/rastreia\/#organization","name":"RastreIA","url":"https:\/\/sites.usp.br\/rastreia\/","logo":{"@type":"ImageObject","inLanguage":"pt-BR","@id":"https:\/\/sites.usp.br\/rastreia\/#\/schema\/logo\/image\/","url":"https:\/\/sites.usp.br\/rastreia\/wp-content\/uploads\/sites\/1800\/2026\/02\/cropped-rastreIA-2.png","contentUrl":"https:\/\/sites.usp.br\/rastreia\/wp-content\/uploads\/sites\/1800\/2026\/02\/cropped-rastreIA-2.png","width":512,"height":512,"caption":"RastreIA"},"image":{"@id":"https:\/\/sites.usp.br\/rastreia\/#\/schema\/logo\/image\/"},"sameAs":["https:\/\/www.facebook.com\/people\/Projeto-Rastreia\/61584891961357\/?notif_id=1773411096158967&notif_t=page_user_activity&ref=notif"]}]}},"_links":{"self":[{"href":"https:\/\/sites.usp.br\/rastreia\/wp-json\/wp\/v2\/pages\/902","targetHints":{"allow":["GET"]}}],"collection":[{"href":"https:\/\/sites.usp.br\/rastreia\/wp-json\/wp\/v2\/pages"}],"about":[{"href":"https:\/\/sites.usp.br\/rastreia\/wp-json\/wp\/v2\/types\/page"}],"author":[{"embeddable":true,"href":"https:\/\/sites.usp.br\/rastreia\/wp-json\/wp\/v2\/users\/25144"}],"replies":[{"embeddable":true,"href":"https:\/\/sites.usp.br\/rastreia\/wp-json\/wp\/v2\/comments?post=902"}],"version-history":[{"count":4,"href":"https:\/\/sites.usp.br\/rastreia\/wp-json\/wp\/v2\/pages\/902\/revisions"}],"predecessor-version":[{"id":1009,"href":"https:\/\/sites.usp.br\/rastreia\/wp-json\/wp\/v2\/pages\/902\/revisions\/1009"}],"wp:attachment":[{"href":"https:\/\/sites.usp.br\/rastreia\/wp-json\/wp\/v2\/media?parent=902"}],"wp:term":[{"taxonomy":"category","embeddable":true,"href":"https:\/\/sites.usp.br\/rastreia\/wp-json\/wp\/v2\/categories?post=902"},{"taxonomy":"post_tag","embeddable":true,"href":"https:\/\/sites.usp.br\/rastreia\/wp-json\/wp\/v2\/tags?post=902"}],"curies":[{"name":"wp","href":"https:\/\/api.w.org\/{rel}","templated":true}]}}