{"id":370,"date":"2021-03-05T13:07:26","date_gmt":"2021-03-05T15:07:26","guid":{"rendered":"https:\/\/sites.usp.br\/rbcienciacidada\/?page_id=370"},"modified":"2021-03-05T13:09:33","modified_gmt":"2021-03-05T15:09:33","slug":"objetivos-2","status":"publish","type":"page","link":"https:\/\/sites.usp.br\/rbcienciacidada\/objetivos-2\/","title":{"rendered":"Objetivos"},"content":{"rendered":"<p>Os objetivos da rede ainda est\u00e3o em constru\u00e7\u00e3o, de forma colaborativa com os membros. Inicialmente, foram previstos os seguintes:<\/p>\n<p>&nbsp;<\/p>\n<p><span style=\"font-weight: 400;\">1) realizar o mapeamento continuado e produzir um banco de dados das a\u00e7\u00f5es de ci\u00eancia cidad\u00e3 no Brasil;<\/span><\/p>\n<p><span style=\"font-weight: 400;\">2) oferecer espa\u00e7os de di\u00e1logo entre pesquisadores e praticantes de atividades de ci\u00eancia cidad\u00e3;<\/span><\/p>\n<p><span style=\"font-weight: 400;\">3) oferecer solu\u00e7\u00f5es para promover maior engajamento de volunt\u00e1rios n\u00e3o acad\u00eamicos e de cientistas em projetos de Ci\u00eancia Cidad\u00e3;<\/span><\/p>\n<p><span style=\"font-weight: 400;\">4) colaborar na elabora\u00e7\u00e3o de pol\u00edticas p\u00fablicas para cria\u00e7\u00e3o de fundos de apoio a iniciativas de projetos de Ci\u00eancia Cidad\u00e3;<\/span><\/p>\n<p><span style=\"font-weight: 400;\">5) promover encontros e workshops;<\/span><\/p>\n<p><span style=\"font-weight: 400;\">6) apoiar e oferecer cursos de forma\u00e7\u00e3o inicial e continuada de diferentes atores em teoria e pr\u00e1tica de ci\u00eancia cidad\u00e3;<\/span><\/p>\n<p><span style=\"font-weight: 400;\">7) fomentar iniciativas de pesquisa e a produ\u00e7\u00e3o de publica\u00e7\u00f5es que sintetizem o conhecimento sobre a ci\u00eancia cidad\u00e3, principalmente no Brasil;<\/span><\/p>\n<p><span style=\"font-weight: 400;\">8) articular com ag\u00eancias de fomento\/financiamento o apoio a iniciativas de pesquisa usando a abordagem de ci\u00eancia cidad\u00e3;<\/span><\/p>\n<p><span style=\"font-weight: 400;\">9) divulgar as a\u00e7\u00f5es da rede e as iniciativas de ci\u00eancia cidad\u00e3 existentes no pa\u00eds em um portal\/website e redes sociais.<\/span><\/p>\n","protected":false},"excerpt":{"rendered":"<p>Os objetivos da rede ainda est\u00e3o em constru\u00e7\u00e3o, de forma colaborativa com os membros. Inicialmente, foram previstos os seguintes: &nbsp; 1) realizar o mapeamento continuado e produzir um banco de dados das a\u00e7\u00f5es de ci\u00eancia cidad\u00e3 no Brasil; 2) oferecer espa\u00e7os de di\u00e1logo entre pesquisadores e praticantes de atividades de ci\u00eancia cidad\u00e3; 3) oferecer solu\u00e7\u00f5es<a href=\"https:\/\/sites.usp.br\/rbcienciacidada\/objetivos-2\/\">[&#8230;]<\/a><\/p>\n","protected":false},"author":22174,"featured_media":0,"parent":0,"menu_order":0,"comment_status":"closed","ping_status":"closed","template":"","meta":{"footnotes":"","_links_to":"","_links_to_target":""},"class_list":["post-370","page","type-page","status-publish","hentry"],"_links":{"self":[{"href":"https:\/\/sites.usp.br\/rbcienciacidada\/wp-json\/wp\/v2\/pages\/370","targetHints":{"allow":["GET"]}}],"collection":[{"href":"https:\/\/sites.usp.br\/rbcienciacidada\/wp-json\/wp\/v2\/pages"}],"about":[{"href":"https:\/\/sites.usp.br\/rbcienciacidada\/wp-json\/wp\/v2\/types\/page"}],"author":[{"embeddable":true,"href":"https:\/\/sites.usp.br\/rbcienciacidada\/wp-json\/wp\/v2\/users\/22174"}],"replies":[{"embeddable":true,"href":"https:\/\/sites.usp.br\/rbcienciacidada\/wp-json\/wp\/v2\/comments?post=370"}],"version-history":[{"count":2,"href":"https:\/\/sites.usp.br\/rbcienciacidada\/wp-json\/wp\/v2\/pages\/370\/revisions"}],"predecessor-version":[{"id":376,"href":"https:\/\/sites.usp.br\/rbcienciacidada\/wp-json\/wp\/v2\/pages\/370\/revisions\/376"}],"wp:attachment":[{"href":"https:\/\/sites.usp.br\/rbcienciacidada\/wp-json\/wp\/v2\/media?parent=370"}],"curies":[{"name":"wp","href":"https:\/\/api.w.org\/{rel}","templated":true}]}}