{"id":3168,"date":"2016-02-04T11:21:30","date_gmt":"2016-02-04T14:21:30","guid":{"rendered":"http:\/\/www.rcgi.poli.usp.br\/\/?page_id=3168"},"modified":"2016-02-04T11:21:30","modified_gmt":"2016-02-04T14:21:30","slug":"programa-de-politicas-de-energia-e-economia","status":"publish","type":"page","link":"https:\/\/sites.usp.br\/rcgi\/programa-de-politicas-de-energia-e-economia\/","title":{"rendered":"Programa de Pol\u00edticas de Energia e Economia"},"content":{"rendered":"<p>[vc_row][vc_column][vc_product_feature title=&#8221;PROGRAMA DE POL\u00cdTICAS DE ENERGIA E ECONOMIA&#8221; font_size=&#8221;18&#8243; title_color=&#8221;#444444&#8243; icon_type=&#8221;openiconic&#8221; icon_color=&#8221;#184e82&#8243; icon_openiconic=&#8221;vc-oi vc-oi-chart-bar&#8221;][\/vc_product_feature][vc_column_text]<\/p>\n<p style=\"text-align: justify\">Projetos do RCGI visam produzir elementos para apoiar e incitar as pol\u00edticas federais, estaduais e municipais para uma efetiva inser\u00e7\u00e3o do g\u00e1s natural nos sistemas de energia. Com foco inicial no contexto brasileiro, pretende-se ampliar os escopo de investiga\u00e7\u00e3o para o contexto global, em particular para os pa\u00edses emergentes.<\/p>\n<p>[\/vc_column_text][vc_empty_space][vc_separator color=&#8221;grey&#8221;][vc_empty_space][vc_custom_heading text=&#8221;Clique no projeto desejado para saber mais detalhes&#8221; font_container=&#8221;tag:h3|font_size:25|text_align:left|color:%233f3f3f&#8221; use_theme_fonts=&#8221;yes&#8221;][vc_empty_space height=&#8221;5px&#8221;][vc_custom_heading text=&#8221;Projeto 21 &#8211; Servi\u00e7o jur\u00eddico brasileiro de normas do g\u00e1s natural&#8221; font_container=&#8221;tag:h5|text_align:left|color:%2305a0c0&#8243; google_fonts=&#8221;font_family:Raleway%3A100%2C200%2C300%2Cregular%2C500%2C600%2C700%2C800%2C900|font_style:500%20bold%20regular%3A500%3Anormal&#8221; link=&#8221;url:http%3A%2F%2Fwww.rcgi.poli.usp.br%2Fpt-br%2Fprogramas-e-projetos%2Fprograma-de-politicas-de-energia-e-economia%2Fprojeto-21%2F|||&#8221;][vc_custom_heading text=&#8221;PROJETO CONCLU\u00cdDO EM 30 DE NOVEMBRO DE 2020&#8243; font_container=&#8221;tag:h5|text_align:left|color:%23f4c907&#8243; google_fonts=&#8221;font_family:Raleway%3A100%2C200%2C300%2Cregular%2C500%2C600%2C700%2C800%2C900|font_style:500%20bold%20regular%3A500%3Anormal&#8221; link=&#8221;|||&#8221;][vc_separator color=&#8221;&#8221; padding_top=&#8221;10&#8243; padding_bottom=&#8221;10&#8243;][vc_custom_heading text=&#8221;Projeto 22 &#8211; Estudos de Benchmark sobre abatimento de CO2 na ind\u00fastria do G\u00e1s Natural \u2013 Normaliza\u00e7\u00e3o, metodologias de c\u00e1lculo e protocolos para economia de energia e abatimento de CO2&#8243; font_container=&#8221;tag:h5|text_align:left|color:%2305a0c0&#8243; google_fonts=&#8221;font_family:Raleway%3A100%2C200%2C300%2Cregular%2C500%2C600%2C700%2C800%2C900|font_style:500%20bold%20regular%3A500%3Anormal&#8221; link=&#8221;url:http%3A%2F%2Fwww.rcgi.poli.usp.br%2Fpt-br%2Fprogramas-e-projetos%2Fprograma-de-politicas-de-energia-e-economia%2Fprojeto-22%2F|||&#8221;][vc_custom_heading text=&#8221;PROJETO CONCLU\u00cdDO EM 30 DE NOVEMBRO DE 2020&#8243; font_container=&#8221;tag:h5|text_align:left|color:%23f4c907&#8243; google_fonts=&#8221;font_family:Raleway%3A100%2C200%2C300%2Cregular%2C500%2C600%2C700%2C800%2C900|font_style:500%20bold%20regular%3A500%3Anormal&#8221; link=&#8221;|||&#8221;][vc_separator color=&#8221;&#8221; padding_top=&#8221;10&#8243; padding_bottom=&#8221;10&#8243;][vc_custom_heading text=&#8221;Projeto 23 &#8211; Invent\u00e1rio brasileiro de gases de efeito estufa e cen\u00e1rios para a redu\u00e7\u00e3o das emiss\u00f5es relacionadas ao G\u00e1s Natural&#8221; font_container=&#8221;tag:h5|text_align:left|color:%2305a0c0&#8243; google_fonts=&#8221;font_family:Raleway%3A100%2C200%2C300%2Cregular%2C500%2C600%2C700%2C800%2C900|font_style:500%20bold%20regular%3A500%3Anormal&#8221; link=&#8221;url:http%3A%2F%2Fwww.rcgi.poli.usp.br%2Fpt-br%2Fprogramas-e-projetos%2Fprograma-de-politicas-de-energia-e-economia%2Fprojeto-23%2F|||&#8221;][vc_custom_heading text=&#8221;PROJETO CONCLU\u00cdDO EM 30 DE NOVEMBRO DE 2020&#8243; font_container=&#8221;tag:h5|text_align:left|color:%23f4c907&#8243; google_fonts=&#8221;font_family:Raleway%3A100%2C200%2C300%2Cregular%2C500%2C600%2C700%2C800%2C900|font_style:500%20bold%20regular%3A500%3Anormal&#8221; link=&#8221;|||&#8221;][vc_separator color=&#8221;&#8221; padding_top=&#8221;10&#8243; padding_bottom=&#8221;10&#8243;][vc_custom_heading text=&#8221;Projeto 24 &#8211; Estimativa de elasticidades pre\u00e7o e renda do G\u00e1s Natural no Brasil&#8221; font_container=&#8221;tag:h5|text_align:left|color:%2305a0c0&#8243; google_fonts=&#8221;font_family:Raleway%3A100%2C200%2C300%2Cregular%2C500%2C600%2C700%2C800%2C900|font_style:500%20bold%20regular%3A500%3Anormal&#8221; link=&#8221;url:http%3A%2F%2Fwww.rcgi.poli.usp.br%2Fpt-br%2Fprogramas-e-projetos%2Fprograma-de-politicas-de-energia-e-economia%2Fprojeto-24%2F|||&#8221;][vc_custom_heading text=&#8221;PROJETO CONCLU\u00cdDO EM 30 DE NOVEMBRO DE 2020&#8243; font_container=&#8221;tag:h5|text_align:left|color:%23f4c907&#8243; google_fonts=&#8221;font_family:Raleway%3A100%2C200%2C300%2Cregular%2C500%2C600%2C700%2C800%2C900|font_style:500%20bold%20regular%3A500%3Anormal&#8221; link=&#8221;|||&#8221;][vc_separator color=&#8221;&#8221; padding_top=&#8221;10&#8243; padding_bottom=&#8221;10&#8243;][vc_custom_heading text=&#8221;Projeto 25 &#8211; An\u00e1lise Integrada da sustentabilidade do G\u00e1s Natural como combust\u00edvel para transporte em ve\u00edculos pesados: o Corredor Azul Paulista&#8221; font_container=&#8221;tag:h5|text_align:left|color:%2305a0c0&#8243; google_fonts=&#8221;font_family:Raleway%3A100%2C200%2C300%2Cregular%2C500%2C600%2C700%2C800%2C900|font_style:500%20bold%20regular%3A500%3Anormal&#8221; link=&#8221;url:http%3A%2F%2Fwww.rcgi.poli.usp.br%2Fpt-br%2Fprogramas-e-projetos%2Fprograma-de-politicas-de-energia-e-economia%2Fprojeto-25%2F|||&#8221;][vc_custom_heading text=&#8221;PROJETO CONCLU\u00cdDO EM 30 DE NOVEMBRO DE 2020&#8243; font_container=&#8221;tag:h5|text_align:left|color:%23f4c907&#8243; google_fonts=&#8221;font_family:Raleway%3A100%2C200%2C300%2Cregular%2C500%2C600%2C700%2C800%2C900|font_style:500%20bold%20regular%3A500%3Anormal&#8221; link=&#8221;|||&#8221;][vc_separator color=&#8221;&#8221; padding_top=&#8221;10&#8243; padding_bottom=&#8221;10&#8243;][vc_custom_heading text=&#8221;Projeto 26 &#8211; Avalia\u00e7\u00e3o das alternativas de transporte de GNL e GNC em pequena escala de suprimento para locais distantes da rede de gasodutos e planejamento de expans\u00e3o e opera\u00e7\u00e3o de redes multimodais integradas&#8221; font_container=&#8221;tag:h5|text_align:left|color:%2305a0c0&#8243; google_fonts=&#8221;font_family:Raleway%3A100%2C200%2C300%2Cregular%2C500%2C600%2C700%2C800%2C900|font_style:500%20bold%20regular%3A500%3Anormal&#8221; link=&#8221;url:http%3A%2F%2Fwww.rcgi.poli.usp.br%2Fpt-br%2Fprogramas-e-projetos%2Fprograma-de-politicas-de-energia-e-economia%2Fprojeto-26%2F|||&#8221;][vc_custom_heading text=&#8221;PROJETO CONCLU\u00cdDO EM 30 DE NOVEMBRO DE 2020&#8243; font_container=&#8221;tag:h5|text_align:left|color:%23f4c907&#8243; google_fonts=&#8221;font_family:Raleway%3A100%2C200%2C300%2Cregular%2C500%2C600%2C700%2C800%2C900|font_style:500%20bold%20regular%3A500%3Anormal&#8221; link=&#8221;|||&#8221;][vc_separator color=&#8221;&#8221; padding_top=&#8221;10&#8243; padding_bottom=&#8221;10&#8243;][vc_custom_heading text=&#8221;Projeto 27 &#8211; As perspectivas de contribui\u00e7\u00e3o do Biometano para aumentar a oferta de G\u00e1s Natural&#8221; font_container=&#8221;tag:h5|text_align:left|color:%2305a0c0&#8243; google_fonts=&#8221;font_family:Raleway%3A100%2C200%2C300%2Cregular%2C500%2C600%2C700%2C800%2C900|font_style:500%20bold%20regular%3A500%3Anormal&#8221; link=&#8221;url:http%3A%2F%2Fwww.rcgi.poli.usp.br%2Fpt-br%2Fprogramas-e-projetos%2Fprograma-de-politicas-de-energia-e-economia%2Fprojeto-27%2F|||&#8221;][vc_custom_heading text=&#8221;PROJETO CONCLU\u00cdDO EM 30 DE NOVEMBRO DE 2020&#8243; font_container=&#8221;tag:h5|text_align:left|color:%23f4c907&#8243; google_fonts=&#8221;font_family:Raleway%3A100%2C200%2C300%2Cregular%2C500%2C600%2C700%2C800%2C900|font_style:500%20bold%20regular%3A500%3Anormal&#8221; link=&#8221;|||&#8221;][vc_separator color=&#8221;&#8221; padding_top=&#8221;10&#8243; padding_bottom=&#8221;10&#8243;][vc_custom_heading text=&#8221;Projeto 28 &#8211; An\u00e1lise do potencial de uso dom\u00e9stico de g\u00e1s integrado com o sistema el\u00e9trico na cidade de S\u00e3o Paulo&#8221; font_container=&#8221;tag:h5|text_align:left|color:%2305a0c0&#8243; google_fonts=&#8221;font_family:Raleway%3A100%2C200%2C300%2Cregular%2C500%2C600%2C700%2C800%2C900|font_style:500%20bold%20regular%3A500%3Anormal&#8221; link=&#8221;url:http%3A%2F%2Fwww.rcgi.poli.usp.br%2Fpt-br%2Fprogramas-e-projetos%2Fprograma-de-politicas-de-energia-e-economia%2Fprojeto-28%2F|||&#8221;][vc_custom_heading text=&#8221;PROJETO CONCLU\u00cdDO EM 30 DE NOVEMBRO DE 2020&#8243; font_container=&#8221;tag:h5|text_align:left|color:%23f4c907&#8243; google_fonts=&#8221;font_family:Raleway%3A100%2C200%2C300%2Cregular%2C500%2C600%2C700%2C800%2C900|font_style:500%20bold%20regular%3A500%3Anormal&#8221; link=&#8221;|||&#8221;][\/vc_column][\/vc_row]<\/p>\n","protected":false},"excerpt":{"rendered":"<p>[vc_row][vc_column][vc_product_feature title=&#8221;PROGRAMA DE POL\u00cdTICAS DE ENERGIA E ECONOMIA&#8221; font_size=&#8221;18&#8243; title_color=&#8221;#444444&#8243; icon_type=&#8221;openiconic&#8221; icon_color=&#8221;#184e82&#8243; icon_openiconic=&#8221;vc-oi vc-oi-chart-bar&#8221;][\/vc_product_feature][vc_column_text] Projetos do RCGI visam produzir elementos para apoiar e incitar as pol\u00edticas federais, estaduais e municipais &hellip; <\/p>\n<p class=\"link-more\"><a href=\"https:\/\/sites.usp.br\/rcgi\/programa-de-politicas-de-energia-e-economia\/\" class=\"more-link\">Continue lendo<span class=\"screen-reader-text\"> &#8220;Programa de Pol\u00edticas de Energia e Economia&#8221;<\/span><\/a><\/p>\n","protected":false},"author":23409,"featured_media":0,"parent":0,"menu_order":28,"comment_status":"closed","ping_status":"closed","template":"","meta":{"_acf_changed":false,"_EventAllDay":false,"_EventTimezone":"","_EventStartDate":"","_EventEndDate":"","_EventStartDateUTC":"","_EventEndDateUTC":"","_EventShowMap":false,"_EventShowMapLink":false,"_EventURL":"","_EventCost":"","_EventCostDescription":"","_EventCurrencySymbol":"","_EventCurrencyCode":"","_EventCurrencyPosition":"","_EventDateTimeSeparator":"","_EventTimeRangeSeparator":"","_EventOrganizerID":[],"_EventVenueID":[],"_OrganizerEmail":"","_OrganizerPhone":"","_OrganizerWebsite":"","_VenueAddress":"","_VenueCity":"","_VenueCountry":"","_VenueProvince":"","_VenueState":"","_VenueZip":"","_VenuePhone":"","_VenueURL":"","_VenueStateProvince":"","_VenueLat":"","_VenueLng":"","_VenueShowMap":false,"_VenueShowMapLink":false,"footnotes":"","_links_to":"","_links_to_target":""},"class_list":["post-3168","page","type-page","status-publish","hentry"],"acf":[],"jetpack_sharing_enabled":true,"_links":{"self":[{"href":"https:\/\/sites.usp.br\/rcgi\/wp-json\/wp\/v2\/pages\/3168","targetHints":{"allow":["GET"]}}],"collection":[{"href":"https:\/\/sites.usp.br\/rcgi\/wp-json\/wp\/v2\/pages"}],"about":[{"href":"https:\/\/sites.usp.br\/rcgi\/wp-json\/wp\/v2\/types\/page"}],"author":[{"embeddable":true,"href":"https:\/\/sites.usp.br\/rcgi\/wp-json\/wp\/v2\/users\/23409"}],"replies":[{"embeddable":true,"href":"https:\/\/sites.usp.br\/rcgi\/wp-json\/wp\/v2\/comments?post=3168"}],"version-history":[{"count":0,"href":"https:\/\/sites.usp.br\/rcgi\/wp-json\/wp\/v2\/pages\/3168\/revisions"}],"wp:attachment":[{"href":"https:\/\/sites.usp.br\/rcgi\/wp-json\/wp\/v2\/media?parent=3168"}],"curies":[{"name":"wp","href":"https:\/\/api.w.org\/{rel}","templated":true}]}}