{"id":51379,"date":"2025-04-03T12:53:10","date_gmt":"2025-04-03T15:53:10","guid":{"rendered":"https:\/\/sites.usp.br\/rcgi\/?page_id=51379"},"modified":"2025-12-15T13:06:32","modified_gmt":"2025-12-15T16:06:32","slug":"cop30","status":"publish","type":"page","link":"https:\/\/sites.usp.br\/rcgi\/br\/eventos\/cop\/cop30\/","title":{"rendered":"COP30"},"content":{"rendered":"\t\t<div data-elementor-type=\"wp-page\" data-elementor-id=\"51379\" class=\"elementor elementor-51379\" data-elementor-post-type=\"page\">\n\t\t\t\t\t\t<section class=\"elementor-section elementor-top-section elementor-element elementor-element-5cee301 elementor-section-full_width elementor-section-stretched elementor-section-height-default elementor-section-height-default\" data-id=\"5cee301\" data-element_type=\"section\" data-settings=\"{&quot;stretch_section&quot;:&quot;section-stretched&quot;}\">\n\t\t\t\t\t\t<div class=\"elementor-container elementor-column-gap-default\">\n\t\t\t\t\t<div class=\"elementor-column elementor-col-100 elementor-top-column elementor-element elementor-element-9bd41f4\" data-id=\"9bd41f4\" data-element_type=\"column\">\n\t\t\t<div class=\"elementor-widget-wrap elementor-element-populated\">\n\t\t\t\t\t\t<div class=\"elementor-element elementor-element-32ae17e elementor-widget elementor-widget-heading\" data-id=\"32ae17e\" data-element_type=\"widget\" data-widget_type=\"heading.default\">\n\t\t\t\t<div class=\"elementor-widget-container\">\n\t\t\t<h5 class=\"elementor-heading-title elementor-size-default\">EVENTS<\/h5>\t\t<\/div>\n\t\t\t\t<\/div>\n\t\t\t\t<div class=\"elementor-element elementor-element-ad091a0 elementor-widget elementor-widget-heading\" data-id=\"ad091a0\" data-element_type=\"widget\" data-widget_type=\"heading.default\">\n\t\t\t\t<div class=\"elementor-widget-container\">\n\t\t\t<h2 class=\"elementor-heading-title elementor-size-default\">RCGI's participation in COP30<\/h2>\t\t<\/div>\n\t\t\t\t<\/div>\n\t\t\t\t<div class=\"elementor-element elementor-element-de87fa8 elementor-widget-divider--view-line elementor-widget elementor-widget-divider\" data-id=\"de87fa8\" data-element_type=\"widget\" data-widget_type=\"divider.default\">\n\t\t\t\t<div class=\"elementor-widget-container\">\n\t\t\t\t\t<div class=\"elementor-divider\">\n\t\t\t<span class=\"elementor-divider-separator\">\n\t\t\t\t\t\t<\/span>\n\t\t<\/div>\n\t\t\t\t<\/div>\n\t\t\t\t<\/div>\n\t\t\t\t\t<\/div>\n\t\t<\/div>\n\t\t\t\t\t<\/div>\n\t\t<\/section>\n\t\t<div class=\"elementor-element elementor-element-b4f97a4 e-flex e-con-boxed e-con e-parent\" data-id=\"b4f97a4\" data-element_type=\"container\">\n\t\t\t\t\t<div class=\"e-con-inner\">\n\t\t<div class=\"elementor-element elementor-element-3f265eb e-con-full e-flex e-con e-child\" data-id=\"3f265eb\" data-element_type=\"container\">\n\t\t\t\t<div class=\"elementor-element elementor-element-63b091d elementor-widget elementor-widget-text-editor\" data-id=\"63b091d\" data-element_type=\"widget\" data-widget_type=\"text-editor.default\">\n\t\t\t\t<div class=\"elementor-widget-container\">\n\t\t\t\t\t\t\t<p><strong>RCGI refor\u00e7a protagonismo cient\u00edfico na COP30 com participa\u00e7\u00e3o em debates sobre clima e transi\u00e7\u00e3o energ\u00e9tica<\/strong><\/p><p>O Centro de Pesquisa e Inova\u00e7\u00e3o em Gases de Efeito Estufa (RCGI), da USP, marcou presen\u00e7a na COP30, no per\u00edodo de 10 e 16 de novembro, em Bel\u00e9m, com uma agenda intensa de di\u00e1logo internacional, participa\u00e7\u00e3o em pain\u00e9is e articula\u00e7\u00e3o cient\u00edfica. Representaram o centro o diretor cient\u00edfico Prof. Julio Meneghini e a diretora de Recursos Humanos e Comunica\u00e7\u00e3o Institucional Profa. Karen Mascarenhas, al\u00e9m dos professores Paulo Artaxo (IF-USP) e Carlos Eduardo Pellegrino Cerri (Esalq-USP).<\/p><p><strong>Educa\u00e7\u00e3o e clima \u2013 <\/strong>O Prof. Julio Meneghini participou do painel \u201cHigher Education for Climate Action\u201d, realizado no <em>Higher Education Pavilion<\/em> da <em>Blue Zone<\/em> no dia 15 de novembro. Tamb\u00e9m integrou a sess\u00e3o a Profa. Patricia Iglecias, superintendente de Gest\u00e3o Ambiental da USP, juntamente com Patr\u00edcia Pereira da Silva (vice-reitora da Universidade de Coimbra) e S\u00f4nia Rodrigues (Coordenadora do Gabinete de Desenvolvimento Sustent\u00e1vel da institui\u00e7\u00e3o)<\/p><p>O painel discutiu caminhos para descarbonizar grandes campi universit\u00e1rios, envolvendo moderniza\u00e7\u00e3o de infraestrutura, governan\u00e7a clim\u00e1tica, efici\u00eancia energ\u00e9tica e preserva\u00e7\u00e3o do patrim\u00f4nio.<\/p><p><strong>Descarboniza\u00e7\u00e3o dos transportes \u2013 <\/strong>No dia 13 de novembro, a Profa. Karen Mascarenhas representou o RCGI no painel \u201cTransport Decarbonization\u201d, realizado durante os <em>UN Global Compact \u2013 Brazil Network Side Events<\/em>, parte do evento \u201cDo Papel \u00e0 Pr\u00e1tica: Da Ambi\u00e7\u00e3o \u00e0 A\u00e7\u00e3o Clim\u00e1tica Empresarial\u201d, promovido pelo Pacto Global da ONU \u2013 Rede Brasil<\/p><p>Ela abordou rotas tecnol\u00f3gicas para descarbonizar o transporte e ressaltou a import\u00e2ncia da coopera\u00e7\u00e3o e da atua\u00e7\u00e3o interdisciplinar. Mascarenhas tamb\u00e9m apresentou os avan\u00e7os do RCGI em captura, utiliza\u00e7\u00e3o e armazenamento de CO\u2082 (CCUS), rotas de combust\u00edveis sint\u00e9ticos, bioenergia, solu\u00e7\u00f5es baseadas na natureza e a tecnologia pioneira de hidrog\u00eanio renov\u00e1vel produzido a partir do etanol, desenvolvida no centro.<\/p><p><strong>Debates estrat\u00e9gicos \u2013 <\/strong>Entre 10 e 14 de novembro, Meneghini e Mascarenhas participaram das <em>Climate Action House Leaders\u2019 Lunch Sessions<\/em>, que reuniam diariamente entre 60 e 80 l\u00edderes globais para discuss\u00f5es tem\u00e1ticas sobre inova\u00e7\u00e3o digital, transi\u00e7\u00e3o energ\u00e9tica, financiamento clim\u00e1tico, ind\u00fastria de baixo carbono e biodiversidade. As sess\u00f5es, co-organizadas com parceiros institucionais e amplamente acompanhadas por empresas, investidores e organiza\u00e7\u00f5es multilaterais, aprofundaram o di\u00e1logo sobre governan\u00e7a e implementa\u00e7\u00e3o de solu\u00e7\u00f5es clim\u00e1ticas.\u201d<\/p><p><strong>Tecnologias de baixo carbono \u2013 <\/strong>A equipe tamb\u00e9m acompanhou um side event internacional sobre CCS, promovido pela CCS Brasil, no dia 14 de novembro, que reuniu especialistas do Brasil e de outros pa\u00edses para discutir tend\u00eancias e desafios em captura e armazenamento de carbono. Al\u00e9m disso, participaram de um evento a convite diretora executiva da Associa\u00e7\u00e3o Brasileira da Ind\u00fastria do Hidrog\u00eanio Verde, Fernanda Delgado, onde se reuniram com o embaixador Andr\u00e9 Corr\u00eaa do Lago, presidente da COP30.<\/p><p>Ambos receberam ainda convite para conhecer o Green Pioneer, navio movido a am\u00f4nia da Fortescue \u2014 o primeiro do mundo com propuls\u00e3o dual alimentada por am\u00f4nia, reconhecido pela <em>TIME<\/em> como uma das melhores inven\u00e7\u00f5es de 2025 \u2014 e visitou tamb\u00e9m o barco movido a hidrog\u00eanio da GWM, ancorado no Porto Futuro.<\/p><p><strong>Pesquisa e impacto \u2013 <\/strong>A participa\u00e7\u00e3o do RCGI refor\u00e7ou o protagonismo da universidade p\u00fablica brasileira na agenda clim\u00e1tica global. Para Meneghini, levar conhecimento cient\u00edfico \u00e0 COP \u00e9 essencial para acelerar solu\u00e7\u00f5es:<\/p><p>\u201cO RCGI existe para transformar conhecimento cient\u00edfico em solu\u00e7\u00f5es reais. Na COP, mostramos que a academia brasileira pode liderar tecnologias essenciais para a descarboniza\u00e7\u00e3o \u2014 e que estamos preparados para colaborar globalmente.\u201d<\/p><p>Karen Mascarenhas destaca a relev\u00e2ncia do encontro na conex\u00e3o entre pesquisa e sociedade: \u201cA COP \u00e9 o lugar onde a ci\u00eancia precisa estar. N\u00e3o apenas para apresentar resultados, mas para dialogar e construir solu\u00e7\u00f5es que fa\u00e7am sentido para o Brasil e para o mundo.\u201d<\/p><p>\u00a0<\/p>\t\t\t\t\t\t<\/div>\n\t\t\t\t<\/div>\n\t\t\t\t<\/div>\n\t\t<div class=\"elementor-element elementor-element-61f3847 e-con-full e-flex e-con e-child\" data-id=\"61f3847\" data-element_type=\"container\">\n\t\t<div class=\"elementor-element elementor-element-b273d56 e-grid e-con-full e-con e-child\" data-id=\"b273d56\" data-element_type=\"container\">\n\t\t\t\t<div class=\"elementor-element elementor-element-61139b6 elementor-widget elementor-widget-image\" data-id=\"61139b6\" data-element_type=\"widget\" data-widget_type=\"image.default\">\n\t\t\t\t<div class=\"elementor-widget-container\">\n\t\t\t\t\t\t\t\t\t\t\t\t\t<img fetchpriority=\"high\" decoding=\"async\" width=\"525\" height=\"295\" src=\"https:\/\/sites.usp.br\/rcgi\/wp-content\/uploads\/sites\/1196\/2025\/12\/WhatsApp-Image-2025-12-15-at-12.53.19-1024x576.jpeg\" class=\"attachment-large size-large wp-image-56166\" alt=\"\" srcset=\"https:\/\/sites.usp.br\/rcgi\/wp-content\/uploads\/sites\/1196\/2025\/12\/WhatsApp-Image-2025-12-15-at-12.53.19-1024x576.jpeg 1024w, https:\/\/sites.usp.br\/rcgi\/wp-content\/uploads\/sites\/1196\/2025\/12\/WhatsApp-Image-2025-12-15-at-12.53.19-300x169.jpeg 300w, https:\/\/sites.usp.br\/rcgi\/wp-content\/uploads\/sites\/1196\/2025\/12\/WhatsApp-Image-2025-12-15-at-12.53.19-768x432.jpeg 768w, https:\/\/sites.usp.br\/rcgi\/wp-content\/uploads\/sites\/1196\/2025\/12\/WhatsApp-Image-2025-12-15-at-12.53.19-310x174.jpeg 310w, https:\/\/sites.usp.br\/rcgi\/wp-content\/uploads\/sites\/1196\/2025\/12\/WhatsApp-Image-2025-12-15-at-12.53.19.jpeg 1280w\" sizes=\"100vw\" \/>\t\t\t\t\t\t\t\t\t\t\t\t\t<\/div>\n\t\t\t\t<\/div>\n\t\t\t\t<div class=\"elementor-element elementor-element-21c35de elementor-widget elementor-widget-image\" data-id=\"21c35de\" data-element_type=\"widget\" data-widget_type=\"image.default\">\n\t\t\t\t<div class=\"elementor-widget-container\">\n\t\t\t\t\t\t\t\t\t\t\t\t\t<img decoding=\"async\" width=\"525\" height=\"295\" src=\"https:\/\/sites.usp.br\/rcgi\/wp-content\/uploads\/sites\/1196\/2025\/12\/WhatsApp-Image-2025-12-15-at-12.53.34-1024x576.jpeg\" class=\"attachment-large size-large wp-image-56171\" alt=\"\" srcset=\"https:\/\/sites.usp.br\/rcgi\/wp-content\/uploads\/sites\/1196\/2025\/12\/WhatsApp-Image-2025-12-15-at-12.53.34-1024x576.jpeg 1024w, https:\/\/sites.usp.br\/rcgi\/wp-content\/uploads\/sites\/1196\/2025\/12\/WhatsApp-Image-2025-12-15-at-12.53.34-300x169.jpeg 300w, https:\/\/sites.usp.br\/rcgi\/wp-content\/uploads\/sites\/1196\/2025\/12\/WhatsApp-Image-2025-12-15-at-12.53.34-768x432.jpeg 768w, https:\/\/sites.usp.br\/rcgi\/wp-content\/uploads\/sites\/1196\/2025\/12\/WhatsApp-Image-2025-12-15-at-12.53.34-310x174.jpeg 310w, https:\/\/sites.usp.br\/rcgi\/wp-content\/uploads\/sites\/1196\/2025\/12\/WhatsApp-Image-2025-12-15-at-12.53.34.jpeg 1280w\" sizes=\"100vw\" \/>\t\t\t\t\t\t\t\t\t\t\t\t\t<\/div>\n\t\t\t\t<\/div>\n\t\t\t\t<div class=\"elementor-element elementor-element-0f5aec9 elementor-widget elementor-widget-image\" data-id=\"0f5aec9\" data-element_type=\"widget\" data-widget_type=\"image.default\">\n\t\t\t\t<div class=\"elementor-widget-container\">\n\t\t\t\t\t\t\t\t\t\t\t\t\t<img decoding=\"async\" width=\"525\" height=\"394\" src=\"https:\/\/sites.usp.br\/rcgi\/wp-content\/uploads\/sites\/1196\/2025\/12\/WhatsApp-Image-2025-12-15-at-12.53.00-1024x768.jpeg\" class=\"attachment-large size-large wp-image-56170\" alt=\"\" srcset=\"https:\/\/sites.usp.br\/rcgi\/wp-content\/uploads\/sites\/1196\/2025\/12\/WhatsApp-Image-2025-12-15-at-12.53.00-1024x768.jpeg 1024w, https:\/\/sites.usp.br\/rcgi\/wp-content\/uploads\/sites\/1196\/2025\/12\/WhatsApp-Image-2025-12-15-at-12.53.00-300x225.jpeg 300w, https:\/\/sites.usp.br\/rcgi\/wp-content\/uploads\/sites\/1196\/2025\/12\/WhatsApp-Image-2025-12-15-at-12.53.00-768x576.jpeg 768w, https:\/\/sites.usp.br\/rcgi\/wp-content\/uploads\/sites\/1196\/2025\/12\/WhatsApp-Image-2025-12-15-at-12.53.00-80x60.jpeg 80w, https:\/\/sites.usp.br\/rcgi\/wp-content\/uploads\/sites\/1196\/2025\/12\/WhatsApp-Image-2025-12-15-at-12.53.00.jpeg 1280w\" sizes=\"100vw\" \/>\t\t\t\t\t\t\t\t\t\t\t\t\t<\/div>\n\t\t\t\t<\/div>\n\t\t\t\t<div class=\"elementor-element elementor-element-4cbbc6c elementor-widget elementor-widget-image\" data-id=\"4cbbc6c\" data-element_type=\"widget\" data-widget_type=\"image.default\">\n\t\t\t\t<div class=\"elementor-widget-container\">\n\t\t\t\t\t\t\t\t\t\t\t\t\t<img loading=\"lazy\" decoding=\"async\" width=\"525\" height=\"295\" src=\"https:\/\/sites.usp.br\/rcgi\/wp-content\/uploads\/sites\/1196\/2025\/12\/581437353_18084089368962186_5186561043643635580_n-1024x576.jpg\" class=\"attachment-large size-large wp-image-56172\" alt=\"\" srcset=\"https:\/\/sites.usp.br\/rcgi\/wp-content\/uploads\/sites\/1196\/2025\/12\/581437353_18084089368962186_5186561043643635580_n-1024x576.jpg 1024w, https:\/\/sites.usp.br\/rcgi\/wp-content\/uploads\/sites\/1196\/2025\/12\/581437353_18084089368962186_5186561043643635580_n-300x169.jpg 300w, https:\/\/sites.usp.br\/rcgi\/wp-content\/uploads\/sites\/1196\/2025\/12\/581437353_18084089368962186_5186561043643635580_n-768x432.jpg 768w, https:\/\/sites.usp.br\/rcgi\/wp-content\/uploads\/sites\/1196\/2025\/12\/581437353_18084089368962186_5186561043643635580_n-310x174.jpg 310w, https:\/\/sites.usp.br\/rcgi\/wp-content\/uploads\/sites\/1196\/2025\/12\/581437353_18084089368962186_5186561043643635580_n.jpg 1080w\" sizes=\"100vw\" \/>\t\t\t\t\t\t\t\t\t\t\t\t\t<\/div>\n\t\t\t\t<\/div>\n\t\t\t\t<div class=\"elementor-element elementor-element-ab9577d elementor-widget elementor-widget-image\" data-id=\"ab9577d\" data-element_type=\"widget\" data-widget_type=\"image.default\">\n\t\t\t\t<div class=\"elementor-widget-container\">\n\t\t\t\t\t\t\t\t\t\t\t\t\t<img loading=\"lazy\" decoding=\"async\" width=\"525\" height=\"394\" src=\"https:\/\/sites.usp.br\/rcgi\/wp-content\/uploads\/sites\/1196\/2025\/12\/582083338_18084089395962186_6640274066045034576_n-1024x768.jpg\" class=\"attachment-large size-large wp-image-56173\" alt=\"\" srcset=\"https:\/\/sites.usp.br\/rcgi\/wp-content\/uploads\/sites\/1196\/2025\/12\/582083338_18084089395962186_6640274066045034576_n-1024x768.jpg 1024w, https:\/\/sites.usp.br\/rcgi\/wp-content\/uploads\/sites\/1196\/2025\/12\/582083338_18084089395962186_6640274066045034576_n-300x225.jpg 300w, https:\/\/sites.usp.br\/rcgi\/wp-content\/uploads\/sites\/1196\/2025\/12\/582083338_18084089395962186_6640274066045034576_n-768x576.jpg 768w, https:\/\/sites.usp.br\/rcgi\/wp-content\/uploads\/sites\/1196\/2025\/12\/582083338_18084089395962186_6640274066045034576_n-80x60.jpg 80w, https:\/\/sites.usp.br\/rcgi\/wp-content\/uploads\/sites\/1196\/2025\/12\/582083338_18084089395962186_6640274066045034576_n.jpg 1080w\" sizes=\"100vw\" \/>\t\t\t\t\t\t\t\t\t\t\t\t\t<\/div>\n\t\t\t\t<\/div>\n\t\t\t\t<\/div>\n\t\t\t\t<\/div>\n\t\t\t\t\t<\/div>\n\t\t\t\t<\/div>\n\t\t\t\t<\/div>\n\t\t","protected":false},"excerpt":{"rendered":"<p>EVENTS RCGI&#8217;s participation in COP30 RCGI refor\u00e7a protagonismo cient\u00edfico na COP30 com participa\u00e7\u00e3o em debates sobre clima e transi\u00e7\u00e3o energ\u00e9tica O Centro de Pesquisa e Inova\u00e7\u00e3o em Gases de Efeito &hellip; <\/p>\n<p class=\"link-more\"><a href=\"https:\/\/sites.usp.br\/rcgi\/br\/eventos\/cop\/cop30\/\" class=\"more-link\">Continue lendo<span class=\"screen-reader-text\"> &#8220;COP30&#8221;<\/span><\/a><\/p>\n","protected":false},"author":24135,"featured_media":0,"parent":51323,"menu_order":0,"comment_status":"closed","ping_status":"closed","template":"elementor_header_footer","meta":{"_acf_changed":false,"_EventAllDay":false,"_EventTimezone":"","_EventStartDate":"","_EventEndDate":"","_EventStartDateUTC":"","_EventEndDateUTC":"","_EventShowMap":false,"_EventShowMapLink":false,"_EventURL":"","_EventCost":"","_EventCostDescription":"","_EventCurrencySymbol":"","_EventCurrencyCode":"","_EventCurrencyPosition":"","_EventDateTimeSeparator":"","_EventTimeRangeSeparator":"","_EventOrganizerID":[],"_EventVenueID":[],"_OrganizerEmail":"","_OrganizerPhone":"","_OrganizerWebsite":"","_VenueAddress":"","_VenueCity":"","_VenueCountry":"","_VenueProvince":"","_VenueState":"","_VenueZip":"","_VenuePhone":"","_VenueURL":"","_VenueStateProvince":"","_VenueLat":"","_VenueLng":"","_VenueShowMap":false,"_VenueShowMapLink":false,"footnotes":"","_links_to":"","_links_to_target":""},"class_list":["post-51379","page","type-page","status-publish","hentry"],"acf":[],"jetpack_sharing_enabled":true,"_links":{"self":[{"href":"https:\/\/sites.usp.br\/rcgi\/wp-json\/wp\/v2\/pages\/51379","targetHints":{"allow":["GET"]}}],"collection":[{"href":"https:\/\/sites.usp.br\/rcgi\/wp-json\/wp\/v2\/pages"}],"about":[{"href":"https:\/\/sites.usp.br\/rcgi\/wp-json\/wp\/v2\/types\/page"}],"author":[{"embeddable":true,"href":"https:\/\/sites.usp.br\/rcgi\/wp-json\/wp\/v2\/users\/24135"}],"replies":[{"embeddable":true,"href":"https:\/\/sites.usp.br\/rcgi\/wp-json\/wp\/v2\/comments?post=51379"}],"version-history":[{"count":4,"href":"https:\/\/sites.usp.br\/rcgi\/wp-json\/wp\/v2\/pages\/51379\/revisions"}],"predecessor-version":[{"id":56182,"href":"https:\/\/sites.usp.br\/rcgi\/wp-json\/wp\/v2\/pages\/51379\/revisions\/56182"}],"up":[{"embeddable":true,"href":"https:\/\/sites.usp.br\/rcgi\/wp-json\/wp\/v2\/pages\/51323"}],"wp:attachment":[{"href":"https:\/\/sites.usp.br\/rcgi\/wp-json\/wp\/v2\/media?parent=51379"}],"curies":[{"name":"wp","href":"https:\/\/api.w.org\/{rel}","templated":true}]}}