{"id":181,"date":"2019-11-18T16:02:21","date_gmt":"2019-11-18T18:02:21","guid":{"rendered":"https:\/\/sites.usp.br\/redecoop\/?page_id=181"},"modified":"2020-02-14T13:10:44","modified_gmt":"2020-02-14T15:10:44","slug":"producao-e-sustentabilidade","status":"publish","type":"page","link":"https:\/\/sites.usp.br\/redecoop\/producao-e-sustentabilidade\/","title":{"rendered":"Produ\u00e7\u00e3o e Sustentabilidade"},"content":{"rendered":"<p><\/p>\n<h2>Produ\u00e7\u00e3o e Sustentabilidade<\/h2>\n<ol>\n<li><a href=\"http:\/\/pro.poli.usp.br\/wp-content\/uploads\/2018\/11\/ARTIGO-Eco-Industrial-Parks_WILL-AMATO-NETO-RD-MANAGEMENT-JUL.2018.pdf\" target=\"_blank\" rel=\"noopener noreferrer\">SILVA, W. L. C. ; AMATO NETO, J. ; MELO, M. F. S. ; YARYD, R. T. . Innovation in eco-industrial parks: a comparative review of case studies. In: R&amp;D MANAGEMENT CONFERENCE, 2018, Milano. R&amp;Designing Innovation: Transformational Challenges for Organizations and Society?. Milano: R&amp;D, 2018. p. 1-19.<\/a><\/li>\n<li><a href=\"http:\/\/pro.poli.usp.br\/wp-content\/uploads\/2018\/11\/ARTIGO-LIMONGI-RODRIGO-AMATO-NETO-CLEANER-PRODUCTION-COLOMBIA-JUN.2018-1.pdf\" target=\"_blank\" rel=\"noopener noreferrer\">FRANCA, A. S. L. ;\u00a0AMATO NETO, J.; GONCALVES, R. F. ; ALMEIDA, C. M. V. B. . Aplica\u00e7\u00e3o da arquitetura blockchain na gest\u00e3o de res\u00edduos s\u00f3lidos em um munic\u00edpio de pequeno porte. In: INTERNATIONAL WORKSHOP ADVANCES IN CLEANER PRODUCTION, 7., 2018, Barranquilla. Cleaner production for achieving sustainable development goals. Barranquilla, 2018. p. 1-10.<\/a><\/li>\n<li>&#8220;<a href=\"http:\/\/pro.poli.usp.br\/wp-content\/uploads\/2015\/09\/EUROMA-2015-MARCOS-BARROS-AMATO-NETO-Sustainable-development-2.pdf\" target=\"_blank\" rel=\"noopener noreferrer\">Sustainable development and productive cooperation: a petrochemical-plastics industrial cluster case in the\u00a0Grande ABC Paulista region, Brazil&#8221; &#8211; Marcos Cesar Lopes Barros e Jo\u00e3o Amato Neto, 2015<\/a><\/li>\n<li>&#8220;<a href=\"http:\/\/pro.poli.usp.br\/wp-content\/uploads\/2015\/09\/Full-Paper-Rita-Lopes-Sustainable-development-II.pdf\" target=\"_blank\" rel=\"noopener noreferrer\">Sustainable development in the Retail Supply Chain Brazilian Fashion: Case Study&#8221; &#8211; Rita de C\u00e1ssia Lopes Moro, Francisca Dantas Mendes e Jo\u00e3o Amato Neto, 2015<\/a><\/li>\n<li><a href=\"http:\/\/pro.poli.usp.br\/wp-content\/uploads\/2015\/09\/POMS-2014-ROBERTRO-FRAY-HUGO-AMATO-NETO051-0766.pdf\" target=\"_blank\" rel=\"noopener noreferrer\">&#8220;The state of the art in cleaner production: a bibliometric analysis from 2000 until 2013&#8221; &#8211; Roberto Fray da Silva, Jo\u00e3o Amato Neto, Hugo Tsugonobu Yoshida Yoshizaki e Carlos Eduardo Cugnasca, 2014<\/a><\/li>\n<li>&#8220;<a href=\"http:\/\/pro.poli.usp.br\/wp-content\/uploads\/2015\/09\/POMS-2013-Human-rights-FUCCI-AMATO-AMATO-NETO.pdf\" target=\"_blank\" rel=\"noopener noreferrer\">Human rights in sustainable supply chains: towards corporate constitutionalization?&#8221; &#8211; Lucas Fucci Amato e Jo\u00e3o Amato Neto, 2013<\/a><\/li>\n<li>&#8220;<a href=\"http:\/\/pro.poli.usp.br\/wp-content\/uploads\/2015\/09\/POMS-2013-Soybean-MAZZA-AMATO-NETO.pdf\" target=\"_blank\" rel=\"noopener noreferrer\">The environmental impact on the formation of agricultural prices &#8211; a study into the soybean supply chain in Brazil&#8221; &#8211; Luciano Mazza e Jo\u00e3o Amato Neto, 2013<\/a><\/li>\n<li><a href=\"http:\/\/pro.poli.usp.br\/wp-content\/uploads\/2015\/09\/POMS-2013-Sustainable-value-WATANABE-AMATO-NETO.pdf\" target=\"_blank\" rel=\"noopener noreferrer\">&#8220;Sustainable Value Generation through Collaborative Symbiotic Networks Planning&#8221; &#8211; Cyntia Watanabe Rosa, Jo\u00e3o Amato Neto e Juliano Bezerra Ara\u00fajo, \u00a02013<\/a><\/li>\n<li>&#8220;<a href=\"http:\/\/pro.poli.usp.br\/wp-content\/uploads\/2015\/09\/EurOMA-2013-Corporate-constitutionalization-FULL-2.pdf\" target=\"_blank\" rel=\"noopener noreferrer\">Corporate constitutionalization, human rights and sustainable supply chains: remarks on the 10 biggest Brazilian companies&#8221; &#8211;\u00a0Lucas Fucci Amato e Jo\u00e3o Amato-Neto, 2013<\/a><\/li>\n<li><a href=\"https:\/\/sites.usp.br\/redecoop\/wp-content\/uploads\/sites\/633\/2019\/11\/poms-amato-2011.pdf\" target=\"_blank\" rel=\"noopener noreferrer\">\u201cEco-Industrial Parks (EIP) analysis in developing countries\u201d \u2013 Cyntia Watanabe Rosa e Prof. Dr. Jo\u00e3o Amato Neto, 2011<\/a><\/li>\n<li><a href=\"https:\/\/sites.usp.br\/redecoop\/wp-content\/uploads\/sites\/633\/2019\/11\/euroma-amato-2011.pdf\" target=\"_blank\" rel=\"noopener noreferrer\">&#8220;A Study on Common Topics in Industrial Ecology and Operations Management publication&#8221; &#8211; Marcos Cesar Lopes Barros e Prof. Dr. Jo\u00e3o Amato Neto, 2011<\/a><\/li>\n<li><a href=\"https:\/\/sites.usp.br\/redecoop\/wp-content\/uploads\/sites\/633\/2019\/11\/artigo_akatu_anderi_e_amato_neto_jan2011.pdf\" target=\"_blank\" rel=\"noopener noreferrer\">&#8220;UM MODELO DE PRODU\u00c7\u00c3O SUSTENT\u00c1VEL&#8221; &#8211; Prof. Gil Anderi da Silva e Prof. Jo\u00e3o Amato Neto.<\/a><\/li>\n<li><a href=\"https:\/\/sites.usp.br\/redecoop\/wp-content\/uploads\/sites\/633\/2019\/11\/euroma_2010_marcos_barros_e_amato_neto.pdf\" target=\"_blank\" rel=\"noopener noreferrer\">&#8221; CO-OPERATION FOR THE SUSTAINABLE DEVELOPMENT IN INDUSTRIAL CLUSTERS: A BRAZILIAN CASE STUDY&#8221; &#8211; Marcos Cesar Lopes Barros e Jo\u00e3o Amato Neto &#8211; 17th. International Annual EurOMA Conference- Porto-Portugal, 2010.<\/a><\/li>\n<li><a href=\"https:\/\/sites.usp.br\/redecoop\/producao-e-sustentabilidade\/gerpisa-amato-2009-1-2\/\" target=\"_blank\" rel=\"attachment noopener wp-att-245 noreferrer\">AMATO NETO, J. . AN ANALYSIS OF THE MAIN PREREQUISITES FOR THE SUCCESSFUL IMPLEMENTATION OF SUSTAINABLE CONCEPTS IN BRAZILIAN AUTOMOTIVE SUPPLY CHAIN: A MULTIPLE CASE STUDY. GERPISA, Turin &#8211; Italia, 2009.<\/a><\/li>\n<li><a href=\"https:\/\/sites.usp.br\/redecoop\/wp-content\/uploads\/sites\/633\/2019\/11\/gerpisa-amato-2008.pdf\" target=\"_blank\" rel=\"noopener noreferrer\">AMATO NETO, J. . SUSTAINABILITY IN THE BRAZILIAN AUTOMOTIVE PRODUCTIVE CHAIN: A MULTIPLE CASE STUDY. GERPISA, Paris-Fran\u00e7a, 2008.<\/a><\/li>\n<li><a href=\"https:\/\/sites.usp.br\/redecoop\/wp-content\/uploads\/sites\/633\/2019\/11\/fcav-amato-2008.pdf\">AVALIANDO O DESEMPENHO DO \u00cdNDICE DE SUSTENTABILIDADE EMPRESARIAL E AS IMPLICA\u00c7\u00d5ES DA SUSTENTABILIDADE PARA O SETOR PRIVADO . EDUARDO SEVERINO MENCARINI E JO\u00c3O AMATO NETO (Escola Polit\u00e9cnica-USP\/ Funda\u00e7\u00e3o Vanzolini) &#8211; S\u00e3o Paulo,2008.<\/a><\/li>\n<li><a href=\"https:\/\/sites.usp.br\/redecoop\/wp-content\/uploads\/sites\/633\/2019\/11\/poms-amato-2009.pdf\" target=\"_blank\" rel=\"noopener noreferrer\">KELM, A. P.; AMATO NETO, J. . AN ANALYSIS OF THE SOCIO-ENVIRONMENTAL REQUIREMENTS FOR THE CAPACITATION OF SUPPLY NETWORK OF A COSMETIC COMPANY. Proceedings of the 20th. Annual Production and Operations Management Society (POMS) Conference. POMS, Orlando, Florida, USA.<\/a><\/li>\n<\/ol>\n<p>&nbsp;<\/p>","protected":false},"excerpt":{"rendered":"<p>Produ\u00e7\u00e3o e Sustentabilidade SILVA, W. L. C. ; AMATO NETO, J. ; MELO, M. F. S. ; YARYD, R. T.&#46;&#46;&#46;<\/p>\n","protected":false},"author":1228,"featured_media":0,"parent":0,"menu_order":0,"comment_status":"closed","ping_status":"closed","template":"","meta":{"footnotes":"","_links_to":"","_links_to_target":""},"class_list":["post-181","page","type-page","status-publish","hentry"],"_links":{"self":[{"href":"https:\/\/sites.usp.br\/redecoop\/wp-json\/wp\/v2\/pages\/181","targetHints":{"allow":["GET"]}}],"collection":[{"href":"https:\/\/sites.usp.br\/redecoop\/wp-json\/wp\/v2\/pages"}],"about":[{"href":"https:\/\/sites.usp.br\/redecoop\/wp-json\/wp\/v2\/types\/page"}],"author":[{"embeddable":true,"href":"https:\/\/sites.usp.br\/redecoop\/wp-json\/wp\/v2\/users\/1228"}],"replies":[{"embeddable":true,"href":"https:\/\/sites.usp.br\/redecoop\/wp-json\/wp\/v2\/comments?post=181"}],"version-history":[{"count":5,"href":"https:\/\/sites.usp.br\/redecoop\/wp-json\/wp\/v2\/pages\/181\/revisions"}],"predecessor-version":[{"id":376,"href":"https:\/\/sites.usp.br\/redecoop\/wp-json\/wp\/v2\/pages\/181\/revisions\/376"}],"wp:attachment":[{"href":"https:\/\/sites.usp.br\/redecoop\/wp-json\/wp\/v2\/media?parent=181"}],"curies":[{"name":"wp","href":"https:\/\/api.w.org\/{rel}","templated":true}]}}