{"id":184,"date":"2019-11-18T16:03:52","date_gmt":"2019-11-18T18:03:52","guid":{"rendered":"https:\/\/sites.usp.br\/redecoop\/?page_id=184"},"modified":"2020-02-14T13:11:02","modified_gmt":"2020-02-14T15:11:02","slug":"cadeias-produtivas-e-redes-de-fornecedores","status":"publish","type":"page","link":"https:\/\/sites.usp.br\/redecoop\/cadeias-produtivas-e-redes-de-fornecedores\/","title":{"rendered":"Cadeias Produtivas e Redes de Fornecedores"},"content":{"rendered":"<p><\/p>\n<div class=\"art-PostMetadataHeader\">\n<h2 class=\"art-PostHeader\">Cadeias Produtivas e redes de fornecedores<\/h2>\n<\/div>\n<div class=\"art-PostContent\">\n<div class=\"art-article\">\n<ol>\n<li><a href=\"http:\/\/pro.poli.usp.br\/wp-content\/uploads\/2018\/11\/A-IND%C3%9ASTRIA-DE-M%C3%81QUINAS-AGR%C3%8DCOLAS-NO-BRASIL-UMA-AN%C3%81LISE-EVOLUCION%C3%81RIA-NO-PER%C3%8DODO-DE-1985-2015.pdf\" target=\"_blank\" rel=\"noopener noreferrer\">LIMA, V. A. ;\u00a0SANTOS, I. C.\u00a0;\u00a0AMATO NETO, J.. A industria de m\u00e1quinas agr\u00edcolas no Brasil: an\u00e1lise evolucion\u00e1ria no per\u00edodo de 1985-2015: uma revis\u00e3o. In: XVII Congreso Latino-Iberoamericano de Gesti\u00f3n Tecnol\u00f3gica &#8211; ALTEC 2017, 2017, Cidade do M\u00e9xico &#8211; M\u00e9xico. ALTEC 2017 &#8211; Proceedings. Cidade do M\u00e9xico: ALTEC, 2017. v. 1. p. 1-15.<\/a><\/li>\n<li><a href=\"http:\/\/pro.poli.usp.br\/wp-content\/uploads\/2015\/09\/EUROMA-2015-KARYN-AMATO-NETO-ZANCUL-Suppliers-participation.pdf\" target=\"_blank\" rel=\"noopener noreferrer\">AMATO NETO, J., LOPES, K. M., ZANCUL, E.S.,\u00a0Suppliers participation in new product development: A case study in a financial organization &#8211; EUROMA, 2015.<\/a><\/li>\n<li><a href=\"https:\/\/sites.usp.br\/redecoop\/wp-content\/uploads\/sites\/633\/2019\/11\/poms-amato-2004.pdf\" target=\"_blank\" rel=\"noopener noreferrer\">AMATO NETO, J., D&#8217;ANGELO, F., The Influence of Automakers in Industrial Organization of Their Suppliers: The Case of The Brazilian Automotive Complex \u2013 POMS 2004, Cancun -M\u00e9xico.<\/a><\/li>\n<li><a href=\"https:\/\/sites.usp.br\/redecoop\/wp-content\/uploads\/sites\/633\/2019\/11\/epusp-germano-2001.pdf\" target=\"_blank\" rel=\"noopener noreferrer\">CORREIA, G. M., A utiliza\u00e7\u00e3o do conceito de custos de transa\u00e7\u00e3o na sele\u00e7\u00e3o de fornecedores, I Workshop: Redes de Coopera\u00e7\u00e3o e Gest\u00e3o do Conhecimento, PRO-EPUSP, 2001.<\/a><\/li>\n<li><a href=\"https:\/\/sites.usp.br\/redecoop\/wp-content\/uploads\/sites\/633\/2019\/11\/poms-amato-2000.pdf\" target=\"_blank\" rel=\"noopener noreferrer\">AMATO NETO, J., D&#8217;ANGELO, F., Supply chain and new industrial organization forms: the case of Brazilian automobile complex, POMS, 2000.<\/a><\/li>\n<\/ol>\n<p>&nbsp;<\/p>\n<\/div>\n<\/div>\n<p><\/p>","protected":false},"excerpt":{"rendered":"<p>Cadeias Produtivas e redes de fornecedores LIMA, V. A. ;\u00a0SANTOS, I. C.\u00a0;\u00a0AMATO NETO, J.. A industria de m\u00e1quinas agr\u00edcolas no&#46;&#46;&#46;<\/p>\n","protected":false},"author":1228,"featured_media":0,"parent":0,"menu_order":0,"comment_status":"closed","ping_status":"closed","template":"","meta":{"footnotes":"","_links_to":"","_links_to_target":""},"class_list":["post-184","page","type-page","status-publish","hentry"],"_links":{"self":[{"href":"https:\/\/sites.usp.br\/redecoop\/wp-json\/wp\/v2\/pages\/184","targetHints":{"allow":["GET"]}}],"collection":[{"href":"https:\/\/sites.usp.br\/redecoop\/wp-json\/wp\/v2\/pages"}],"about":[{"href":"https:\/\/sites.usp.br\/redecoop\/wp-json\/wp\/v2\/types\/page"}],"author":[{"embeddable":true,"href":"https:\/\/sites.usp.br\/redecoop\/wp-json\/wp\/v2\/users\/1228"}],"replies":[{"embeddable":true,"href":"https:\/\/sites.usp.br\/redecoop\/wp-json\/wp\/v2\/comments?post=184"}],"version-history":[{"count":4,"href":"https:\/\/sites.usp.br\/redecoop\/wp-json\/wp\/v2\/pages\/184\/revisions"}],"predecessor-version":[{"id":377,"href":"https:\/\/sites.usp.br\/redecoop\/wp-json\/wp\/v2\/pages\/184\/revisions\/377"}],"wp:attachment":[{"href":"https:\/\/sites.usp.br\/redecoop\/wp-json\/wp\/v2\/media?parent=184"}],"curies":[{"name":"wp","href":"https:\/\/api.w.org\/{rel}","templated":true}]}}