{"id":400,"date":"2019-10-21T18:38:07","date_gmt":"2019-10-21T20:38:07","guid":{"rendered":"https:\/\/sites.usp.br\/revistabalburdia\/?page_id=400"},"modified":"2026-04-29T09:41:36","modified_gmt":"2026-04-29T11:41:36","slug":"sobre","status":"publish","type":"page","link":"https:\/\/sites.usp.br\/revistabalburdia\/sobre\/","title":{"rendered":"Sobre"},"content":{"rendered":"<div id=\"pl-400\"  class=\"panel-layout\" ><div id=\"pg-400-0\"  class=\"panel-grid panel-no-style\" ><div id=\"pgc-400-0-0\"  class=\"panel-grid-cell\" ><div id=\"panel-400-0-0-0\" class=\"so-panel widget widget_sow-editor panel-first-child panel-last-child\" data-index=\"0\" ><div\n\t\t\t\n\t\t\tclass=\"so-widget-sow-editor so-widget-sow-editor-base\"\n\t\t\t\n\t\t>\n<div class=\"siteorigin-widget-tinymce textwidget\">\n\t<p><strong>A REVISTA<\/strong><\/p>\n<p>A BALB\u00daRDIA (ISSN 2763-8499) \u00e9 uma revista eletr\u00f4nica de publica\u00e7\u00e3o semestral organizada pelos discentes do Programa de P\u00f3s-Gradua\u00e7\u00e3o Interunidades em Ensino de Ci\u00eancias da Universidade de S\u00e3o Paulo (PIEC-USP).<\/p>\n<p>O objetivo da BALB\u00daRDIA\u00a0\u00e9 divulgar a produ\u00e7\u00e3o cient\u00edfica na \u00e1rea\u00a0do Ensino das Ci\u00eancias Naturais (Biologia, F\u00edsica, Qu\u00edmica) para qualquer\u00a0n\u00edvel\u00a0de ensino que tenha sido\u00a0previamente arbitrada (publica\u00e7\u00f5es em peri\u00f3dicos, disserta\u00e7\u00f5es e teses). A BALB\u00daRDIA, portanto,\u00a0divulgar\u00e1 as a\u00e7\u00f5es do PIEC-USP e de outros programas de p\u00f3s-gradua\u00e7\u00e3o\u00a0que v\u00eam sendo realizadas no ambiente acad\u00eamico em prol da melhoria da Educa\u00e7\u00e3o nacional.<\/p>\n<p>Dessa forma, a BALB\u00daRDIA \u00e9 uma iniciativa que visa aproximar as comunidades interna e externas \u00e0 universidade, tendo como meta\u00a0 a democratiza\u00e7\u00e3o e a populariza\u00e7\u00e3o do conhecimento cient\u00edfico produzido no meio acad\u00eamico. Assim, toda a produ\u00e7\u00e3o publicada na Revista BALB\u00daRDIA pode \u2013 e deve \u2013 ser reportada no Curr\u00edculo Lattes, na se\u00e7\u00e3o Educa\u00e7\u00e3o &amp; Populariza\u00e7\u00e3o de C&amp;T &gt; Texto em jornal ou revista.<\/p>\n<p>Em sua \u00faltima avalia\u00e7\u00e3o quadrienal, a Coordena\u00e7\u00e3o de Aperfei\u00e7oamento de Pessoal de N\u00edvel Superior (CAPES) concedeu \u00e0 Revista Balb\u00fardia o estrato Qualis B3.<\/p>\n<p>Boa leitura a todos!<\/p>\n<p>&nbsp;<\/p>\n<p><strong>O PIEC<\/strong><\/p>\n<p class=\"font_8\"><span class=\"backcolor_11\">Criado em 1973, o Programa Interunidades em Ensino de Ci\u00eancias da USP (PIEC-USP) \u00e9 refer\u00eancia em pesquisa e na forma\u00e7\u00e3o de doutores que ocupam cargos de docentes em diversas universidades brasileiras no campo de Ensino de Ci\u00eancias. A BALB\u00daRDIA \u00e9 uma iniciativa \u00fanica e exclusiva dos discentes do PIEC-USP, sendo<\/span><span class=\"backcolor_11\">\u00a0o corpo discente respons\u00e1vel por sua organiza\u00e7\u00e3o.<\/span><\/p>\n<p>&nbsp;<\/p>\n<p><strong>QUE NOME \u00c9 ESSE, BALB\u00daRDIA?<\/strong><\/p>\n<p class=\"font_8\"><span class=\"backcolor_11\">O termo \u201cbalb\u00fardia\u201d se tornou uma forma simb\u00f3lica para a resist\u00eancia das universidades p\u00fablicas ap\u00f3s <a href=\"https:\/\/horadopovo.com.br\/weintraub-corta-30-do-custeio-de-tres-universidades-e-ameaca-quem-fizer-balburdia\/\">o\u00a0ministro\u00a0Abraham Weintraub t\u00ea-la\u00a0utilizado para justificar os cortes de verbas das universidades federais<\/a> em 2019. De l\u00e1 pra c\u00e1, houve diversos cortes nos Minist\u00e9rio da Educa\u00e7\u00e3o (MEC) e do Minist\u00e9rio da Ci\u00eancia, Tecnologia, Inova\u00e7\u00f5es e Comunica\u00e7\u00f5es (MCTIC) que impactaram a USP e o PIEC com perdas de bolsas de pesquisa da CAPES e do CNPq.<\/span><\/p>\n<p class=\"font_8\"><span class=\"backcolor_11\">Assim, a Revista BALB\u00daRDIA reinterpreta o termo usado jocosamente e mostra para a sociedade a verdadeira contribui\u00e7\u00e3o das pesquisas em Ensino de Ci\u00eancias. A nossa \"balb\u00fardia\" possibilita:<\/span><\/p>\n<ul>\n<li><span class=\"backcolor_11\">a elabora\u00e7\u00e3o de\u00a0materiais did\u00e1ticos cada vez melhores;<\/span><\/li>\n<li><span class=\"backcolor_11\">intensa reflex\u00e3o e a\u00e7\u00e3o na forma\u00e7\u00e3o inicial e continuada de professores de Ci\u00eancias;<\/span><\/li>\n<li><span class=\"backcolor_11\">cria\u00e7\u00e3o de novos recursos pedag\u00f3gicos;<\/span><\/li>\n<li><span class=\"backcolor_11\">encaminhamentos para pol\u00edticas p\u00fablicas em ensino de Ci\u00eancias;<\/span><\/li>\n<li><span class=\"backcolor_11\">implementa\u00e7\u00e3o da educa\u00e7\u00e3o cient\u00edfica em espa\u00e7os n\u00e3o formais de ensino;<\/span><\/li>\n<li><span class=\"backcolor_11\">di\u00e1logos interdisciplinares entre as Ci\u00eancias da Natureza e Ci\u00eancias Humanas, etc.\u00a0<\/span><\/li>\n<\/ul>\n<p class=\"font_8\"><span class=\"backcolor_11\">Essas, entre outras, ser\u00e3o o tipo de \"balb\u00fardia\" apresentadas nas p\u00e1ginas da nossa revista. Assim, BALB\u00daRDIA simboliza de forma ir\u00f4nica, o grito daqueles que trabalham arduamente pela promo\u00e7\u00e3o do bem-estar da Na\u00e7\u00e3o.<\/span><\/p>\n<\/div>\n<\/div><\/div><\/div><\/div><\/div>","protected":false},"excerpt":{"rendered":"<p>A REVISTA A BALB\u00daRDIA (ISSN 2763-8499) \u00e9 uma revista eletr\u00f4nica de publica\u00e7\u00e3o semestral organizada pelos discentes do Programa de P\u00f3s-Gradua\u00e7\u00e3o Interunidades em Ensino de Ci\u00eancias da Universidade de S\u00e3o Paulo (PIEC-USP). O objetivo da BALB\u00daRDIA\u00a0\u00e9 divulgar a produ\u00e7\u00e3o cient\u00edfica na \u00e1rea\u00a0do Ensino das Ci\u00eancias Naturais (Biologia, F\u00edsica, Qu\u00edmica) para qualquer\u00a0n\u00edvel\u00a0de ensino que tenha sido\u00a0previamente arbitrada<a href=\"https:\/\/sites.usp.br\/revistabalburdia\/sobre\/\">[&#8230;]<\/a><\/p>\n","protected":false},"author":1179,"featured_media":0,"parent":0,"menu_order":0,"comment_status":"closed","ping_status":"closed","template":"","meta":{"_monsterinsights_skip_tracking":false,"_monsterinsights_sitenote_active":false,"_monsterinsights_sitenote_note":"","_monsterinsights_sitenote_category":0,"footnotes":"","_links_to":"","_links_to_target":""},"class_list":["post-400","page","type-page","status-publish","hentry"],"_links":{"self":[{"href":"https:\/\/sites.usp.br\/revistabalburdia\/wp-json\/wp\/v2\/pages\/400","targetHints":{"allow":["GET"]}}],"collection":[{"href":"https:\/\/sites.usp.br\/revistabalburdia\/wp-json\/wp\/v2\/pages"}],"about":[{"href":"https:\/\/sites.usp.br\/revistabalburdia\/wp-json\/wp\/v2\/types\/page"}],"author":[{"embeddable":true,"href":"https:\/\/sites.usp.br\/revistabalburdia\/wp-json\/wp\/v2\/users\/1179"}],"replies":[{"embeddable":true,"href":"https:\/\/sites.usp.br\/revistabalburdia\/wp-json\/wp\/v2\/comments?post=400"}],"version-history":[{"count":4,"href":"https:\/\/sites.usp.br\/revistabalburdia\/wp-json\/wp\/v2\/pages\/400\/revisions"}],"predecessor-version":[{"id":4940,"href":"https:\/\/sites.usp.br\/revistabalburdia\/wp-json\/wp\/v2\/pages\/400\/revisions\/4940"}],"wp:attachment":[{"href":"https:\/\/sites.usp.br\/revistabalburdia\/wp-json\/wp\/v2\/media?parent=400"}],"curies":[{"name":"wp","href":"https:\/\/api.w.org\/{rel}","templated":true}]}}