{"id":563,"date":"2020-03-07T14:56:59","date_gmt":"2020-03-07T16:56:59","guid":{"rendered":"https:\/\/sites.usp.br\/rnpavc\/?page_id=563"},"modified":"2020-03-07T15:06:55","modified_gmt":"2020-03-07T17:06:55","slug":"bridge-stroke","status":"publish","type":"page","link":"https:\/\/sites.usp.br\/rnpavc\/bridge-stroke\/","title":{"rendered":"BRIDGE-STROKE"},"content":{"rendered":"<p>&nbsp;<\/p>\n<p style=\"text-align: justify;\"><span style=\"font-weight: 400;\">Ensaio cl\u00ednico randomizado em cluster, o aumento do uso de pr\u00e1ticas baseadas em evid\u00eancia atrav\u00e9s de uma estrat\u00e9gia multifacetada. Este estudo representa um projeto de melhoria de qualidade assistencial, por meio de incorpora\u00e7\u00e3o de interven\u00e7\u00f5es baseadas em evid\u00eancias, em hospitais p\u00fablicos terci\u00e1rios e hospitais privados no Brasil, Argentina e Peru. O estudo BRIDGE_STROKE possui duas fases: Fase 1: Estudo observacional (registro) prospectivo visando documentar a pr\u00e1tica cl\u00ednica do manejo agudo do AVC em pacientes atendidos em hospitais p\u00fablicos e privados. Adicionalmente, foi realizado seguimento longitudinal destes pacientes at\u00e9 a alta hospitalar ou s\u00e9timo dia de interna\u00e7\u00e3o. Ap\u00f3s 30 dias tamb\u00e9m foram coletados dados sobre mortalidade e grau de incapacidade atrav\u00e9s de visita ou liga\u00e7\u00e3o telef\u00f4nica. Na fase 2: Ensaio cl\u00ednico randomizado em cluster visando testar a efetividade de um programa de melhoria de pr\u00e1tica cl\u00ednica nestes hospitais. Ap\u00f3s o t\u00e9rmino da fase 2 todos os clusters receber\u00e3o a estrat\u00e9gia multifacetada. Este estudo foi aprovado pelo CONEP. Durante a primeira fase foram inclu\u00eddos 45 hospitais nos tr\u00eas pa\u00edses envolvidos e contemplando todas as regi\u00f5es do Brasil. Nessa fase foram recrutados 941 pacientes. Na segunda fase, 36 hospitais foram retidos e assim randomizados para o grupo interven\u00e7\u00e3o ou para o grupo controle. Durante a execu\u00e7\u00e3o do estudo, foram realizados encontros de investigadores e visitas aos hospitais tanto com o intuito de capacitar os profissionais envolvidos com as atividades de pesquisa propriamente, quanto para capacita\u00e7\u00e3o do uso das ferramentas de melhoria de pr\u00e1tica cl\u00ednica. A metodologia do estudo foi publicada no American Heart Journal e o estudo foi finalizado no segundo semestre de 2018 e os resultados apresentados na principal sess\u00e3o do congresso anual da American Heart Association em Chicago, EUA e aceitos para publica\u00e7\u00e3o no JAMA Neurology.<\/span><\/p>\n<p style=\"text-align: justify;\"><span style=\"font-weight: 400;\">Clinical Trials: <\/span><a href=\"https:\/\/clinicaltrials.gov\/ct2\/show\/NCT02223273\"><span style=\"font-weight: 400;\">https:\/\/clinicaltrials.gov\/ct2\/show\/NCT02223273<\/span><\/a><\/p>\n<p style=\"text-align: justify;\"><b><i>Destaques da produ\u00e7\u00e3o cient\u00edfica:<\/i><\/b><\/p>\n<p style=\"text-align: justify;\"><b>1: Machline-Carrion MJ, Santucci EV, Damiani LP, Bahit C, M\u00e1laga G, Pontes-Neto OM, Martins SCO, Z\u00e9tola VF, Normilio-Silva K, de Freitas GR, Gorgulho A, De Salles A, da Silva BGP, Santos JY, de Andrade Jesu\u00edno I, Bueno PRT, Cavalcanti AB, Guimar\u00e3es HP, Xian Y, Bettger JP, Lopes RD, Peterson ED, Berwanger O. An international cluster-randomized quality improvement trial to increase the adherence to evidence-based therapies for acute ischemic stroke and transiente ischemic attack patients: Rationale and design of the BRIDGE STROKE Trial. Am Heart J. 2019 Jan;207:49-57. doi: 10.1016\/j.ahj.2018.09.009. Epub 2018 Sep 30. PubMed PMID: 30415083.<\/b><\/p>\n<p style=\"text-align: justify;\"><b>Link:<\/b> <a href=\"https:\/\/www.sciencedirect.com\/science\/article\/abs\/pii\/S0002870318302783?via%3Dihub\"><b>https:\/\/www.sciencedirect.com\/science\/article\/abs\/pii\/S0002870318302783?via%3Dihub<\/b><\/a><\/p>\n<p style=\"text-align: justify;\"><b>2: Machline-Carrion MJ, Santucci EV, Damiani LP, et al. Effect of a Quality Improvement Intervention on Adherence to Therapies for Patients With Acute Ischemic Stroke and Transient Ischemic Attack: A Cluster Randomized Clinical Trial. JAMA Neurol. 2019;76(8):932\u2013941. doi:10.1001\/jamaneurol.2019.10122:<\/b><\/p>\n<p style=\"text-align: justify;\"><b>Link:<\/b> <a href=\"https:\/\/jamanetwork.com\/journals\/jamaneurology\/article-abstract\/2732174\"><b>https:\/\/jamanetwork.com\/journals\/jamaneurology\/article-abstract\/2732174<\/b><\/a><\/p>\n","protected":false},"excerpt":{"rendered":"<p>&nbsp; Ensaio cl\u00ednico randomizado em cluster, o aumento do uso de pr\u00e1ticas baseadas em evid\u00eancia atrav\u00e9s de uma estrat\u00e9gia multifacetada. Este estudo representa um projeto de melhoria de qualidade assistencial, por meio de incorpora\u00e7\u00e3o de interven\u00e7\u00f5es baseadas em evid\u00eancias, em hospitais p\u00fablicos terci\u00e1rios e hospitais privados no Brasil, Argentina e Peru. O estudo BRIDGE_STROKE possui<a href=\"https:\/\/sites.usp.br\/rnpavc\/bridge-stroke\/\">[&#8230;]<\/a><\/p>\n","protected":false},"author":906,"featured_media":0,"parent":0,"menu_order":0,"comment_status":"closed","ping_status":"closed","template":"","meta":{"footnotes":"","_links_to":"","_links_to_target":""},"class_list":["post-563","page","type-page","status-publish","hentry"],"_links":{"self":[{"href":"https:\/\/sites.usp.br\/rnpavc\/wp-json\/wp\/v2\/pages\/563","targetHints":{"allow":["GET"]}}],"collection":[{"href":"https:\/\/sites.usp.br\/rnpavc\/wp-json\/wp\/v2\/pages"}],"about":[{"href":"https:\/\/sites.usp.br\/rnpavc\/wp-json\/wp\/v2\/types\/page"}],"author":[{"embeddable":true,"href":"https:\/\/sites.usp.br\/rnpavc\/wp-json\/wp\/v2\/users\/906"}],"replies":[{"embeddable":true,"href":"https:\/\/sites.usp.br\/rnpavc\/wp-json\/wp\/v2\/comments?post=563"}],"version-history":[{"count":3,"href":"https:\/\/sites.usp.br\/rnpavc\/wp-json\/wp\/v2\/pages\/563\/revisions"}],"predecessor-version":[{"id":575,"href":"https:\/\/sites.usp.br\/rnpavc\/wp-json\/wp\/v2\/pages\/563\/revisions\/575"}],"wp:attachment":[{"href":"https:\/\/sites.usp.br\/rnpavc\/wp-json\/wp\/v2\/media?parent=563"}],"curies":[{"name":"wp","href":"https:\/\/api.w.org\/{rel}","templated":true}]}}