{"id":79,"date":"2014-02-24T16:51:20","date_gmt":"2014-02-24T18:51:20","guid":{"rendered":"http:\/\/sites.usp.br\/rnpavc\/?page_id=79"},"modified":"2020-12-17T20:23:54","modified_gmt":"2020-12-17T22:23:54","slug":"pagina-inicial","status":"publish","type":"page","link":"https:\/\/sites.usp.br\/rnpavc\/","title":{"rendered":"Homepage"},"content":{"rendered":"<div id=\"pl-79\"  class=\"panel-layout\" ><div id=\"pg-79-0\"  class=\"panel-grid panel-has-style\" ><div class=\"panel-row-style panel-row-style-for-79-0\" ><div id=\"pgc-79-0-0\"  class=\"panel-grid-cell\" ><div id=\"panel-79-0-0-0\" class=\"so-panel widget widget_sow-image panel-first-child\" data-index=\"0\" ><div\n\t\t\t\n\t\t\tclass=\"so-widget-sow-image so-widget-sow-image-default-c67d20f9f743-79\"\n\t\t\t\n\t\t>\n<div class=\"sow-image-container\">\n\t\t<img \n\tsrc=\"https:\/\/sites.usp.br\/rnpavc\/wp-content\/uploads\/sites\/625\/2020\/03\/Captura-de-Tela-2019-10-15-a\u0300s-10.34.42-co\u0301pia-e1571260287884-300x197.png\" width=\"300\" height=\"197\" srcset=\"https:\/\/sites.usp.br\/rnpavc\/wp-content\/uploads\/sites\/625\/2020\/03\/Captura-de-Tela-2019-10-15-a\u0300s-10.34.42-co\u0301pia-e1571260287884-300x197.png 300w, https:\/\/sites.usp.br\/rnpavc\/wp-content\/uploads\/sites\/625\/2020\/03\/Captura-de-Tela-2019-10-15-a\u0300s-10.34.42-co\u0301pia-e1571260287884.png 373w\" sizes=\"(max-width: 300px) 100vw, 300px\" alt=\"\" \t\tclass=\"so-widget-image\"\/>\n\t<\/div>\n\n<\/div><\/div><div id=\"panel-79-0-0-1\" class=\"so-panel widget widget_sow-editor panel-last-child\" data-index=\"1\" ><div\n\t\t\t\n\t\t\tclass=\"so-widget-sow-editor so-widget-sow-editor-base\"\n\t\t\t\n\t\t>\n<div class=\"siteorigin-widget-tinymce textwidget\">\n\t<hr \/>\n<\/div>\n<\/div><\/div><\/div><\/div><\/div><div id=\"pg-79-1\"  class=\"panel-grid panel-has-style\" ><div class=\"panel-row-style panel-row-style-for-79-1\" ><div id=\"pgc-79-1-0\"  class=\"panel-grid-cell\" ><div id=\"panel-79-1-0-0\" class=\"so-panel widget widget_sow-editor panel-first-child panel-last-child\" data-index=\"2\" ><div class=\"panel-widget-style panel-widget-style-for-79-1-0-0\" ><div\n\t\t\t\n\t\t\tclass=\"so-widget-sow-editor so-widget-sow-editor-base\"\n\t\t\t\n\t\t>\n<div class=\"siteorigin-widget-tinymce textwidget\">\n\t<div class=\"page\" title=\"Page 7\">\n<div class=\"layoutArea\">\n<div class=\"column\">\n<p style=\"font-size: 36px; text-align: center;\">O que \u00e9 a<\/p>\n<p style=\"font-size: 36px; text-align: center;\">Rede<\/p>\n<p style=\"font-size: 36px; text-align: center;\">Nacional<\/p>\n<p style=\"font-size: 36px; text-align: center;\">de Pesquisa<\/p>\n<p style=\"font-size: 36px; text-align: center;\">em AVC?<\/p>\n<\/div>\n<\/div>\n<\/div>\n<\/div>\n<\/div><\/div><\/div><\/div><div id=\"pgc-79-1-1\"  class=\"panel-grid-cell\" ><div id=\"panel-79-1-1-0\" class=\"so-panel widget widget_sow-editor panel-first-child panel-last-child\" data-index=\"3\" ><div class=\"panel-widget-style panel-widget-style-for-79-1-1-0\" ><div\n\t\t\t\n\t\t\tclass=\"so-widget-sow-editor so-widget-sow-editor-base\"\n\t\t\t\n\t\t>\n<div class=\"siteorigin-widget-tinymce textwidget\">\n\t<div class=\"page\" title=\"Page 7\">\n<div class=\"layoutArea\">\n<div class=\"column\">\n<p class=\"column\" style=\"font-size: 20px; text-align: justify;\">A Rede Nacional de Pesquisa do AVC \u00e9 uma rede da qual participam institui\u00e7\u00f5es cient\u00edficas, tecnol\u00f3gicas e de sa\u00fade brasileiras, com o objetivo de aprimorar a gest\u00e3o, o tratamento e a inova\u00e7\u00e3o do AVC no Brasil. Foi institu\u00eddo pela portaria 195 do Minist\u00e9rio da Sa\u00fade em 31 de janeiro de 2014.<\/p>\n<\/div>\n<\/div>\n<\/div>\n<\/div>\n<\/div><\/div><\/div><\/div><div id=\"pgc-79-1-2\"  class=\"panel-grid-cell\" ><div id=\"panel-79-1-2-0\" class=\"so-panel widget widget_sow-editor panel-first-child panel-last-child\" data-index=\"4\" ><div class=\"panel-widget-style panel-widget-style-for-79-1-2-0\" ><div\n\t\t\t\n\t\t\tclass=\"so-widget-sow-editor so-widget-sow-editor-base\"\n\t\t\t\n\t\t>\n<div class=\"siteorigin-widget-tinymce textwidget\">\n\t<p>&nbsp;&nbsp;&nbsp;&nbsp;&nbsp;&nbsp;&nbsp;<br \/>\n&nbsp;&nbsp;&nbsp;&nbsp;&nbsp;&nbsp;&nbsp;<br \/>\n&nbsp;&nbsp;&nbsp;&nbsp;&nbsp;&nbsp;&nbsp;<br \/>\n&nbsp;&nbsp;&nbsp;&nbsp;&nbsp;&nbsp;&nbsp;<br \/>\n&nbsp;&nbsp;&nbsp;&nbsp;&nbsp;&nbsp;&nbsp;<br \/>\n&nbsp;&nbsp;&nbsp;&nbsp;&nbsp;&nbsp;&nbsp;<br \/>\n&nbsp;&nbsp;&nbsp;&nbsp;&nbsp;&nbsp;&nbsp;<br \/>\n&nbsp;&nbsp;&nbsp;&nbsp;&nbsp;&nbsp;&nbsp;<br \/>\n&nbsp;&nbsp;&nbsp;&nbsp;&nbsp;&nbsp;&nbsp;<\/p>\n<\/div>\n<\/div><\/div><\/div><\/div><\/div><\/div><div id=\"pg-79-2\"  class=\"panel-grid panel-has-style\" ><div class=\"panel-row-style panel-row-style-for-79-2\" ><div id=\"pgc-79-2-0\"  class=\"panel-grid-cell\" ><div id=\"panel-79-2-0-0\" class=\"so-panel widget widget_media_image panel-first-child panel-last-child\" data-index=\"5\" ><div class=\"panel-widget-style panel-widget-style-for-79-2-0-0\" ><img loading=\"lazy\" decoding=\"async\" width=\"400\" height=\"254\" src=\"https:\/\/sites.usp.br\/rnpavc\/wp-content\/uploads\/sites\/625\/2020\/03\/Captura-de-Tela-2020-03-04-a\u0300s-23.44.42-400x254.png\" class=\"image wp-image-457  attachment-400x254 size-400x254\" alt=\"\" style=\"max-width: 100%; height: auto;\" srcset=\"https:\/\/sites.usp.br\/rnpavc\/wp-content\/uploads\/sites\/625\/2020\/03\/Captura-de-Tela-2020-03-04-a\u0300s-23.44.42-400x254.png 400w, https:\/\/sites.usp.br\/rnpavc\/wp-content\/uploads\/sites\/625\/2020\/03\/Captura-de-Tela-2020-03-04-a\u0300s-23.44.42-300x190.png 300w, https:\/\/sites.usp.br\/rnpavc\/wp-content\/uploads\/sites\/625\/2020\/03\/Captura-de-Tela-2020-03-04-a\u0300s-23.44.42.png 672w\" sizes=\"auto, (max-width: 400px) 100vw, 400px\" \/><\/div><\/div><\/div><\/div><\/div><div id=\"pg-79-3\"  class=\"panel-grid panel-no-style\" ><div id=\"pgc-79-3-0\"  class=\"panel-grid-cell\" ><div id=\"panel-79-3-0-0\" class=\"so-panel widget widget_sow-editor panel-first-child panel-last-child\" data-index=\"6\" ><div class=\"panel-widget-style panel-widget-style-for-79-3-0-0\" ><div\n\t\t\t\n\t\t\tclass=\"so-widget-sow-editor so-widget-sow-editor-base\"\n\t\t\t\n\t\t>\n<div class=\"siteorigin-widget-tinymce textwidget\">\n\t<p>&nbsp;&nbsp;&nbsp;&nbsp;&nbsp;&nbsp;&nbsp;<br \/>\n&nbsp;&nbsp;&nbsp;&nbsp;&nbsp;&nbsp;&nbsp;<br \/>\n&nbsp;&nbsp;&nbsp;&nbsp;&nbsp;&nbsp;&nbsp;<br \/>\n&nbsp;&nbsp;&nbsp;&nbsp;&nbsp;&nbsp;&nbsp;<br \/>\n&nbsp;&nbsp;&nbsp;&nbsp;&nbsp;&nbsp;&nbsp;<br \/>\n&nbsp;&nbsp;&nbsp;&nbsp;&nbsp;&nbsp;&nbsp;<br \/>\n&nbsp;&nbsp;&nbsp;&nbsp;&nbsp;&nbsp;&nbsp;<br \/>\n&nbsp;&nbsp;&nbsp;&nbsp;&nbsp;&nbsp;&nbsp;<br \/>\n&nbsp;&nbsp;&nbsp;&nbsp;&nbsp;&nbsp;&nbsp;<\/p>\n<\/div>\n<\/div><\/div><\/div><\/div><div id=\"pgc-79-3-1\"  class=\"panel-grid-cell\" ><div id=\"panel-79-3-1-0\" class=\"so-panel widget widget_sow-editor panel-first-child panel-last-child\" data-index=\"7\" ><div class=\"panel-widget-style panel-widget-style-for-79-3-1-0\" ><div\n\t\t\t\n\t\t\tclass=\"so-widget-sow-editor so-widget-sow-editor-base\"\n\t\t\t\n\t\t>\n<div class=\"siteorigin-widget-tinymce textwidget\">\n\t<div class=\"page\" title=\"Page 7\">\n<div class=\"layoutArea\">\n<div class=\"column\">\n<p style=\"font-size: 36px; text-align: center;\">Por que<\/p>\n<p style=\"font-size: 36px; text-align: center;\">criar uma<\/p>\n<p style=\"font-size: 36px; text-align: center;\">rede de<\/p>\n<p style=\"font-size: 36px; text-align: center;\">pesquisa<\/p>\n<p style=\"font-size: 36px; text-align: center;\">em AVC?<\/p>\n<\/div>\n<\/div>\n<\/div>\n<p><iframe class=\"ginger-extension-definitionpopup\" style=\"left: 374.5px; top: 142px; z-index: 2147483646; display: none;\" src=\"chrome-extension:\/\/kdfieneakcjfaiglcfcgkidlkmlijjnh\/content\/popups\/definitionPopup\/index.html?title=of&amp;description=connects%20a%20noun%20with%20the%20preceding%20word\"><\/iframe><\/p>\n<\/div>\n<\/div><\/div><\/div><\/div><div id=\"pgc-79-3-2\"  class=\"panel-grid-cell\" ><div id=\"panel-79-3-2-0\" class=\"so-panel widget widget_sow-editor panel-first-child panel-last-child\" data-index=\"8\" ><div class=\"panel-widget-style panel-widget-style-for-79-3-2-0\" ><div\n\t\t\t\n\t\t\tclass=\"so-widget-sow-editor so-widget-sow-editor-base\"\n\t\t\t\n\t\t>\n<div class=\"siteorigin-widget-tinymce textwidget\">\n\t<div class=\"page\" title=\"Page 7\">\n<div class=\"layoutArea\">\n<div class=\"column\">\n<p class=\"column\" style=\"font-size: 20px; text-align: justify;\">Redes de pesquisa ampliam a comunica\u00e7\u00e3o entre pesquisadores e possibilitam a cria\u00e7\u00e3o de centros de pesquisa. O RNPAVC realiza ensaios cl\u00ednicos com o objetivo de reduzir os danos associados ao AVC no Brasil.<\/p>\n<\/div>\n<\/div>\n<\/div>\n<\/div>\n<\/div><\/div><\/div><\/div><\/div><div id=\"pg-79-4\"  class=\"panel-grid panel-has-style\" ><div class=\"panel-row-style panel-row-style-for-79-4\" ><div id=\"pgc-79-4-0\"  class=\"panel-grid-cell\" ><div id=\"panel-79-4-0-0\" class=\"so-panel widget widget_sow-editor panel-first-child panel-last-child\" data-index=\"9\" ><div\n\t\t\t\n\t\t\tclass=\"so-widget-sow-editor so-widget-sow-editor-base\"\n\t\t\t\n\t\t>\n<div class=\"siteorigin-widget-tinymce textwidget\">\n\t<p>&nbsp;<\/p>\n<hr \/>\n<p>&nbsp;<\/p>\n<\/div>\n<\/div><\/div><\/div><\/div><\/div><div id=\"pg-79-5\"  class=\"panel-grid panel-no-style\" ><div id=\"pgc-79-5-0\"  class=\"panel-grid-cell\" ><div id=\"panel-79-5-0-0\" class=\"so-panel widget widget_sow-post-carousel panel-first-child panel-last-child\" data-index=\"10\" ><div\n\t\t\t\n\t\t\tclass=\"so-widget-sow-post-carousel so-widget-sow-post-carousel-base-16185f985534-79\"\n\t\t\t\n\t\t>\t<div\n\t\tclass=\"sow-post-carousel-wrapper sow-post-carousel-theme-base\"\n\t\tstyle=\"overflow: hidden; max-width: 100%; min-height: 182px\"\n\t>\n\t\t<div class=\"sow-carousel-title\">\n\t\t\t<div class=\"sow-carousel-navigation \">\n\t\t\t\t\t\t<a href=\"#\" class=\"sow-carousel-next\" title=\"Pr\u00f3ximo\" aria-label=\"Next Posts\" role=\"button\"><\/a>\n\t\t\t\t\t\t<a href=\"#\" class=\"sow-carousel-previous\" title=\"Anterior\" aria-label=\"Previous Posts\" role=\"button\"><\/a>\n\t\t\t\t\t<\/div>\n\t<\/div>\n\n<div class=\"sow-carousel-container \">\n\t\t<div class=\"sow-carousel-wrapper\"\n\t\tdata-dir=\"ltr\"\n\t\tstyle=\"opacity: 0;\"\n\t\tdata-widget=\"post\" data-fetching=\"false\" data-page=\"1\" data-ajax-url=\"https:\/\/sites.usp.br\/rnpavc\/wp-admin\/admin-ajax.php?_widgets_nonce=94e69482df\" data-item_count=\"8\" data-carousel_settings=\"{&quot;loop&quot;:true,&quot;animation&quot;:&quot;Ease&quot;,&quot;animation_speed&quot;:400,&quot;autoplay&quot;:&quot;&quot;,&quot;pauseOnHover&quot;:&quot;&quot;,&quot;autoplaySpeed&quot;:8000,&quot;item_overflow&quot;:true,&quot;autoplay_continuous_scroll&quot;:false}\" data-responsive=\"{&quot;desktop_slides_to_scroll&quot;:1,&quot;tablet_landscape_breakpoint&quot;:1366,&quot;tablet_landscape_slides_to_scroll&quot;:2,&quot;tablet_portrait_breakpoint&quot;:1025,&quot;tablet_portrait_slides_to_scroll&quot;:2,&quot;mobile_breakpoint&quot;:480,&quot;mobile_slides_to_scroll&quot;:1}\" data-variable_width=\"true\" \t>\n\t\t<div\n\t\t\tclass=\"sow-carousel-items\"\n\t\t\t\t\t>\n\t\t\t\t<div class=\"sow-carousel-item\" tabindex=\"-1\" style=\"float: left;\">\n\t\t<div class=\"sow-carousel-thumbnail\">\n\t\t\t\t\t\t\t<a\n\t\t\t\t\thref=\"https:\/\/sites.usp.br\/rnpavc\/language\/en\/exclusive-documentary-shows-new-technologies-for-saving-strokes-victims\/\"\n\t\t\t\t\t\t\t\t\t\tstyle=\"background-image: url( https:\/\/sites.usp.br\/rnpavc\/wp-content\/uploads\/sites\/625\/2020\/03\/WhatsApp-Image-2019-10-01-at-13.17.42-300x146-272x146.jpeg )\"\n\t\t\t\t\taria-labelledby=\"sow-carousel-id-922\"\n\t\t\t\t\ttabindex=\"-1\"\n\t\t\t\t>\n\t\t\t\t\t<span class=\"overlay\"><\/span>\n\t\t\t\t<\/a>\n\t\t\t\t\t<\/div>\n\t\t<h3 class=\"sow-carousel-item-title\">\n\t\t\t<a\n\t\t\t\thref=\"https:\/\/sites.usp.br\/rnpavc\/language\/en\/exclusive-documentary-shows-new-technologies-for-saving-strokes-victims\/\"\n\t\t\t\tid=\"sow-carousel-id-922\"\n\t\t\t\t\t\t\t\ttabindex=\"-1\"\n\t\t\t>\n\n\t\t\t\tExclusive documentary shows new technologies for saving stroke&#8217;s victims\t\t\t<\/a>\n\t\t<\/h3>\n\t<\/div>\n\t\t<div class=\"sow-carousel-item\" tabindex=\"-1\" style=\"float: left;\">\n\t\t<div class=\"sow-carousel-thumbnail\">\n\t\t\t\t\t\t\t<a\n\t\t\t\t\thref=\"https:\/\/secure.trainingcampus.net\/uas\/modules\/trees\/windex.aspx?rx=nihss-portuguese.trainingcampus.net\"\n\t\t\t\t\t\t\t\t\t\tstyle=\"background-image: url( https:\/\/sites.usp.br\/rnpavc\/wp-content\/uploads\/sites\/625\/2020\/03\/1.jpg )\"\n\t\t\t\t\taria-labelledby=\"sow-carousel-id-920\"\n\t\t\t\t\ttabindex=\"-1\"\n\t\t\t\t>\n\t\t\t\t\t<span class=\"overlay\"><\/span>\n\t\t\t\t<\/a>\n\t\t\t\t\t<\/div>\n\t\t<h3 class=\"sow-carousel-item-title\">\n\t\t\t<a\n\t\t\t\thref=\"https:\/\/secure.trainingcampus.net\/uas\/modules\/trees\/windex.aspx?rx=nihss-portuguese.trainingcampus.net\"\n\t\t\t\tid=\"sow-carousel-id-920\"\n\t\t\t\t\t\t\t\ttabindex=\"-1\"\n\t\t\t>\n\n\t\t\t\tGet your NIHSS Certification\t\t\t<\/a>\n\t\t<\/h3>\n\t<\/div>\n\t\t<div class=\"sow-carousel-item\" tabindex=\"-1\" style=\"float: left;\">\n\t\t<div class=\"sow-carousel-thumbnail\">\n\t\t\t\t\t\t\t<a\n\t\t\t\t\thref=\"https:\/\/jornal.usp.br\/atualidades\/beneficio-da-trombectomia-mecanica-no-tratamento-do-avc-e-comprovado\/\"\n\t\t\t\t\t\t\t\t\t\tstyle=\"background-image: url( https:\/\/sites.usp.br\/rnpavc\/wp-content\/uploads\/sites\/625\/2020\/03\/colunista_octavio_marques_pontes_neto_800px-272x182.jpg )\"\n\t\t\t\t\taria-labelledby=\"sow-carousel-id-918\"\n\t\t\t\t\ttabindex=\"-1\"\n\t\t\t\t>\n\t\t\t\t\t<span class=\"overlay\"><\/span>\n\t\t\t\t<\/a>\n\t\t\t\t\t<\/div>\n\t\t<h3 class=\"sow-carousel-item-title\">\n\t\t\t<a\n\t\t\t\thref=\"https:\/\/jornal.usp.br\/atualidades\/beneficio-da-trombectomia-mecanica-no-tratamento-do-avc-e-comprovado\/\"\n\t\t\t\tid=\"sow-carousel-id-918\"\n\t\t\t\t\t\t\t\ttabindex=\"-1\"\n\t\t\t>\n\n\t\t\t\tUSP&#8217;s Newspaper approaches vascular cerebral diseases\t\t\t<\/a>\n\t\t<\/h3>\n\t<\/div>\n\t\t<div class=\"sow-carousel-item\" tabindex=\"-1\" style=\"float: left;\">\n\t\t<div class=\"sow-carousel-thumbnail\">\n\t\t\t\t\t\t\t<a\n\t\t\t\t\thref=\"https:\/\/sites.usp.br\/rnpavc\/language\/en\/resilient-trial-on-new-england-journal-of-medicine\/\"\n\t\t\t\t\t\t\t\t\t\tstyle=\"background-image: url( https:\/\/sites.usp.br\/rnpavc\/wp-content\/uploads\/sites\/625\/2020\/03\/image-7-272x182.png )\"\n\t\t\t\t\taria-labelledby=\"sow-carousel-id-916\"\n\t\t\t\t\ttabindex=\"-1\"\n\t\t\t\t>\n\t\t\t\t\t<span class=\"overlay\"><\/span>\n\t\t\t\t<\/a>\n\t\t\t\t\t<\/div>\n\t\t<h3 class=\"sow-carousel-item-title\">\n\t\t\t<a\n\t\t\t\thref=\"https:\/\/sites.usp.br\/rnpavc\/language\/en\/resilient-trial-on-new-england-journal-of-medicine\/\"\n\t\t\t\tid=\"sow-carousel-id-916\"\n\t\t\t\t\t\t\t\ttabindex=\"-1\"\n\t\t\t>\n\n\t\t\t\tRESILIENT trial on New England Journal of Medicine\t\t\t<\/a>\n\t\t<\/h3>\n\t<\/div>\n\t\t<div class=\"sow-carousel-item\" tabindex=\"-1\" style=\"float: left;\">\n\t\t<div class=\"sow-carousel-thumbnail\">\n\t\t\t\t\t\t\t<a\n\t\t\t\t\thref=\"https:\/\/sites.usp.br\/rnpavc\/estudo-resilient-publicado-na-new-england-journal-of-medicine\/\"\n\t\t\t\t\t\t\t\t\t\tstyle=\"background-image: url( https:\/\/sites.usp.br\/rnpavc\/wp-content\/uploads\/sites\/625\/2020\/03\/image-7-272x182.png )\"\n\t\t\t\t\taria-labelledby=\"sow-carousel-id-651\"\n\t\t\t\t\ttabindex=\"-1\"\n\t\t\t\t>\n\t\t\t\t\t<span class=\"overlay\"><\/span>\n\t\t\t\t<\/a>\n\t\t\t\t\t<\/div>\n\t\t<h3 class=\"sow-carousel-item-title\">\n\t\t\t<a\n\t\t\t\thref=\"https:\/\/sites.usp.br\/rnpavc\/estudo-resilient-publicado-na-new-england-journal-of-medicine\/\"\n\t\t\t\tid=\"sow-carousel-id-651\"\n\t\t\t\t\t\t\t\ttabindex=\"-1\"\n\t\t\t>\n\n\t\t\t\tEstudo RESILIENT publicado na New England Journal of Medicine\t\t\t<\/a>\n\t\t<\/h3>\n\t<\/div>\n\t\t<div class=\"sow-carousel-item\" tabindex=\"-1\" style=\"float: left;\">\n\t\t<div class=\"sow-carousel-thumbnail\">\n\t\t\t\t\t\t\t<a\n\t\t\t\t\thref=\"https:\/\/jornal.usp.br\/atualidades\/beneficio-da-trombectomia-mecanica-no-tratamento-do-avc-e-comprovado\/\"\n\t\t\t\t\t\t\t\t\t\tstyle=\"background-image: url( https:\/\/sites.usp.br\/rnpavc\/wp-content\/uploads\/sites\/625\/2020\/03\/colunista_octavio_marques_pontes_neto_800px-272x182.jpg )\"\n\t\t\t\t\taria-labelledby=\"sow-carousel-id-448\"\n\t\t\t\t\ttabindex=\"-1\"\n\t\t\t\t>\n\t\t\t\t\t<span class=\"overlay\"><\/span>\n\t\t\t\t<\/a>\n\t\t\t\t\t<\/div>\n\t\t<h3 class=\"sow-carousel-item-title\">\n\t\t\t<a\n\t\t\t\thref=\"https:\/\/jornal.usp.br\/atualidades\/beneficio-da-trombectomia-mecanica-no-tratamento-do-avc-e-comprovado\/\"\n\t\t\t\tid=\"sow-carousel-id-448\"\n\t\t\t\t\t\t\t\ttabindex=\"-1\"\n\t\t\t>\n\n\t\t\t\tJornal da USP tem como tema doen\u00e7as cerebrovasculares\t\t\t<\/a>\n\t\t<\/h3>\n\t<\/div>\n\t\t<div class=\"sow-carousel-item\" tabindex=\"-1\" style=\"float: left;\">\n\t\t<div class=\"sow-carousel-thumbnail\">\n\t\t\t\t\t\t\t<a\n\t\t\t\t\thref=\"https:\/\/secure.trainingcampus.net\/uas\/modules\/trees\/windex.aspx?rx=nihss-portuguese.trainingcampus.net\"\n\t\t\t\t\t\t\t\t\t\tstyle=\"background-image: url( https:\/\/sites.usp.br\/rnpavc\/wp-content\/uploads\/sites\/625\/2020\/03\/1.jpg )\"\n\t\t\t\t\taria-labelledby=\"sow-carousel-id-445\"\n\t\t\t\t\ttabindex=\"-1\"\n\t\t\t\t>\n\t\t\t\t\t<span class=\"overlay\"><\/span>\n\t\t\t\t<\/a>\n\t\t\t\t\t<\/div>\n\t\t<h3 class=\"sow-carousel-item-title\">\n\t\t\t<a\n\t\t\t\thref=\"https:\/\/secure.trainingcampus.net\/uas\/modules\/trees\/windex.aspx?rx=nihss-portuguese.trainingcampus.net\"\n\t\t\t\tid=\"sow-carousel-id-445\"\n\t\t\t\t\t\t\t\ttabindex=\"-1\"\n\t\t\t>\n\n\t\t\t\tFa\u00e7a sua certifica\u00e7\u00e3o na escala de AVC do NIH (em portugu\u00eas)\t\t\t<\/a>\n\t\t<\/h3>\n\t<\/div>\n\t\t<div class=\"sow-carousel-item\" tabindex=\"-1\" style=\"float: left;\">\n\t\t<div class=\"sow-carousel-thumbnail\">\n\t\t\t\t\t\t\t<a\n\t\t\t\t\thref=\"https:\/\/sites.usp.br\/rnpavc\/reportagem-exclusiva-do-fantastico-mostra-as-novidades-da-tecnologia-para-salvar-vitimas-de-avc\/\"\n\t\t\t\t\t\t\t\t\t\tstyle=\"background-image: url( https:\/\/sites.usp.br\/rnpavc\/wp-content\/uploads\/sites\/625\/2020\/03\/WhatsApp-Image-2019-10-01-at-13.17.42-300x146-272x146.jpeg )\"\n\t\t\t\t\taria-labelledby=\"sow-carousel-id-441\"\n\t\t\t\t\ttabindex=\"-1\"\n\t\t\t\t>\n\t\t\t\t\t<span class=\"overlay\"><\/span>\n\t\t\t\t<\/a>\n\t\t\t\t\t<\/div>\n\t\t<h3 class=\"sow-carousel-item-title\">\n\t\t\t<a\n\t\t\t\thref=\"https:\/\/sites.usp.br\/rnpavc\/reportagem-exclusiva-do-fantastico-mostra-as-novidades-da-tecnologia-para-salvar-vitimas-de-avc\/\"\n\t\t\t\tid=\"sow-carousel-id-441\"\n\t\t\t\t\t\t\t\ttabindex=\"-1\"\n\t\t\t>\n\n\t\t\t\tReportagem exclusiva do Fant\u00e1stico mostra as novidades da tecnologia para salvar v\u00edtimas de AVC\t\t\t<\/a>\n\t\t<\/h3>\n\t<\/div>\n\t\t\t<\/div>\n\t\t\t<\/div>\n\n\t<\/div>\n\t\t<input type=\"hidden\" name=\"instance_hash\" value=\"e8634f19\"\/>\n\t<\/div>\n<\/div><\/div><\/div><\/div><div id=\"pg-79-6\"  class=\"panel-grid panel-has-style\" ><div class=\"panel-row-style panel-row-style-for-79-6\" ><div id=\"pgc-79-6-0\"  class=\"panel-grid-cell panel-grid-cell-empty\" ><\/div><div id=\"pgc-79-6-1\"  class=\"panel-grid-cell\" ><div id=\"panel-79-6-1-0\" class=\"so-panel widget widget_sow-image panel-first-child panel-last-child\" data-index=\"11\" ><div\n\t\t\t\n\t\t\tclass=\"so-widget-sow-image so-widget-sow-image-default-c67d20f9f743-441\"\n\t\t\t\n\t\t>\n<div class=\"sow-image-container\">\n\t\t<img \n\tsrc=\"https:\/\/sites.usp.br\/rnpavc\/wp-content\/uploads\/sites\/625\/2020\/03\/cnpq-logo-1024x437.png\" width=\"640\" height=\"273\" srcset=\"https:\/\/sites.usp.br\/rnpavc\/wp-content\/uploads\/sites\/625\/2020\/03\/cnpq-logo-1024x437.png 1024w, https:\/\/sites.usp.br\/rnpavc\/wp-content\/uploads\/sites\/625\/2020\/03\/cnpq-logo-300x128.png 300w, https:\/\/sites.usp.br\/rnpavc\/wp-content\/uploads\/sites\/625\/2020\/03\/cnpq-logo-768x328.png 768w, https:\/\/sites.usp.br\/rnpavc\/wp-content\/uploads\/sites\/625\/2020\/03\/cnpq-logo-1536x656.png 1536w, https:\/\/sites.usp.br\/rnpavc\/wp-content\/uploads\/sites\/625\/2020\/03\/cnpq-logo-2048x875.png 2048w, https:\/\/sites.usp.br\/rnpavc\/wp-content\/uploads\/sites\/625\/2020\/03\/cnpq-logo-400x171.png 400w\" sizes=\"(max-width: 640px) 100vw, 640px\" title=\"cnpq-logo\" alt=\"\" \t\tclass=\"so-widget-image\"\/>\n\t<\/div>\n\n<\/div><\/div><\/div><div id=\"pgc-79-6-2\"  class=\"panel-grid-cell panel-grid-cell-mobile-last\" ><div id=\"panel-79-6-2-0\" class=\"so-panel widget widget_sow-image panel-first-child panel-last-child\" data-index=\"12\" ><div\n\t\t\t\n\t\t\tclass=\"so-widget-sow-image so-widget-sow-image-default-c67d20f9f743-441\"\n\t\t\t\n\t\t>\n<div class=\"sow-image-container\">\n\t\t<img \n\tsrc=\"https:\/\/sites.usp.br\/rnpavc\/wp-content\/uploads\/sites\/625\/2020\/03\/ministerio-da-saude-logo-4FCE8B4B0B-seeklogo.com_.png\" width=\"300\" height=\"110\" sizes=\"(max-width: 300px) 100vw, 300px\" title=\"ministerio-da-saude-logo-4FCE8B4B0B-seeklogo.com\" alt=\"\" \t\tclass=\"so-widget-image\"\/>\n\t<\/div>\n\n<\/div><\/div><\/div><div id=\"pgc-79-6-3\"  class=\"panel-grid-cell panel-grid-cell-empty\" ><\/div><\/div><\/div><\/div>","protected":false},"excerpt":{"rendered":"<p>O que \u00e9 a Rede Nacional de Pesquisa em AVC? A Rede Nacional de Pesquisa do AVC \u00e9 uma rede da qual participam institui\u00e7\u00f5es cient\u00edficas, tecnol\u00f3gicas e de sa\u00fade brasileiras, com o objetivo de aprimorar a gest\u00e3o, o tratamento e a inova\u00e7\u00e3o do AVC no Brasil. Foi institu\u00eddo pela portaria 195 do Minist\u00e9rio da Sa\u00fade<a href=\"https:\/\/sites.usp.br\/rnpavc\/\">[&#8230;]<\/a><\/p>\n","protected":false},"author":1,"featured_media":0,"parent":0,"menu_order":0,"comment_status":"closed","ping_status":"closed","template":"template-fullwidth-no-title.php","meta":{"footnotes":"","_links_to":"","_links_to_target":""},"class_list":["post-79","page","type-page","status-publish","hentry"],"_links":{"self":[{"href":"https:\/\/sites.usp.br\/rnpavc\/wp-json\/wp\/v2\/pages\/79","targetHints":{"allow":["GET"]}}],"collection":[{"href":"https:\/\/sites.usp.br\/rnpavc\/wp-json\/wp\/v2\/pages"}],"about":[{"href":"https:\/\/sites.usp.br\/rnpavc\/wp-json\/wp\/v2\/types\/page"}],"author":[{"embeddable":true,"href":"https:\/\/sites.usp.br\/rnpavc\/wp-json\/wp\/v2\/users\/1"}],"replies":[{"embeddable":true,"href":"https:\/\/sites.usp.br\/rnpavc\/wp-json\/wp\/v2\/comments?post=79"}],"version-history":[{"count":7,"href":"https:\/\/sites.usp.br\/rnpavc\/wp-json\/wp\/v2\/pages\/79\/revisions"}],"predecessor-version":[{"id":795,"href":"https:\/\/sites.usp.br\/rnpavc\/wp-json\/wp\/v2\/pages\/79\/revisions\/795"}],"wp:attachment":[{"href":"https:\/\/sites.usp.br\/rnpavc\/wp-json\/wp\/v2\/media?parent=79"}],"curies":[{"name":"wp","href":"https:\/\/api.w.org\/{rel}","templated":true}]}}