{"id":1549,"date":"2021-07-27T18:47:28","date_gmt":"2021-07-27T21:47:28","guid":{"rendered":"https:\/\/sites.usp.br\/rodrigueslaboratory\/?page_id=1549"},"modified":"2021-08-12T00:40:19","modified_gmt":"2021-08-12T03:40:19","slug":"oportunidades","status":"publish","type":"page","link":"https:\/\/sites.usp.br\/rodrigueslaboratory\/oportunidades\/","title":{"rendered":"Oportunidades"},"content":{"rendered":"\t\t<div data-elementor-type=\"wp-page\" data-elementor-id=\"1549\" class=\"elementor elementor-1549\" data-elementor-post-type=\"page\">\n\t\t\t\t\t\t<section class=\"elementor-section elementor-top-section elementor-element elementor-element-db8988a elementor-section-boxed elementor-section-height-default elementor-section-height-default\" data-id=\"db8988a\" data-element_type=\"section\">\n\t\t\t\t\t\t<div class=\"elementor-container elementor-column-gap-default\">\n\t\t\t\t\t<div class=\"elementor-column elementor-col-100 elementor-top-column elementor-element elementor-element-5c7d808\" data-id=\"5c7d808\" data-element_type=\"column\">\n\t\t\t<div class=\"elementor-widget-wrap elementor-element-populated\">\n\t\t\t\t\t\t<div class=\"elementor-element elementor-element-1b34f65 elementor-widget elementor-widget-spacer\" data-id=\"1b34f65\" data-element_type=\"widget\" data-widget_type=\"spacer.default\">\n\t\t\t\t<div class=\"elementor-widget-container\">\n\t\t\t\t\t<div class=\"elementor-spacer\">\n\t\t\t<div class=\"elementor-spacer-inner\"><\/div>\n\t\t<\/div>\n\t\t\t\t<\/div>\n\t\t\t\t<\/div>\n\t\t\t\t\t<\/div>\n\t\t<\/div>\n\t\t\t\t\t<\/div>\n\t\t<\/section>\n\t\t\t\t<section class=\"elementor-section elementor-top-section elementor-element elementor-element-f19d6af elementor-section-stretched elementor-section-boxed elementor-section-height-default elementor-section-height-default\" data-id=\"f19d6af\" data-element_type=\"section\" data-settings=\"{&quot;stretch_section&quot;:&quot;section-stretched&quot;}\">\n\t\t\t\t\t\t<div class=\"elementor-container elementor-column-gap-default\">\n\t\t\t\t\t<div class=\"elementor-column elementor-col-100 elementor-top-column elementor-element elementor-element-bc0fe15\" data-id=\"bc0fe15\" data-element_type=\"column\">\n\t\t\t<div class=\"elementor-widget-wrap elementor-element-populated\">\n\t\t\t\t\t\t<div class=\"elementor-element elementor-element-91db1fb elementor-widget elementor-widget-heading\" data-id=\"91db1fb\" data-element_type=\"widget\" data-widget_type=\"heading.default\">\n\t\t\t\t<div class=\"elementor-widget-container\">\n\t\t\t<h3 class=\"elementor-heading-title elementor-size-default\"> Conhe\u00e7a nossas oportunidades de vagas de p\u00f3s-gradua\u00e7\u00e3o e p\u00f3s-doutorado <\/h3>\t\t<\/div>\n\t\t\t\t<\/div>\n\t\t\t\t\t<\/div>\n\t\t<\/div>\n\t\t\t\t\t<\/div>\n\t\t<\/section>\n\t\t\t\t<section class=\"elementor-section elementor-top-section elementor-element elementor-element-b3a3877 elementor-section-full_width elementor-section-stretched elementor-section-height-default elementor-section-height-default\" data-id=\"b3a3877\" data-element_type=\"section\" data-settings=\"{&quot;stretch_section&quot;:&quot;section-stretched&quot;}\">\n\t\t\t\t\t\t<div class=\"elementor-container elementor-column-gap-default\">\n\t\t\t\t\t<div class=\"elementor-column elementor-col-100 elementor-top-column elementor-element elementor-element-6407e9a\" data-id=\"6407e9a\" data-element_type=\"column\">\n\t\t\t<div class=\"elementor-widget-wrap elementor-element-populated\">\n\t\t\t\t\t\t<div class=\"elementor-element elementor-element-ad6680f elementor-tabs-view-vertical elementor-widget elementor-widget-tabs\" data-id=\"ad6680f\" data-element_type=\"widget\" data-widget_type=\"tabs.default\">\n\t\t\t\t<div class=\"elementor-widget-container\">\n\t\t\t\t\t<div class=\"elementor-tabs\">\n\t\t\t<div class=\"elementor-tabs-wrapper\" role=\"tablist\" >\n\t\t\t\t\t\t\t\t\t<div id=\"elementor-tab-title-1811\" class=\"elementor-tab-title elementor-tab-desktop-title\" aria-selected=\"true\" data-tab=\"1\" role=\"tab\" tabindex=\"0\" aria-controls=\"elementor-tab-content-1811\" aria-expanded=\"false\">P\u00f3s-gradua\u00e7\u00e3o <\/div>\n\t\t\t\t\t\t\t\t\t<div id=\"elementor-tab-title-1812\" class=\"elementor-tab-title elementor-tab-desktop-title\" aria-selected=\"false\" data-tab=\"2\" role=\"tab\" tabindex=\"-1\" aria-controls=\"elementor-tab-content-1812\" aria-expanded=\"false\"> P\u00f3s-Doutorado <\/div>\n\t\t\t\t\t\t\t<\/div>\n\t\t\t<div class=\"elementor-tabs-content-wrapper\" role=\"tablist\" aria-orientation=\"vertical\">\n\t\t\t\t\t\t\t\t\t<div class=\"elementor-tab-title elementor-tab-mobile-title\" aria-selected=\"true\" data-tab=\"1\" role=\"tab\" tabindex=\"0\" aria-controls=\"elementor-tab-content-1811\" aria-expanded=\"false\">P\u00f3s-gradua\u00e7\u00e3o <\/div>\n\t\t\t\t\t<div id=\"elementor-tab-content-1811\" class=\"elementor-tab-content elementor-clearfix\" data-tab=\"1\" role=\"tabpanel\" aria-labelledby=\"elementor-tab-title-1811\" tabindex=\"0\" hidden=\"false\"><h3><span style=\"color: #333333;\"><strong>Oportunidades para estudantes<\/strong><\/span><\/h3><p>Alunos motivados s\u00e3o incentivados a se inscrever enviando seu curr\u00edculo para Dra. Rodrigues em alice-rodrigues@usp.br\u00a0<\/p><p><span style=\"font-size: 1em;\"><\/span><\/p><\/div>\n\t\t\t\t\t\t\t\t\t<div class=\"elementor-tab-title elementor-tab-mobile-title\" aria-selected=\"false\" data-tab=\"2\" role=\"tab\" tabindex=\"-1\" aria-controls=\"elementor-tab-content-1812\" aria-expanded=\"false\"> P\u00f3s-Doutorado <\/div>\n\t\t\t\t\t<div id=\"elementor-tab-content-1812\" class=\"elementor-tab-content elementor-clearfix\" data-tab=\"2\" role=\"tabpanel\" aria-labelledby=\"elementor-tab-title-1812\" tabindex=\"0\" hidden=\"hidden\"><h3><span style=\"color: #333333;\"> Oportunidades para p\u00f3s-doutorandos<\/span><\/h3><h3><span style=\"color: #333333;\"><\/span><\/h3><p><strong>Aguardar divulga\u00e7\u00e3o de vagas<\/strong>\u00a0<\/p><p><span style=\"font-size: 1em;\">P\u00f3s-doutorandos motivados s\u00e3o incentivados a se inscrever enviando seu curr\u00edculo para o Dra. Rodrigues em alice-rodrigues@usp.br\u00a0<\/span><\/p><p><span style=\"font-size: 1em;\"><\/p><p>\u00a0<\/p><\/div>\n\t\t\t\t\t\t\t<\/div>\n\t\t<\/div>\n\t\t\t\t<\/div>\n\t\t\t\t<\/div>\n\t\t\t\t\t<\/div>\n\t\t<\/div>\n\t\t\t\t\t<\/div>\n\t\t<\/section>\n\t\t\t\t<\/div>\n\t\t","protected":false},"excerpt":{"rendered":"<p>Conhe\u00e7a nossas oportunidades de vagas de p\u00f3s-gradua\u00e7\u00e3o e p\u00f3s-doutorado P\u00f3s-gradua\u00e7\u00e3o P\u00f3s-Doutorado P\u00f3s-gradua\u00e7\u00e3o Oportunidades para estudantes Alunos motivados s\u00e3o incentivados a se inscrever enviando seu curr\u00edculo para Dra. Rodrigues em a&#108;i&#99;&#101;-&#114;o&#100;&#114;&#105;g&#117;e&#115;&#64;u&#115;&#112;.b&#114;\u00a0 P\u00f3s-Doutorado Oportunidades para p\u00f3s-doutorandos Aguardar divulga\u00e7\u00e3o de vagas\u00a0 P\u00f3s-doutorandos motivados s\u00e3o incentivados a se inscrever enviando seu curr\u00edculo para o Dra. Rodrigues em al&#105;c&#101;&#45;&#114;o&#100;&#114;i&#103;&#117;es&#64;u&#115;p.&#98;&#114;\u00a0 \u00a0<\/p>\n","protected":false},"author":1200,"featured_media":0,"parent":0,"menu_order":0,"comment_status":"closed","ping_status":"closed","template":"elementor_header_footer","meta":{"footnotes":"","_links_to":"","_links_to_target":""},"class_list":["post-1549","page","type-page","status-publish","hentry","entry"],"_links":{"self":[{"href":"https:\/\/sites.usp.br\/rodrigueslaboratory\/wp-json\/wp\/v2\/pages\/1549","targetHints":{"allow":["GET"]}}],"collection":[{"href":"https:\/\/sites.usp.br\/rodrigueslaboratory\/wp-json\/wp\/v2\/pages"}],"about":[{"href":"https:\/\/sites.usp.br\/rodrigueslaboratory\/wp-json\/wp\/v2\/types\/page"}],"author":[{"embeddable":true,"href":"https:\/\/sites.usp.br\/rodrigueslaboratory\/wp-json\/wp\/v2\/users\/1200"}],"replies":[{"embeddable":true,"href":"https:\/\/sites.usp.br\/rodrigueslaboratory\/wp-json\/wp\/v2\/comments?post=1549"}],"version-history":[{"count":4,"href":"https:\/\/sites.usp.br\/rodrigueslaboratory\/wp-json\/wp\/v2\/pages\/1549\/revisions"}],"predecessor-version":[{"id":1670,"href":"https:\/\/sites.usp.br\/rodrigueslaboratory\/wp-json\/wp\/v2\/pages\/1549\/revisions\/1670"}],"wp:attachment":[{"href":"https:\/\/sites.usp.br\/rodrigueslaboratory\/wp-json\/wp\/v2\/media?parent=1549"}],"curies":[{"name":"wp","href":"https:\/\/api.w.org\/{rel}","templated":true}]}}