{"id":1315,"date":"2020-01-15T13:00:07","date_gmt":"2020-01-15T16:00:07","guid":{"rendered":"https:\/\/sites.usp.br\/rpp\/wp-content\/uploads\/sites\/415\/2020\/01\/sele\u00e7\u00e3o-de-candidatos-brisa.png"},"modified":"2020-01-15T13:00:07","modified_gmt":"2020-01-15T16:00:07","slug":"selecao-de-candidatos-brisa","status":"inherit","type":"attachment","link":"https:\/\/sites.usp.br\/rpp\/selecao-de-candidatos-brisa\/","title":{"rendered":"sele\u00e7\u00e3o de candidatos brisa"},"author":740,"featured_media":0,"comment_status":"closed","ping_status":"closed","template":"","meta":{"ocean_post_layout":"","ocean_both_sidebars_style":"","ocean_both_sidebars_content_width":0,"ocean_both_sidebars_sidebars_width":0,"ocean_sidebar":"","ocean_second_sidebar":"","ocean_disable_margins":"enable","ocean_add_body_class":"","ocean_shortcode_before_top_bar":"","ocean_shortcode_after_top_bar":"","ocean_shortcode_before_header":"","ocean_shortcode_after_header":"","ocean_has_shortcode":"","ocean_shortcode_after_title":"","ocean_shortcode_before_footer_widgets":"","ocean_shortcode_after_footer_widgets":"","ocean_shortcode_before_footer_bottom":"","ocean_shortcode_after_footer_bottom":"","ocean_display_top_bar":"default","ocean_display_header":"default","ocean_header_style":"","ocean_center_header_left_menu":"","ocean_custom_header_template":"","ocean_custom_logo":0,"ocean_custom_retina_logo":0,"ocean_custom_logo_max_width":0,"ocean_custom_logo_tablet_max_width":0,"ocean_custom_logo_mobile_max_width":0,"ocean_custom_logo_max_height":0,"ocean_custom_logo_tablet_max_height":0,"ocean_custom_logo_mobile_max_height":0,"ocean_header_custom_menu":"","ocean_menu_typo_font_family":"","ocean_menu_typo_font_subset":"","ocean_menu_typo_font_size":0,"ocean_menu_typo_font_size_tablet":0,"ocean_menu_typo_font_size_mobile":0,"ocean_menu_typo_font_size_unit":"px","ocean_menu_typo_font_weight":"","ocean_menu_typo_font_weight_tablet":"","ocean_menu_typo_font_weight_mobile":"","ocean_menu_typo_transform":"","ocean_menu_typo_transform_tablet":"","ocean_menu_typo_transform_mobile":"","ocean_menu_typo_line_height":0,"ocean_menu_typo_line_height_tablet":0,"ocean_menu_typo_line_height_mobile":0,"ocean_menu_typo_line_height_unit":"","ocean_menu_typo_spacing":0,"ocean_menu_typo_spacing_tablet":0,"ocean_menu_typo_spacing_mobile":0,"ocean_menu_typo_spacing_unit":"","ocean_menu_link_color":"","ocean_menu_link_color_hover":"","ocean_menu_link_color_active":"","ocean_menu_link_background":"","ocean_menu_link_hover_background":"","ocean_menu_link_active_background":"","ocean_menu_social_links_bg":"","ocean_menu_social_hover_links_bg":"","ocean_menu_social_links_color":"","ocean_menu_social_hover_links_color":"","ocean_disable_title":"default","ocean_disable_heading":"default","ocean_post_title":"","ocean_post_subheading":"","ocean_post_title_style":"","ocean_post_title_background_color":"","ocean_post_title_background":0,"ocean_post_title_bg_image_position":"","ocean_post_title_bg_image_attachment":"","ocean_post_title_bg_image_repeat":"","ocean_post_title_bg_image_size":"","ocean_post_title_height":0,"ocean_post_title_bg_overlay":0.5,"ocean_post_title_bg_overlay_color":"","ocean_disable_breadcrumbs":"default","ocean_breadcrumbs_color":"","ocean_breadcrumbs_separator_color":"","ocean_breadcrumbs_links_color":"","ocean_breadcrumbs_links_hover_color":"","ocean_display_footer_widgets":"default","ocean_display_footer_bottom":"default","ocean_custom_footer_template":"","_links_to":"","_links_to_target":""},"class_list":["post-1315","attachment","type-attachment","status-inherit","hentry","entry"],"description":{"rendered":"<p class=\"attachment\"><a href='https:\/\/sites.usp.br\/rpp\/wp-content\/uploads\/sites\/415\/2020\/01\/sele\u00e7\u00e3o-de-candidatos-brisa.png'><img loading=\"lazy\" decoding=\"async\" width=\"300\" height=\"200\" src=\"https:\/\/sites.usp.br\/rpp\/wp-content\/uploads\/sites\/415\/2020\/01\/sele\u00e7\u00e3o-de-candidatos-brisa-300x200.png\" class=\"attachment-medium size-medium\" alt=\"\" srcset=\"https:\/\/sites.usp.br\/rpp\/wp-content\/uploads\/sites\/415\/2020\/01\/sele\u00e7\u00e3o-de-candidatos-brisa-300x200.png 300w, https:\/\/sites.usp.br\/rpp\/wp-content\/uploads\/sites\/415\/2020\/01\/sele\u00e7\u00e3o-de-candidatos-brisa-768x513.png 768w, https:\/\/sites.usp.br\/rpp\/wp-content\/uploads\/sites\/415\/2020\/01\/sele\u00e7\u00e3o-de-candidatos-brisa-400x267.png 400w, https:\/\/sites.usp.br\/rpp\/wp-content\/uploads\/sites\/415\/2020\/01\/sele\u00e7\u00e3o-de-candidatos-brisa.png 800w\" sizes=\"auto, (max-width: 300px) 100vw, 300px\" \/><\/a><\/p>\n"},"caption":{"rendered":""},"alt_text":"","media_type":"image","mime_type":"image\/png","media_details":{"width":800,"height":534,"file":"2020\/01\/sele\u00e7\u00e3o-de-candidatos-brisa.png","sizes":{"medium":{"file":"sele\u00e7\u00e3o-de-candidatos-brisa-300x200.png","width":300,"height":200,"mime_type":"image\/png","source_url":"https:\/\/sites.usp.br\/rpp\/wp-content\/uploads\/sites\/415\/2020\/01\/sele\u00e7\u00e3o-de-candidatos-brisa-300x200.png"},"thumbnail":{"file":"sele\u00e7\u00e3o-de-candidatos-brisa-150x150.png","width":150,"height":150,"mime_type":"image\/png","source_url":"https:\/\/sites.usp.br\/rpp\/wp-content\/uploads\/sites\/415\/2020\/01\/sele\u00e7\u00e3o-de-candidatos-brisa-150x150.png"},"medium_large":{"file":"sele\u00e7\u00e3o-de-candidatos-brisa-768x513.png","width":768,"height":513,"mime_type":"image\/png","source_url":"https:\/\/sites.usp.br\/rpp\/wp-content\/uploads\/sites\/415\/2020\/01\/sele\u00e7\u00e3o-de-candidatos-brisa-768x513.png"},"content":{"file":"sele\u00e7\u00e3o-de-candidatos-brisa-650x276.png","width":650,"height":276,"mime_type":"image\/png","source_url":"https:\/\/sites.usp.br\/rpp\/wp-content\/uploads\/sites\/415\/2020\/01\/sele\u00e7\u00e3o-de-candidatos-brisa-650x276.png"},"featured":{"file":"sele\u00e7\u00e3o-de-candidatos-brisa-310x174.png","width":310,"height":174,"mime_type":"image\/png","source_url":"https:\/\/sites.usp.br\/rpp\/wp-content\/uploads\/sites\/415\/2020\/01\/sele\u00e7\u00e3o-de-candidatos-brisa-310x174.png"},"cp_small":{"file":"sele\u00e7\u00e3o-de-candidatos-brisa-80x60.png","width":80,"height":60,"mime_type":"image\/png","source_url":"https:\/\/sites.usp.br\/rpp\/wp-content\/uploads\/sites\/415\/2020\/01\/sele\u00e7\u00e3o-de-candidatos-brisa-80x60.png"},"rpwe-thumbnail":{"file":"sele\u00e7\u00e3o-de-candidatos-brisa-45x45.png","width":45,"height":45,"mime_type":"image\/png","source_url":"https:\/\/sites.usp.br\/rpp\/wp-content\/uploads\/sites\/415\/2020\/01\/sele\u00e7\u00e3o-de-candidatos-brisa-45x45.png"},"fpw_square":{"file":"sele\u00e7\u00e3o-de-candidatos-brisa-200x200.png","width":200,"height":200,"mime_type":"image\/png","source_url":"https:\/\/sites.usp.br\/rpp\/wp-content\/uploads\/sites\/415\/2020\/01\/sele\u00e7\u00e3o-de-candidatos-brisa-200x200.png"},"fpw_banner":{"file":"sele\u00e7\u00e3o-de-candidatos-brisa-400x150.png","width":400,"height":150,"mime_type":"image\/png","source_url":"https:\/\/sites.usp.br\/rpp\/wp-content\/uploads\/sites\/415\/2020\/01\/sele\u00e7\u00e3o-de-candidatos-brisa-400x150.png"},"fpw_big":{"file":"sele\u00e7\u00e3o-de-candidatos-brisa-400x267.png","width":400,"height":267,"mime_type":"image\/png","source_url":"https:\/\/sites.usp.br\/rpp\/wp-content\/uploads\/sites\/415\/2020\/01\/sele\u00e7\u00e3o-de-candidatos-brisa-400x267.png"},"full":{"file":"sele\u00e7\u00e3o-de-candidatos-brisa.png","width":800,"height":534,"mime_type":"image\/png","source_url":"https:\/\/sites.usp.br\/rpp\/wp-content\/uploads\/sites\/415\/2020\/01\/sele\u00e7\u00e3o-de-candidatos-brisa.png"}},"image_meta":{"aperture":"0","credit":"","camera":"","caption":"","created_timestamp":"0","copyright":"","focal_length":"0","iso":"0","shutter_speed":"0","title":"","orientation":"0","keywords":[]}},"post":null,"source_url":"https:\/\/sites.usp.br\/rpp\/wp-content\/uploads\/sites\/415\/2020\/01\/sele\u00e7\u00e3o-de-candidatos-brisa.png","_links":{"self":[{"href":"https:\/\/sites.usp.br\/rpp\/wp-json\/wp\/v2\/media\/1315","targetHints":{"allow":["GET"]}}],"collection":[{"href":"https:\/\/sites.usp.br\/rpp\/wp-json\/wp\/v2\/media"}],"about":[{"href":"https:\/\/sites.usp.br\/rpp\/wp-json\/wp\/v2\/types\/attachment"}],"author":[{"embeddable":true,"href":"https:\/\/sites.usp.br\/rpp\/wp-json\/wp\/v2\/users\/740"}],"replies":[{"embeddable":true,"href":"https:\/\/sites.usp.br\/rpp\/wp-json\/wp\/v2\/comments?post=1315"}]}}

https://sites.usp.br/rpp/wp-content/uploads/sites/415/2020/01/seleção-de-candidatos-brisa.png

seleção de candidatos brisa

<p class="attachment"><a href='https://sites.usp.br/rpp/wp-content/uploads/sites/415/2020/01/seleção-de-candidatos-brisa.png'><img loading="lazy" decoding="async" width="300" height="200" src="https://sites.usp.br/rpp/wp-content/uploads/sites/415/2020/01/seleção-de-candidatos-brisa-300x200.png" class="attachment-medium size-medium" alt="" srcset="https://sites.usp.br/rpp/wp-content/uploads/sites/415/2020/01/seleção-de-candidatos-brisa-300x200.png 300w, https://sites.usp.br/rpp/wp-content/uploads/sites/415/2020/01/seleção-de-candidatos-brisa-768x513.png 768w, https://sites.usp.br/rpp/wp-content/uploads/sites/415/2020/01/seleção-de-candidatos-brisa-400x267.png 400w, https://sites.usp.br/rpp/wp-content/uploads/sites/415/2020/01/seleção-de-candidatos-brisa.png 800w" sizes="auto, (max-width: 300px) 100vw, 300px" /></a></p>

2020/01/seleção-de-candidatos-brisa.png

seleção-de-candidatos-brisa-300x200.png

https://sites.usp.br/rpp/wp-content/uploads/sites/415/2020/01/seleção-de-candidatos-brisa-300x200.png

seleção-de-candidatos-brisa-150x150.png

https://sites.usp.br/rpp/wp-content/uploads/sites/415/2020/01/seleção-de-candidatos-brisa-150x150.png

seleção-de-candidatos-brisa-768x513.png

https://sites.usp.br/rpp/wp-content/uploads/sites/415/2020/01/seleção-de-candidatos-brisa-768x513.png

seleção-de-candidatos-brisa-650x276.png

https://sites.usp.br/rpp/wp-content/uploads/sites/415/2020/01/seleção-de-candidatos-brisa-650x276.png

seleção-de-candidatos-brisa-310x174.png

https://sites.usp.br/rpp/wp-content/uploads/sites/415/2020/01/seleção-de-candidatos-brisa-310x174.png

seleção-de-candidatos-brisa-80x60.png

https://sites.usp.br/rpp/wp-content/uploads/sites/415/2020/01/seleção-de-candidatos-brisa-80x60.png

seleção-de-candidatos-brisa-45x45.png

https://sites.usp.br/rpp/wp-content/uploads/sites/415/2020/01/seleção-de-candidatos-brisa-45x45.png

seleção-de-candidatos-brisa-200x200.png

https://sites.usp.br/rpp/wp-content/uploads/sites/415/2020/01/seleção-de-candidatos-brisa-200x200.png

seleção-de-candidatos-brisa-400x150.png

https://sites.usp.br/rpp/wp-content/uploads/sites/415/2020/01/seleção-de-candidatos-brisa-400x150.png

seleção-de-candidatos-brisa-400x267.png

https://sites.usp.br/rpp/wp-content/uploads/sites/415/2020/01/seleção-de-candidatos-brisa-400x267.png

seleção-de-candidatos-brisa.png
