{"id":956,"date":"2021-11-26T16:46:28","date_gmt":"2021-11-26T19:46:28","guid":{"rendered":"https:\/\/sites.usp.br\/scx\/?page_id=956"},"modified":"2023-01-08T11:17:48","modified_gmt":"2023-01-08T14:17:48","slug":"colaboradores","status":"publish","type":"page","link":"https:\/\/sites.usp.br\/scx\/colaboradores\/","title":{"rendered":"Colaboradores"},"content":{"rendered":"<p><a href=\"\/\/sites.usp.br\/scx\/wp-content\/uploads\/sites\/262\/2017\/06\/foto.png\"><img loading=\"lazy\" decoding=\"async\" class=\"size-thumbnail wp-image-437 alignleft\" src=\"\/\/sites.usp.br\/scx\/wp-content\/uploads\/sites\/262\/2017\/06\/foto-150x150.png\" alt=\"\" width=\"150\" height=\"150\" srcset=\"https:\/\/sites.usp.br\/scx\/wp-content\/uploads\/sites\/262\/2017\/06\/foto-150x150.png 150w, https:\/\/sites.usp.br\/scx\/wp-content\/uploads\/sites\/262\/2017\/06\/foto-45x45.png 45w, https:\/\/sites.usp.br\/scx\/wp-content\/uploads\/sites\/262\/2017\/06\/foto-200x200.png 200w\" sizes=\"auto, (max-width: 150px) 100vw, 150px\" \/><\/a><\/p>\n<p><strong>Nome<\/strong>: Diego Antonio Falceta Gon\u00e7alves<\/p>\n<p><strong>E-mail<\/strong>: dfalceta@usp.br<\/p>\n<p><strong>Forma\u00e7\u00e3o<\/strong>: \u00c9 Bacharel em F\u00edsica com Habilita\u00e7\u00e3o em Astronomia pelo Instituto de F\u00edsica da Universidade de S\u00e3o Paulo (2000). Concluiu seu Doutorado em Astronomia, pelo IAG &#8211; Universidade de S\u00e3o Paulo, em 2005. Obteve seu t\u00edtulo de Professor Livre-Docente, pelo Departamento de Astronomia do IAG-USP, em 2011. P\u00f3s-doutorados na Universidade de Wisconsin &#8211; EUA (2007 &#8211; 2008) e University of St. Andrews &#8211; Reino Unido (2013 &#8211; 2015).<\/p>\n<p><strong>Linha de pesquisa<\/strong>: Na \u00e1rea de Astronomia, \u00eanfase em Astrof\u00edsica de Plasmas com aplica\u00e7\u00f5es em Astrof\u00edsica Estelar, Gal\u00e1ctica e Extra-Gal\u00e1ctica.<\/p>\n<p><strong>Lattes<\/strong>: <a href=\"http:\/\/buscatextual.cnpq.br\/buscatextual\/visualizacv.do?id=K4706351U7\">http:\/\/buscatextual.cnpq.br\/buscatextual\/visualizacv.do?id=K4706351U7<\/a><\/p>\n<p><strong>P\u00e1gina pessoal<\/strong>: <a href=\"http:\/\/each.uspnet.usp.br\/fgoncalves\">http:\/\/each.uspnet.usp.br\/fgoncalves<\/a><\/p>\n<p><strong>Artigos selecionados<\/strong>:<\/p>\n<p>Falceta-Gon\u00e7alves, D., and G. Kowal. &#8220;<a href=\"http:\/\/iopscience.iop.org\/article\/10.1088\/0004-637X\/808\/1\/65\/meta#\"><em>Fast Magnetic Field Amplification in the Early Universe: Growth of Collisionless Plasma Instabilities in Turbulent Media.<\/em><\/a>&#8221; The Astrophysical Journal 808.1 (2015): 65.<\/p>\n<p>Falceta-Gon\u00e7alves, Diego, Alex Lazarian, and Grzegorz Kowal. &#8220;<a href=\"http:\/\/iopscience.iop.org\/article\/10.1086\/587479\/meta\"><em>Studies of regular and random magnetic fields in the ISM: statistics of polarization vectors and the Chandrasekhar-Fermi technique.<\/em><\/a>&#8221; The Astrophysical Journal 679.1 (2008): 537.<\/p>\n<p>Falceta-Gon\u00e7alves, D., and V. Jatenco-Pereira. &#8220;<a href=\"http:\/\/iopscience.iop.org\/article\/10.1086\/341794\/meta\"><em>The effects of Alfv\u00e9n waves and radiation pressure in dust winds of late-type stars.<\/em><\/a>&#8221; The Astrophysical Journal 576.2 (2002): 976.<\/p>\n<p>Falceta-Gon\u00e7alves, Diego, M. C. De Juli, and V. Jatenco-Pereira. &#8220;<a href=\"http:\/\/iopscience.iop.org\/article\/10.1086\/378584\/meta\"><em>Dusty molecular cloud collapse in the presence of Alfv\u00e9n waves.<\/em><\/a>&#8221; The Astrophysical Journal 597.2 (2003): 970.<\/p>\n<p>Abraham, Z., et al. &#8220;<a href=\"https:\/\/academic.oup.com\/mnras\/article\/364\/3\/922\/1187759\/Wind-wind-collision-in-the-Carinae-binary-system\"><em>Wind-wind collision in the \u03b7 Carinae binary system\u2014II. Constraints to the binary orbital parameters from radio emission near periastron passage.<\/em><\/a>&#8221; Monthly Notices of the Royal Astronomical Society 364.3 (2005): 922-928.<\/p>\n<p>&nbsp;<\/p>\n<hr \/>\n<p>&nbsp;<\/p>\n<p><strong><a href=\"http:\/\/sites.usp.br\/scx\/wp-content\/uploads\/sites\/262\/2017\/06\/FALVAREZ.jpg\"><img loading=\"lazy\" decoding=\"async\" class=\"alignleft size-thumbnail wp-image-549\" src=\"http:\/\/sites.usp.br\/scx\/wp-content\/uploads\/sites\/262\/2017\/06\/FALVAREZ-150x150.jpg\" alt=\"\" width=\"150\" height=\"150\" srcset=\"https:\/\/sites.usp.br\/scx\/wp-content\/uploads\/sites\/262\/2017\/06\/FALVAREZ-150x150.jpg 150w, https:\/\/sites.usp.br\/scx\/wp-content\/uploads\/sites\/262\/2017\/06\/FALVAREZ-45x45.jpg 45w, https:\/\/sites.usp.br\/scx\/wp-content\/uploads\/sites\/262\/2017\/06\/FALVAREZ-200x200.jpg 200w\" sizes=\"auto, (max-width: 150px) 100vw, 150px\" \/><\/a>Nome<\/strong>: Francisco Javier Sebastian Mendizabal Alvarez<\/p>\n<p><strong>E-mail<\/strong>: falvarez@usp.br<\/p>\n<p><strong>Forma\u00e7\u00e3o<\/strong>: Possui gradua\u00e7\u00e3o em Ci\u00eancias Cont\u00e1beis pelo Centro Universit\u00e1rio Funda\u00e7\u00e3o Santo Andr\u00e9 (1977), gradua\u00e7\u00e3o em Ciencias Economicas pelo Centro Universit\u00e1rio Funda\u00e7\u00e3o Santo Andr\u00e9 (1976), mestrado em Administra\u00e7\u00e3o pela Universidade de S\u00e3o Paulo (1998) e doutorado em Administra\u00e7\u00e3o pela Universidade de S\u00e3o Paulo (2004).<\/p>\n<p><strong>Linha de pesquisa<\/strong>: Tem experi\u00eancia na \u00e1rea de Administra\u00e7\u00e3o, com \u00eanfase em Administra\u00e7\u00e3o de Marketing, atuando principalmente nos seguintes temas: marketing, ger\u00eancia de vendas, key account management, trade marketing e varejo.<\/p>\n<p><strong>Lattes<\/strong>: <a href=\"http:\/\/lattes.cnpq.br\/4218896753382242\">http:\/\/lattes.cnpq.br\/4218896753382242<\/a><\/p>\n<p><strong>Artigos selecionados<\/strong>:<\/p>\n<p>Favero, Marcela Bortotti, and Francisco JSM Alvarez. &#8220;<a href=\"http:\/\/dx.doi.org\/10.18533\/journal.v2i2.66\"><em>Integrated communication in retail fashion: a study of integration Between advertising and communication at the point of sale.<\/em><\/a>&#8221; Journal of Arts and Humanities 2.2 (2013): 25.<\/p>\n<p>&nbsp;<\/p>","protected":false},"excerpt":{"rendered":"<p>Nome: Diego Antonio Falceta Gon\u00e7alves E-mail: dfalceta@usp.br Forma\u00e7\u00e3o: \u00c9 Bacharel em F\u00edsica com Habilita\u00e7\u00e3o em [&hellip;]<\/p>\n","protected":false},"author":459,"featured_media":0,"parent":0,"menu_order":0,"comment_status":"closed","ping_status":"closed","template":"","meta":{"footnotes":"","_links_to":"","_links_to_target":""},"class_list":["post-956","page","type-page","status-publish","hentry"],"_links":{"self":[{"href":"https:\/\/sites.usp.br\/scx\/wp-json\/wp\/v2\/pages\/956","targetHints":{"allow":["GET"]}}],"collection":[{"href":"https:\/\/sites.usp.br\/scx\/wp-json\/wp\/v2\/pages"}],"about":[{"href":"https:\/\/sites.usp.br\/scx\/wp-json\/wp\/v2\/types\/page"}],"author":[{"embeddable":true,"href":"https:\/\/sites.usp.br\/scx\/wp-json\/wp\/v2\/users\/459"}],"replies":[{"embeddable":true,"href":"https:\/\/sites.usp.br\/scx\/wp-json\/wp\/v2\/comments?post=956"}],"version-history":[{"count":4,"href":"https:\/\/sites.usp.br\/scx\/wp-json\/wp\/v2\/pages\/956\/revisions"}],"predecessor-version":[{"id":1091,"href":"https:\/\/sites.usp.br\/scx\/wp-json\/wp\/v2\/pages\/956\/revisions\/1091"}],"wp:attachment":[{"href":"https:\/\/sites.usp.br\/scx\/wp-json\/wp\/v2\/media?parent=956"}],"curies":[{"name":"wp","href":"https:\/\/api.w.org\/{rel}","templated":true}]}}