{"id":1732,"date":"2023-08-01T12:30:57","date_gmt":"2023-08-01T14:30:57","guid":{"rendered":"https:\/\/sites.usp.br\/sefea\/?page_id=1732"},"modified":"2023-10-04T13:23:28","modified_gmt":"2023-10-04T15:23:28","slug":"vi-sefea-rp","status":"publish","type":"page","link":"https:\/\/sites.usp.br\/sefea\/vi-sefea-rp\/","title":{"rendered":"VI SEFEA-RP"},"content":{"rendered":"<p><a href=\"https:\/\/sites.usp.br\/sefea\/wp-content\/uploads\/sites\/573\/2023\/08\/PROGRAMACAO-FLIPCHART-2160-x-1080-px.png\"><img loading=\"lazy\" decoding=\"async\" class=\"alignnone wp-image-1898 size-full\" src=\"https:\/\/sites.usp.br\/sefea\/wp-content\/uploads\/sites\/573\/2023\/08\/PROGRAMACAO-FLIPCHART-2160-x-1080-px.png\" alt=\"\" width=\"2160\" height=\"1580\" srcset=\"https:\/\/sites.usp.br\/sefea\/wp-content\/uploads\/sites\/573\/2023\/08\/PROGRAMACAO-FLIPCHART-2160-x-1080-px.png 2160w, https:\/\/sites.usp.br\/sefea\/wp-content\/uploads\/sites\/573\/2023\/08\/PROGRAMACAO-FLIPCHART-2160-x-1080-px-300x219.png 300w, https:\/\/sites.usp.br\/sefea\/wp-content\/uploads\/sites\/573\/2023\/08\/PROGRAMACAO-FLIPCHART-2160-x-1080-px-1024x749.png 1024w, https:\/\/sites.usp.br\/sefea\/wp-content\/uploads\/sites\/573\/2023\/08\/PROGRAMACAO-FLIPCHART-2160-x-1080-px-768x562.png 768w, https:\/\/sites.usp.br\/sefea\/wp-content\/uploads\/sites\/573\/2023\/08\/PROGRAMACAO-FLIPCHART-2160-x-1080-px-1536x1124.png 1536w, https:\/\/sites.usp.br\/sefea\/wp-content\/uploads\/sites\/573\/2023\/08\/PROGRAMACAO-FLIPCHART-2160-x-1080-px-2048x1498.png 2048w, https:\/\/sites.usp.br\/sefea\/wp-content\/uploads\/sites\/573\/2023\/08\/PROGRAMACAO-FLIPCHART-2160-x-1080-px-80x60.png 80w, https:\/\/sites.usp.br\/sefea\/wp-content\/uploads\/sites\/573\/2023\/08\/PROGRAMACAO-FLIPCHART-2160-x-1080-px-400x293.png 400w\" sizes=\"auto, (max-width: 2160px) 100vw, 2160px\" \/><\/a><\/p>\n<p>A Semana Empresarial da Faculdade de Economia, Administra\u00e7\u00e3o e Contabilidade de Ribeir\u00e3o Preto (SEFEA-RP) \u00e9 um evento realizado anualmente e que j\u00e1 se encontra em sua sexta edi\u00e7\u00e3o.<\/p>\n<p>O objetivo da SEFEA-RP \u00e9 integrar os alunos de uma das melhores faculdades de neg\u00f3cios da Am\u00e9rica Latina aos grandes nomes do mundo empresarial, estimulando um desenvolvimento profissional s\u00f3lido capaz de impactar positivamente o ecossistema corporativo, por meio da abordagem de conte\u00fados que complementam aqueles j\u00e1 vistos em sala de aula.<\/p>\n<p>A sexta edi\u00e7\u00e3o do evento ser\u00e1 realizada em 17 e 18 de outubro e ter\u00e1 como tema central a Intelig\u00eancia Artificial, al\u00e9m de tem\u00e1ticas voltadas a Carreiras, Empreendedorismo e Inova\u00e7\u00e3o, entre outras.<\/p>\n<p>Mais informa\u00e7\u00f5es sobre o evento ser\u00e3o divulgadas oportunamente no site e nas redes sociais da FEA-RP.<\/p>\n<p data-wp-editing=\"1\">Contamos com a participa\u00e7\u00e3o de todos!<\/p>\n<div style=\"width: 640px;\" class=\"wp-video\"><video class=\"wp-video-shortcode\" id=\"video-1732-1\" width=\"640\" height=\"360\" autoplay preload=\"metadata\" controls=\"controls\"><source type=\"video\/mp4\" src=\"https:\/\/sites.usp.br\/sefea\/wp-content\/uploads\/sites\/573\/2023\/08\/09__12.09.2023-Eugenio-Bitti-VI-SEFEA-RP-widescreen-1080p-1.mp4?_=1\" \/><a href=\"https:\/\/sites.usp.br\/sefea\/wp-content\/uploads\/sites\/573\/2023\/08\/09__12.09.2023-Eugenio-Bitti-VI-SEFEA-RP-widescreen-1080p-1.mp4\">https:\/\/sites.usp.br\/sefea\/wp-content\/uploads\/sites\/573\/2023\/08\/09__12.09.2023-Eugenio-Bitti-VI-SEFEA-RP-widescreen-1080p-1.mp4<\/a><\/video><\/div>\n<p>&nbsp;<\/p>\n<p><a href=\"https:\/\/sites.usp.br\/sefea\/wp-content\/uploads\/sites\/573\/2023\/08\/1.png\"><img loading=\"lazy\" decoding=\"async\" class=\"aligncenter wp-image-1890 size-medium\" src=\"https:\/\/sites.usp.br\/sefea\/wp-content\/uploads\/sites\/573\/2023\/08\/1-300x300.png\" alt=\"\" width=\"300\" height=\"300\" srcset=\"https:\/\/sites.usp.br\/sefea\/wp-content\/uploads\/sites\/573\/2023\/08\/1-300x300.png 300w, https:\/\/sites.usp.br\/sefea\/wp-content\/uploads\/sites\/573\/2023\/08\/1-1024x1024.png 1024w, https:\/\/sites.usp.br\/sefea\/wp-content\/uploads\/sites\/573\/2023\/08\/1-150x150.png 150w, https:\/\/sites.usp.br\/sefea\/wp-content\/uploads\/sites\/573\/2023\/08\/1-768x768.png 768w, https:\/\/sites.usp.br\/sefea\/wp-content\/uploads\/sites\/573\/2023\/08\/1-250x250.png 250w, https:\/\/sites.usp.br\/sefea\/wp-content\/uploads\/sites\/573\/2023\/08\/1-174x174.png 174w, https:\/\/sites.usp.br\/sefea\/wp-content\/uploads\/sites\/573\/2023\/08\/1-45x45.png 45w, https:\/\/sites.usp.br\/sefea\/wp-content\/uploads\/sites\/573\/2023\/08\/1-200x200.png 200w, https:\/\/sites.usp.br\/sefea\/wp-content\/uploads\/sites\/573\/2023\/08\/1-400x400.png 400w, https:\/\/sites.usp.br\/sefea\/wp-content\/uploads\/sites\/573\/2023\/08\/1.png 1080w\" sizes=\"auto, (max-width: 300px) 100vw, 300px\" \/><\/a><\/p>\n<p style=\"text-align: center;\" data-wp-editing=\"1\"><a href=\"https:\/\/sites.usp.br\/sefea\/wp-content\/uploads\/sites\/573\/2023\/08\/2.png\"><img loading=\"lazy\" decoding=\"async\" class=\"aligncenter wp-image-1891 size-medium\" src=\"https:\/\/sites.usp.br\/sefea\/wp-content\/uploads\/sites\/573\/2023\/08\/2-300x300.png\" alt=\"\" width=\"300\" height=\"300\" srcset=\"https:\/\/sites.usp.br\/sefea\/wp-content\/uploads\/sites\/573\/2023\/08\/2-300x300.png 300w, https:\/\/sites.usp.br\/sefea\/wp-content\/uploads\/sites\/573\/2023\/08\/2-1024x1024.png 1024w, https:\/\/sites.usp.br\/sefea\/wp-content\/uploads\/sites\/573\/2023\/08\/2-150x150.png 150w, https:\/\/sites.usp.br\/sefea\/wp-content\/uploads\/sites\/573\/2023\/08\/2-768x768.png 768w, https:\/\/sites.usp.br\/sefea\/wp-content\/uploads\/sites\/573\/2023\/08\/2-250x250.png 250w, https:\/\/sites.usp.br\/sefea\/wp-content\/uploads\/sites\/573\/2023\/08\/2-174x174.png 174w, https:\/\/sites.usp.br\/sefea\/wp-content\/uploads\/sites\/573\/2023\/08\/2-45x45.png 45w, https:\/\/sites.usp.br\/sefea\/wp-content\/uploads\/sites\/573\/2023\/08\/2-200x200.png 200w, https:\/\/sites.usp.br\/sefea\/wp-content\/uploads\/sites\/573\/2023\/08\/2-400x400.png 400w, https:\/\/sites.usp.br\/sefea\/wp-content\/uploads\/sites\/573\/2023\/08\/2.png 1080w\" sizes=\"auto, (max-width: 300px) 100vw, 300px\" \/><\/a><\/p>\n<p style=\"text-align: center;\" data-wp-editing=\"1\"><a href=\"https:\/\/sites.usp.br\/sefea\/wp-content\/uploads\/sites\/573\/2023\/08\/3.png\"><img loading=\"lazy\" decoding=\"async\" class=\"aligncenter wp-image-1892 size-medium\" src=\"https:\/\/sites.usp.br\/sefea\/wp-content\/uploads\/sites\/573\/2023\/08\/3-300x300.png\" alt=\"\" width=\"300\" height=\"300\" srcset=\"https:\/\/sites.usp.br\/sefea\/wp-content\/uploads\/sites\/573\/2023\/08\/3-300x300.png 300w, https:\/\/sites.usp.br\/sefea\/wp-content\/uploads\/sites\/573\/2023\/08\/3-1024x1024.png 1024w, https:\/\/sites.usp.br\/sefea\/wp-content\/uploads\/sites\/573\/2023\/08\/3-150x150.png 150w, https:\/\/sites.usp.br\/sefea\/wp-content\/uploads\/sites\/573\/2023\/08\/3-768x768.png 768w, https:\/\/sites.usp.br\/sefea\/wp-content\/uploads\/sites\/573\/2023\/08\/3-250x250.png 250w, https:\/\/sites.usp.br\/sefea\/wp-content\/uploads\/sites\/573\/2023\/08\/3-174x174.png 174w, https:\/\/sites.usp.br\/sefea\/wp-content\/uploads\/sites\/573\/2023\/08\/3-45x45.png 45w, https:\/\/sites.usp.br\/sefea\/wp-content\/uploads\/sites\/573\/2023\/08\/3-200x200.png 200w, https:\/\/sites.usp.br\/sefea\/wp-content\/uploads\/sites\/573\/2023\/08\/3-400x400.png 400w, https:\/\/sites.usp.br\/sefea\/wp-content\/uploads\/sites\/573\/2023\/08\/3.png 1080w\" sizes=\"auto, (max-width: 300px) 100vw, 300px\" \/><\/a><\/p>\n<p style=\"text-align: center;\" data-wp-editing=\"1\"><a href=\"https:\/\/sites.usp.br\/sefea\/wp-content\/uploads\/sites\/573\/2023\/08\/4.png\"><img loading=\"lazy\" decoding=\"async\" class=\"aligncenter wp-image-1893 size-medium\" src=\"https:\/\/sites.usp.br\/sefea\/wp-content\/uploads\/sites\/573\/2023\/08\/4-300x300.png\" alt=\"\" width=\"300\" height=\"300\" srcset=\"https:\/\/sites.usp.br\/sefea\/wp-content\/uploads\/sites\/573\/2023\/08\/4-300x300.png 300w, https:\/\/sites.usp.br\/sefea\/wp-content\/uploads\/sites\/573\/2023\/08\/4-1024x1024.png 1024w, https:\/\/sites.usp.br\/sefea\/wp-content\/uploads\/sites\/573\/2023\/08\/4-150x150.png 150w, https:\/\/sites.usp.br\/sefea\/wp-content\/uploads\/sites\/573\/2023\/08\/4-768x768.png 768w, https:\/\/sites.usp.br\/sefea\/wp-content\/uploads\/sites\/573\/2023\/08\/4-250x250.png 250w, https:\/\/sites.usp.br\/sefea\/wp-content\/uploads\/sites\/573\/2023\/08\/4-174x174.png 174w, https:\/\/sites.usp.br\/sefea\/wp-content\/uploads\/sites\/573\/2023\/08\/4-45x45.png 45w, https:\/\/sites.usp.br\/sefea\/wp-content\/uploads\/sites\/573\/2023\/08\/4-200x200.png 200w, https:\/\/sites.usp.br\/sefea\/wp-content\/uploads\/sites\/573\/2023\/08\/4-400x400.png 400w, https:\/\/sites.usp.br\/sefea\/wp-content\/uploads\/sites\/573\/2023\/08\/4.png 1080w\" sizes=\"auto, (max-width: 300px) 100vw, 300px\" \/><\/a><\/p>\n<p style=\"text-align: center;\" data-wp-editing=\"1\"><a href=\"https:\/\/sites.usp.br\/sefea\/wp-content\/uploads\/sites\/573\/2023\/08\/6.png\"><img loading=\"lazy\" decoding=\"async\" class=\"aligncenter wp-image-1894 size-medium\" src=\"https:\/\/sites.usp.br\/sefea\/wp-content\/uploads\/sites\/573\/2023\/08\/6-300x300.png\" alt=\"\" width=\"300\" height=\"300\" srcset=\"https:\/\/sites.usp.br\/sefea\/wp-content\/uploads\/sites\/573\/2023\/08\/6-300x300.png 300w, https:\/\/sites.usp.br\/sefea\/wp-content\/uploads\/sites\/573\/2023\/08\/6-1024x1024.png 1024w, https:\/\/sites.usp.br\/sefea\/wp-content\/uploads\/sites\/573\/2023\/08\/6-150x150.png 150w, https:\/\/sites.usp.br\/sefea\/wp-content\/uploads\/sites\/573\/2023\/08\/6-768x768.png 768w, https:\/\/sites.usp.br\/sefea\/wp-content\/uploads\/sites\/573\/2023\/08\/6-250x250.png 250w, https:\/\/sites.usp.br\/sefea\/wp-content\/uploads\/sites\/573\/2023\/08\/6-174x174.png 174w, https:\/\/sites.usp.br\/sefea\/wp-content\/uploads\/sites\/573\/2023\/08\/6-45x45.png 45w, https:\/\/sites.usp.br\/sefea\/wp-content\/uploads\/sites\/573\/2023\/08\/6-200x200.png 200w, https:\/\/sites.usp.br\/sefea\/wp-content\/uploads\/sites\/573\/2023\/08\/6-400x400.png 400w, https:\/\/sites.usp.br\/sefea\/wp-content\/uploads\/sites\/573\/2023\/08\/6.png 1080w\" sizes=\"auto, (max-width: 300px) 100vw, 300px\" \/><\/a><\/p>\n<p style=\"text-align: center;\" data-wp-editing=\"1\"><a href=\"https:\/\/sites.usp.br\/sefea\/wp-content\/uploads\/sites\/573\/2023\/08\/7.png\"><img loading=\"lazy\" decoding=\"async\" class=\"aligncenter wp-image-1895 size-medium\" src=\"https:\/\/sites.usp.br\/sefea\/wp-content\/uploads\/sites\/573\/2023\/08\/7-300x300.png\" alt=\"\" width=\"300\" height=\"300\" srcset=\"https:\/\/sites.usp.br\/sefea\/wp-content\/uploads\/sites\/573\/2023\/08\/7-300x300.png 300w, https:\/\/sites.usp.br\/sefea\/wp-content\/uploads\/sites\/573\/2023\/08\/7-1024x1024.png 1024w, https:\/\/sites.usp.br\/sefea\/wp-content\/uploads\/sites\/573\/2023\/08\/7-150x150.png 150w, https:\/\/sites.usp.br\/sefea\/wp-content\/uploads\/sites\/573\/2023\/08\/7-768x768.png 768w, https:\/\/sites.usp.br\/sefea\/wp-content\/uploads\/sites\/573\/2023\/08\/7-250x250.png 250w, https:\/\/sites.usp.br\/sefea\/wp-content\/uploads\/sites\/573\/2023\/08\/7-174x174.png 174w, https:\/\/sites.usp.br\/sefea\/wp-content\/uploads\/sites\/573\/2023\/08\/7-45x45.png 45w, https:\/\/sites.usp.br\/sefea\/wp-content\/uploads\/sites\/573\/2023\/08\/7-200x200.png 200w, https:\/\/sites.usp.br\/sefea\/wp-content\/uploads\/sites\/573\/2023\/08\/7-400x400.png 400w, https:\/\/sites.usp.br\/sefea\/wp-content\/uploads\/sites\/573\/2023\/08\/7.png 1080w\" sizes=\"auto, (max-width: 300px) 100vw, 300px\" \/><\/a><\/p>\n<p data-wp-editing=\"1\"><a href=\"https:\/\/sites.usp.br\/sefea\/wp-content\/uploads\/sites\/573\/2023\/08\/8.png\"><img loading=\"lazy\" decoding=\"async\" class=\"aligncenter wp-image-1896 size-medium\" src=\"https:\/\/sites.usp.br\/sefea\/wp-content\/uploads\/sites\/573\/2023\/08\/8-300x300.png\" alt=\"\" width=\"300\" height=\"300\" srcset=\"https:\/\/sites.usp.br\/sefea\/wp-content\/uploads\/sites\/573\/2023\/08\/8-300x300.png 300w, https:\/\/sites.usp.br\/sefea\/wp-content\/uploads\/sites\/573\/2023\/08\/8-1024x1024.png 1024w, https:\/\/sites.usp.br\/sefea\/wp-content\/uploads\/sites\/573\/2023\/08\/8-150x150.png 150w, https:\/\/sites.usp.br\/sefea\/wp-content\/uploads\/sites\/573\/2023\/08\/8-768x768.png 768w, https:\/\/sites.usp.br\/sefea\/wp-content\/uploads\/sites\/573\/2023\/08\/8-250x250.png 250w, https:\/\/sites.usp.br\/sefea\/wp-content\/uploads\/sites\/573\/2023\/08\/8-174x174.png 174w, https:\/\/sites.usp.br\/sefea\/wp-content\/uploads\/sites\/573\/2023\/08\/8-45x45.png 45w, https:\/\/sites.usp.br\/sefea\/wp-content\/uploads\/sites\/573\/2023\/08\/8-200x200.png 200w, https:\/\/sites.usp.br\/sefea\/wp-content\/uploads\/sites\/573\/2023\/08\/8-400x400.png 400w, https:\/\/sites.usp.br\/sefea\/wp-content\/uploads\/sites\/573\/2023\/08\/8.png 1080w\" sizes=\"auto, (max-width: 300px) 100vw, 300px\" \/><\/a><\/p>\n","protected":false},"excerpt":{"rendered":"<p>A Semana Empresarial da Faculdade de Economia, Administra\u00e7\u00e3o e Contabilidade de Ribeir\u00e3o Preto (SEFEA-RP) \u00e9 um evento realizado anualmente e que j\u00e1 se encontra em sua sexta edi\u00e7\u00e3o. O objetivo da SEFEA-RP \u00e9 integrar os alunos de uma das melhores faculdades de neg\u00f3cios da Am\u00e9rica Latina aos grandes nomes do mundo empresarial, estimulando um desenvolvimento<a href=\"https:\/\/sites.usp.br\/sefea\/vi-sefea-rp\/\">[&#8230;]<\/a><\/p>\n","protected":false},"author":23305,"featured_media":0,"parent":0,"menu_order":0,"comment_status":"closed","ping_status":"closed","template":"","meta":{"_monsterinsights_skip_tracking":false,"_monsterinsights_sitenote_active":false,"_monsterinsights_sitenote_note":"","_monsterinsights_sitenote_category":0,"footnotes":"","_links_to":"","_links_to_target":""},"class_list":["post-1732","page","type-page","status-publish","hentry"],"_links":{"self":[{"href":"https:\/\/sites.usp.br\/sefea\/wp-json\/wp\/v2\/pages\/1732","targetHints":{"allow":["GET"]}}],"collection":[{"href":"https:\/\/sites.usp.br\/sefea\/wp-json\/wp\/v2\/pages"}],"about":[{"href":"https:\/\/sites.usp.br\/sefea\/wp-json\/wp\/v2\/types\/page"}],"author":[{"embeddable":true,"href":"https:\/\/sites.usp.br\/sefea\/wp-json\/wp\/v2\/users\/23305"}],"replies":[{"embeddable":true,"href":"https:\/\/sites.usp.br\/sefea\/wp-json\/wp\/v2\/comments?post=1732"}],"version-history":[{"count":5,"href":"https:\/\/sites.usp.br\/sefea\/wp-json\/wp\/v2\/pages\/1732\/revisions"}],"predecessor-version":[{"id":1987,"href":"https:\/\/sites.usp.br\/sefea\/wp-json\/wp\/v2\/pages\/1732\/revisions\/1987"}],"wp:attachment":[{"href":"https:\/\/sites.usp.br\/sefea\/wp-json\/wp\/v2\/media?parent=1732"}],"curies":[{"name":"wp","href":"https:\/\/api.w.org\/{rel}","templated":true}]}}