{"id":981,"date":"2020-10-01T16:24:01","date_gmt":"2020-10-01T18:24:01","guid":{"rendered":"http:\/\/sites.usp.br\/sefea\/?page_id=981"},"modified":"2021-10-15T18:05:38","modified_gmt":"2021-10-15T20:05:38","slug":"iii-sefea","status":"publish","type":"page","link":"https:\/\/sites.usp.br\/sefea\/iii-sefea\/","title":{"rendered":"III SEFEA-RP"},"content":{"rendered":"<h3><strong>O que \u00e9 a SEFEA-RP?<\/strong><\/h3>\n<p>A III SEFEA-RP \u00e9 a terceira edi\u00e7\u00e3o da Semana Empresarial da Faculdade de Economia, Administra\u00e7\u00e3o e Contabilidade de Ribeir\u00e3o Preto. Este ano, a SEFEA-RP homenageia o aluno \u201cGabriel Romero de La Cruz\u201d, falecido no in\u00edcio deste ano e grande colaborador do evento, em 2019.<\/p>\n<p>Esse evento, essencialmente acad\u00eamico e totalmente on-line, ser\u00e1 realizado no per\u00edodo de 03 a 05 de novembro de 2020, e compreender\u00e1 em um conjunto de atividades, como palestras, recrutamentos, desafios, <em>pitchs<\/em> de <em>startups<\/em>, entre outros.<\/p>\n<p>A novidade deste ano \u00e9 que a SEFE-RPA ser\u00e1 realizada em parceria com a Polinize Summit, que tamb\u00e9m promove um evento focado em gera\u00e7\u00e3o de neg\u00f3cios, carreira e conhecimento em diversas \u00e1reas. Essa parceria possibilitar\u00e1 o encontro com um p\u00fablico maior e diversificado, al\u00e9m da participa\u00e7\u00e3o de grandes nomes e empresas do mercado, assim como egressos da FEA-RP, no exterior, contando suas experi\u00eancias.<\/p>\n<p><a href=\"https:\/\/sites.usp.br\/sefea\/wp-content\/uploads\/sites\/573\/2020\/10\/Mailing_1.png\"><img loading=\"lazy\" decoding=\"async\" class=\"alignnone wp-image-1005\" src=\"https:\/\/sites.usp.br\/sefea\/wp-content\/uploads\/sites\/573\/2020\/10\/Mailing_1.png\" alt=\"\" width=\"497\" height=\"907\" \/><\/a><\/p>\n<h3><strong><br \/>\nPARTICIPA\u00c7\u00c3O<\/strong><\/h3>\n<p>A participa\u00e7\u00e3o dos alunos da FEA-RP \u00e9 obrigat\u00f3ria, pois nos moldes dos anos anteriores a frequ\u00eancia do per\u00edodo (03 a 05\/11\/20) no evento ser\u00e1 apresentada aos docentes, e a cada palestra assistida o aluno receber\u00e1 um certificado. Ser\u00e1 necess\u00e1ria a participa\u00e7\u00e3o em, no m\u00ednimo, 4h30 de atividades nos tr\u00eas dias (em m\u00e9dia tr\u00eas atividades por dia).<\/p>\n<h3><\/h3>\n<p>&nbsp;<\/p>\n<h3><strong>PROGRAMA\u00c7\u00c3O E INSCRI\u00c7\u00d5ES<\/strong><\/h3>\n<p>Na plataforma oficial, voc\u00ea ter\u00e1\u00a0<strong>acesso a programa\u00e7\u00e3o completa <\/strong>durante todos os dias de evento e poder\u00e1 realizar as inscri\u00e7\u00f5es<\/p>\n<p>Acesse: <a href=\"https:\/\/summit.polinize.com\/\">https:\/\/summit.polinize.com\/<\/a><\/p>\n<p>N\u00e3o deixe para fazer sua inscri\u00e7\u00e3o em cima da hora!!<\/p>\n<p>Os conte\u00fados apresentados estar\u00e3o dispon\u00edveis para acesso posterior ao evento, mas n\u00e3o garantir\u00e3o nem a presen\u00e7a e nem certificado aos participantes.<\/p>\n<h3><\/h3>\n<p>&nbsp;<\/p>\n<h3><strong>Equipe de Organiza\u00e7\u00e3o da FEA-RP<\/strong><\/h3>\n<p>Ildeberto Aparecido Rodello (coordenador)<br \/>\nCl\u00e1udio de Sousa Miranda<br \/>\nEvandro Marcos Saidel<br \/>\nSoraya Brites Loureiro Raspantini<br \/>\nLeonardo Costa Rezende<br \/>\nNathalia Meda Morais<\/p>\n<p>&nbsp;<\/p>\n<h3><strong>Contato<\/strong><\/h3>\n<p><a href=\"mailto:sefea@fearp.usp.br\">sefea@fearp.usp.br<\/a><\/p>\n","protected":false},"excerpt":{"rendered":"<p>O que \u00e9 a SEFEA-RP? A III SEFEA-RP \u00e9 a terceira edi\u00e7\u00e3o da Semana Empresarial da Faculdade de Economia, Administra\u00e7\u00e3o e Contabilidade de Ribeir\u00e3o Preto. Este ano, a SEFEA-RP homenageia o aluno \u201cGabriel Romero de La Cruz\u201d, falecido no in\u00edcio deste ano e grande colaborador do evento, em 2019. Esse evento, essencialmente acad\u00eamico e totalmente<a href=\"https:\/\/sites.usp.br\/sefea\/iii-sefea\/\">[&#8230;]<\/a><\/p>\n","protected":false},"author":1142,"featured_media":0,"parent":0,"menu_order":0,"comment_status":"closed","ping_status":"closed","template":"","meta":{"_monsterinsights_skip_tracking":false,"_monsterinsights_sitenote_active":false,"_monsterinsights_sitenote_note":"","_monsterinsights_sitenote_category":0,"footnotes":"","_links_to":"","_links_to_target":""},"class_list":["post-981","page","type-page","status-publish","hentry"],"_links":{"self":[{"href":"https:\/\/sites.usp.br\/sefea\/wp-json\/wp\/v2\/pages\/981","targetHints":{"allow":["GET"]}}],"collection":[{"href":"https:\/\/sites.usp.br\/sefea\/wp-json\/wp\/v2\/pages"}],"about":[{"href":"https:\/\/sites.usp.br\/sefea\/wp-json\/wp\/v2\/types\/page"}],"author":[{"embeddable":true,"href":"https:\/\/sites.usp.br\/sefea\/wp-json\/wp\/v2\/users\/1142"}],"replies":[{"embeddable":true,"href":"https:\/\/sites.usp.br\/sefea\/wp-json\/wp\/v2\/comments?post=981"}],"version-history":[{"count":4,"href":"https:\/\/sites.usp.br\/sefea\/wp-json\/wp\/v2\/pages\/981\/revisions"}],"predecessor-version":[{"id":1258,"href":"https:\/\/sites.usp.br\/sefea\/wp-json\/wp\/v2\/pages\/981\/revisions\/1258"}],"wp:attachment":[{"href":"https:\/\/sites.usp.br\/sefea\/wp-json\/wp\/v2\/media?parent=981"}],"curies":[{"name":"wp","href":"https:\/\/api.w.org\/{rel}","templated":true}]}}