{"id":102,"date":"2021-04-27T14:43:51","date_gmt":"2021-04-27T17:43:51","guid":{"rendered":"https:\/\/sites.usp.br\/simas\/?page_id=102"},"modified":"2024-10-01T23:08:28","modified_gmt":"2024-10-02T02:08:28","slug":"nossas-producoes","status":"publish","type":"page","link":"https:\/\/sites.usp.br\/simas\/nossas-producoes\/","title":{"rendered":"nossas produ\u00e7\u00f5es"},"content":{"rendered":"<p>&nbsp;<\/p>\n<ul>\n<li><span style=\"font-family: arial, helvetica, sans-serif;\">COUTO, Marcia Thereza et al.<a href=\"https:\/\/doi.org\/10.18294\/sc.2019.1994\"> La perspectiva feminista de la interseccionalidad en el campo de la salud p\u00fablica: revisi\u00f3n narrativa de las producciones te\u00f3rico-metodol\u00f3gicas<\/a>.\u00a0<strong>Salud Colectiva<\/strong>, v. 15, p. e1994, 2019.<\/span><\/li>\n<\/ul>\n<p>&nbsp;<\/p>\n<ul>\n<li><span style=\"font-family: arial, helvetica, sans-serif;\">DO CARMO LUIZ, Olinda et al. <a href=\"https:\/\/www.brazilianjournals.com\/index.php\/BJHR\/article\/view\/16193\">Inequality in health, social determinants, and intersectionality: a systematic review<\/a>.\u00a0<strong>Brazilian Journal of Health Review<\/strong>, v. 3, n. 5, p. 11827-11841, 2020.<\/span><\/li>\n<\/ul>\n<p>&nbsp;<\/p>\n<ul>\n<li><span style=\"font-family: arial, helvetica, sans-serif;\">MARQUES, Ana Lucia Marinho; COUTO, Marcia Thereza. <a href=\"https:\/\/doi.org\/10.18294\/sc.2020.2517\">Pol\u00edticas de drogas en el contexto brasile\u00f1o: un an\u00e1lisis interseccional de \u201cCracolandia\u201d en San Pablo, Brasil<\/a>.\u00a0<strong>Salud Colectiva<\/strong>, v. 16, p. e2517, 2020.<\/span><\/li>\n<\/ul>\n<p>&nbsp;<\/p>\n<ul>\n<li><span style=\"font-family: arial, helvetica, sans-serif;\">OLIVEIRA, Elda de et al. <a href=\"https:\/\/doi.org\/10.1590\/Interface.180736\">Contribui\u00e7\u00e3o da interseccionalidade na compreens\u00e3o da sa\u00fade-doen\u00e7a-cuidado de homens jovens em contextos de pobreza urbana<\/a>.\u00a0<strong>Interface-Comunica\u00e7\u00e3o, Sa\u00fade, Educa\u00e7\u00e3o<\/strong>, v. 24, p. e180736, 2020.<\/span><\/li>\n<\/ul>\n<p>&nbsp;<\/p>\n<ul>\n<li><span style=\"font-family: arial, helvetica, sans-serif;\">MARQUES, ANA LUCIA MARINHO; SORRENTINO, ISA DA SILVA; RODRIGUES, J. L. ; MACHIN, ROSANA ; OLIVEIRA, ELDA; COUTO, MARCIA THEREZA. <a href=\"http:\/\/10.1590\/Interface.210460\">O impacto da Covid-19 em grupos marginalizados: contribui\u00e7\u00f5es da interseccionalidade como perspectiva te\u00f3rico-pol\u00edtica.<\/a> Interface (Botucatu. Online), v. 25, p. e200712, 2021.<\/span><\/li>\n<\/ul>\n<p>&nbsp;<\/p>\n<ul>\n<li><span style=\"font-family: arial, helvetica, sans-serif;\">SANTOS, LORRUAN ALVES DOS; UNSAIN, RAMIRO FERNANDEZ; BRASIL, SANDRA ASSIS; SILVA, LU\u00cdS AUGUSTO VASCONCELOS DA; DUARTE, FILIPE MATEUS; COUTO, MARCIA THEREZA . <a href=\"https:\/\/www.scielo.br\/j\/csp\/a\/VFnvjkv8NTbQhwg4hYrttQL\/?lang=en\">PrEP perception and experiences of adolescent and young gay and bisexual men: an intersectional analysis<\/a>. <strong>CADERNOS DE SA\u00daDE P\u00daBLICA<\/strong>, v. 39, p. e00134421, 2023.<\/span><\/li>\n<\/ul>\n<p>&nbsp;<\/p>\n<ul>\n<li><span style=\"font-family: arial, helvetica, sans-serif;\">OLIVEIRA, ELDA DE ; LUIZ, OLINDA DO CARMO ; COUTO, Marcia Thereza. <a href=\"https:\/\/doi.org\/10.1590\/0034-7167-2019-0685\">Adolescents, poverty areas, violence, and public health: an intersectional perspective<\/a>. <strong>REVISTA BRASILEIRA DE ENFERMAGEM<\/strong>, v. 75, p. e20190685-8, 2022.<\/span><\/li>\n<\/ul>\n<p>&nbsp;<\/p>\n<ul>\n<li><span style=\"font-family: arial, helvetica, sans-serif;\">SHANNON, GEORDAN; MORGAN, ROSEMARY; ZEINALI, ZAHRA; BRADY, LEANNE; COUTO, MARCIA THEREZA; DEVAKUMAR, DELAN; EDER, BEN; KARADAG, OZGE; MUKHERJEE, MALA; PERES, MARIA FERNANDA TOURINHO; RYNGELBLUM, MARCELO; SABHARWAL, NIDHI; SCHONFIELD, AMOS; SILWANE, PAMELA; SINGH, DAVID; VAN RYNEVELD, MANYA; VILAKATI, SIYASANGA; WATEGO, CHELSEA; WHYLE, ELEANOR; MURAYA, KUI. <a href=\"https:\/\/doi.org\/10.1016\/S0140-6736(22)02304-2\">Intersectional insights into racism and health: not just a question of identity.<\/a> <strong>LANCET<\/strong>, v. 400, p. 2125-2136, 2022.<\/span><\/li>\n<\/ul>\n<p>&nbsp;<\/p>\n<ul>\n<li><span style=\"font-family: arial, helvetica, sans-serif;\">SANTOS, LORRUAN ALVES; GRANJEIRO, ALEXANDRE; COUTO, MARCIA THEREZA. <a href=\"https:\/\/doi.org\/10.1590\/1413-812320222710.06542022\">A profilaxia pr\u00e9-exposi\u00e7\u00e3o ao HIV (PrEP) entre homens que fazem sexo com homens: comunica\u00e7\u00e3o, engajamento e redes sociais de pares<\/a>. Ciencia &amp; Saude Coletiva, v. 27, p. 3923-3937, 2022.<\/span><\/li>\n<\/ul>\n<p>&nbsp;<\/p>\n<ul>\n<li><span style=\"font-family: arial, helvetica, sans-serif;\">RODRIGUES, J. L. ;\u00a0COUTO, M. T. . <a href=\"https:\/\/doi.org\/10.1590\/S0104-12902021181062\">Viv\u00eancias de atendimentos ginecol\u00f3gicos por mulheres l\u00e9sbicas e bissexuais: (in)visibilidades e barreiras para o exerc\u00edcio do direito \u00e0 sa\u00fade.<\/a> <strong>SA\u00daDE E SOCIEDADE (ONLINE)<\/strong>, v. 30, p. e181062, 2021.<\/span><\/li>\n<\/ul>\n<p>&nbsp;<\/p>\n<ul>\n<li><span style=\"font-family: arial, helvetica, sans-serif;\">RODRIGUES, Julliana Luiz; FALC\u00c3O, Marcia Thereza Couto. <a href=\"https:\/\/doi.org\/10.1590\/S0104-12902021181062\">Viv\u00eancias de atendimentos ginecol\u00f3gicos por mulheres l\u00e9sbicas e bissexuais:(in) visibilidades e barreiras para o exerc\u00edcio do direito \u00e0 sa\u00fade.<\/a>\u00a0<b>Sa\u00fade e Sociedade<\/b>, v. 30, 2021.<\/span><\/li>\n<\/ul>\n<p><\/p>","protected":false},"excerpt":{"rendered":"<p>&nbsp; COUTO, Marcia Thereza et al. La perspectiva feminista de la interseccionalidad en el campo de la salud p\u00fablica: revisi\u00f3n narrativa de las producciones te\u00f3rico-metodol\u00f3gicas.\u00a0Salud Colectiva, v. 15, p. e1994, 2019. &nbsp; DO CARMO LUIZ, Olinda et al. Inequality in health, social determinants, and intersectionality: a systematic review.\u00a0Brazilian Journal of Health Review, v. 3, n.<a href=\"https:\/\/sites.usp.br\/simas\/nossas-producoes\/\">[&#8230;]<\/a><\/p>\n","protected":false},"author":22325,"featured_media":0,"parent":0,"menu_order":0,"comment_status":"closed","ping_status":"closed","template":"","meta":{"_acf_changed":false,"footnotes":"","_links_to":"","_links_to_target":""},"class_list":["post-102","page","type-page","status-publish","hentry"],"acf":[],"_links":{"self":[{"href":"https:\/\/sites.usp.br\/simas\/wp-json\/wp\/v2\/pages\/102","targetHints":{"allow":["GET"]}}],"collection":[{"href":"https:\/\/sites.usp.br\/simas\/wp-json\/wp\/v2\/pages"}],"about":[{"href":"https:\/\/sites.usp.br\/simas\/wp-json\/wp\/v2\/types\/page"}],"author":[{"embeddable":true,"href":"https:\/\/sites.usp.br\/simas\/wp-json\/wp\/v2\/users\/22325"}],"replies":[{"embeddable":true,"href":"https:\/\/sites.usp.br\/simas\/wp-json\/wp\/v2\/comments?post=102"}],"version-history":[{"count":6,"href":"https:\/\/sites.usp.br\/simas\/wp-json\/wp\/v2\/pages\/102\/revisions"}],"predecessor-version":[{"id":494,"href":"https:\/\/sites.usp.br\/simas\/wp-json\/wp\/v2\/pages\/102\/revisions\/494"}],"wp:attachment":[{"href":"https:\/\/sites.usp.br\/simas\/wp-json\/wp\/v2\/media?parent=102"}],"curies":[{"name":"wp","href":"https:\/\/api.w.org\/{rel}","templated":true}]}}