{"id":2946,"date":"2023-11-16T18:19:17","date_gmt":"2023-11-16T21:19:17","guid":{"rendered":"https:\/\/sites.usp.br\/smagro\/?page_id=2946"},"modified":"2026-01-17T00:51:25","modified_gmt":"2026-01-17T03:51:25","slug":"contato","status":"publish","type":"page","link":"https:\/\/sites.usp.br\/smagro\/contato\/","title":{"rendered":"Contato &#8211; Comiss\u00e3o Organizadora"},"content":{"rendered":"\t\t<div data-elementor-type=\"wp-page\" data-elementor-id=\"2946\" class=\"elementor elementor-2946\" data-elementor-post-type=\"page\">\n\t\t\t\t\t\t<section class=\"elementor-section elementor-top-section elementor-element elementor-element-1b4c2a0 elementor-section-boxed elementor-section-height-default elementor-section-height-default\" data-id=\"1b4c2a0\" data-element_type=\"section\">\n\t\t\t\t\t\t<div class=\"elementor-container elementor-column-gap-default\">\n\t\t\t\t\t<div class=\"elementor-column elementor-col-100 elementor-top-column elementor-element elementor-element-711ea69\" data-id=\"711ea69\" data-element_type=\"column\">\n\t\t\t<div class=\"elementor-widget-wrap\">\n\t\t\t\t\t\t\t<\/div>\n\t\t<\/div>\n\t\t\t\t\t<\/div>\n\t\t<\/section>\n\t\t\t\t<section class=\"elementor-section elementor-top-section elementor-element elementor-element-a9350fe elementor-section-boxed elementor-section-height-default elementor-section-height-default\" data-id=\"a9350fe\" data-element_type=\"section\">\n\t\t\t\t\t\t<div class=\"elementor-container elementor-column-gap-default\">\n\t\t\t\t\t<div class=\"elementor-column elementor-col-100 elementor-top-column elementor-element elementor-element-a8a3918\" data-id=\"a8a3918\" data-element_type=\"column\">\n\t\t\t<div class=\"elementor-widget-wrap elementor-element-populated\">\n\t\t\t\t\t\t<div class=\"elementor-element elementor-element-0812f9d elementor-widget elementor-widget-heading\" data-id=\"0812f9d\" data-element_type=\"widget\" data-widget_type=\"heading.default\">\n\t\t\t\t<div class=\"elementor-widget-container\">\n\t\t\t<h2 class=\"elementor-heading-title elementor-size-default\">CONTATO<\/h2>\t\t<\/div>\n\t\t\t\t<\/div>\n\t\t\t\t\t<\/div>\n\t\t<\/div>\n\t\t\t\t\t<\/div>\n\t\t<\/section>\n\t\t\t\t<section class=\"elementor-section elementor-top-section elementor-element elementor-element-3d34bd9 elementor-section-boxed elementor-section-height-default elementor-section-height-default\" data-id=\"3d34bd9\" data-element_type=\"section\">\n\t\t\t\t\t\t<div class=\"elementor-container elementor-column-gap-default\">\n\t\t\t\t\t<div class=\"elementor-column elementor-col-50 elementor-top-column elementor-element elementor-element-1b40452\" data-id=\"1b40452\" data-element_type=\"column\">\n\t\t\t<div class=\"elementor-widget-wrap elementor-element-populated\">\n\t\t\t\t\t\t<div class=\"elementor-element elementor-element-862e580 elementor-widget elementor-widget-heading\" data-id=\"862e580\" data-element_type=\"widget\" data-widget_type=\"heading.default\">\n\t\t\t\t<div class=\"elementor-widget-container\">\n\t\t\t<h2 class=\"elementor-heading-title elementor-size-default\">E-mail para contato: smagro.esalq@gmail.com<\/h2>\t\t<\/div>\n\t\t\t\t<\/div>\n\t\t\t\t<div class=\"elementor-element elementor-element-9e60cbb elementor-widget elementor-widget-text-editor\" data-id=\"9e60cbb\" data-element_type=\"widget\" data-widget_type=\"text-editor.default\">\n\t\t\t\t<div class=\"elementor-widget-container\">\n\t\t\t\t\t\t\t<div data-id=\"659a8c6\" data-element_type=\"widget\" data-widget_type=\"text-editor.default\"><div><p><span style=\"font-family: arial, helvetica, sans-serif;font-size: 14pt\">Me.\u00a0<span style=\"font-style: normal;font-weight: 400\">Pedro Renato Bodo de Paiva<\/span><\/span><br \/><span style=\"font-family: arial, helvetica, sans-serif;font-size: 14pt\">Respons\u00e1vel pela Comiss\u00e3o Organizadora<\/span><br \/><span style=\"font-family: arial, helvetica, sans-serif;font-size: 14pt\">Representante discente do PPG Microbiologia Agr\u00edcola ESALQ\/USP<\/span><br \/><span style=\"font-family: arial, helvetica, sans-serif;font-size: 14pt\">E-mail: pedrorenatobp@usp.br<\/span><\/p><\/div><\/div><div data-id=\"c342110\" data-element_type=\"widget\" data-widget_type=\"text-editor.default\"><div><p><span style=\"font-family: arial, helvetica, sans-serif;font-size: 14pt;font-style: normal;font-weight: 400\">Prof\u00aa Dr\u00aa. Simone Raposo Cotta<\/span><br \/><span style=\"font-family: arial, helvetica, sans-serif;font-size: 14pt\">Coordenadora do Programa de P\u00f3s-gradua\u00e7\u00e3o em Microbiologia Agr\u00edcola ESALQ\/USP<\/span><\/p><p><span style=\"font-family: arial, helvetica, sans-serif;font-size: 14pt\">Prof\u00aa Dr. Jos\u00e9\u00a0 Belasque Junior<\/span><br \/><span style=\"font-family: arial, helvetica, sans-serif;font-size: 14pt\">Vice-cordenador do Programa de P\u00f3s-gradua\u00e7\u00e3o em Microbiologia Agr\u00edcola ESALQ\/USP<\/span><\/p><\/div><\/div>\t\t\t\t\t\t<\/div>\n\t\t\t\t<\/div>\n\t\t\t\t\t<\/div>\n\t\t<\/div>\n\t\t\t\t<div class=\"elementor-column elementor-col-50 elementor-top-column elementor-element elementor-element-d932816\" data-id=\"d932816\" data-element_type=\"column\">\n\t\t\t<div class=\"elementor-widget-wrap elementor-element-populated\">\n\t\t\t\t\t\t<div class=\"elementor-element elementor-element-0e3d027 elementor-widget elementor-widget-heading\" data-id=\"0e3d027\" data-element_type=\"widget\" data-widget_type=\"heading.default\">\n\t\t\t\t<div class=\"elementor-widget-container\">\n\t\t\t<h2 class=\"elementor-heading-title elementor-size-default\">Comiss\u00e3o Organizadora<\/h2>\t\t<\/div>\n\t\t\t\t<\/div>\n\t\t\t\t<div class=\"elementor-element elementor-element-c6eedc2 elementor-widget elementor-widget-text-editor\" data-id=\"c6eedc2\" data-element_type=\"widget\" data-widget_type=\"text-editor.default\">\n\t\t\t\t<div class=\"elementor-widget-container\">\n\t\t\t\t\t\t\t<p style=\"line-height: normal\"><span style=\"font-family: arial, helvetica, sans-serif;font-size: 14pt\">Laryssa Marinho Gomes <br \/>Alessandra Rigotto<br \/>Paloma Barros Dias <br \/>Emanuelle Valeska Bilhar Ara\u00fajo <br \/>Leonardo Fernandes Veloso\u00a0<br \/>Fernanda Lara dos Santos <br \/>Arthur Giordano Salgueiro <br \/>Anna Laura Bueno de Camargo <br \/>Marta Rodrigues de Oliveira <br \/>Luana do Nascimento Silva Barbosa <br \/>Isabella Carolina da Rocha Pires <br \/>Amanda Ceribelli Piotto <br \/>Sarah Keila Cerqueira Braga<\/span><\/p><h2 style=\"font-family: 'Open Sans', sans-serif;font-style: normal;color: #850000\" data-elementor-setting-key=\"title\" data-pen-placeholder=\"Digite aqui...\">Comiss\u00e3o t\u00e9cnico-cientifica\u00a0<\/h2><p style=\"line-height: normal\"><span style=\"font-family: arial, helvetica, sans-serif;font-size: 14pt\">Marta Rodrigues de Oliveira <br \/>Fernanda Raquel Rezende de Castro Moretti <br \/>Caroline Sayuri Nishisaka<br \/>Paolo Salvatore Salazar Mendoza\u00a0<\/span><\/p>\t\t\t\t\t\t<\/div>\n\t\t\t\t<\/div>\n\t\t\t\t\t<\/div>\n\t\t<\/div>\n\t\t\t\t\t<\/div>\n\t\t<\/section>\n\t\t\t\t<section class=\"elementor-section elementor-top-section elementor-element elementor-element-02a2a46 elementor-section-boxed elementor-section-height-default elementor-section-height-default\" data-id=\"02a2a46\" data-element_type=\"section\">\n\t\t\t\t\t\t<div class=\"elementor-container elementor-column-gap-default\">\n\t\t\t\t\t<div class=\"elementor-column elementor-col-100 elementor-top-column elementor-element elementor-element-bc32139\" data-id=\"bc32139\" data-element_type=\"column\">\n\t\t\t<div class=\"elementor-widget-wrap elementor-element-populated\">\n\t\t\t\t\t\t<div class=\"elementor-element elementor-element-210dd5d elementor-widget elementor-widget-text-editor\" data-id=\"210dd5d\" data-element_type=\"widget\" data-widget_type=\"text-editor.default\">\n\t\t\t\t<div class=\"elementor-widget-container\">\n\t\t\t\t\t\t\t<p style=\"text-align: center\">Escola Superior de Agricultura \u201cLuiz de Queiroz\u201d \u2013 ESALQ\/USP\u00a0<br \/>Piracicaba \u2013 S\u00e3o Paulo<\/p>\t\t\t\t\t\t<\/div>\n\t\t\t\t<\/div>\n\t\t\t\t\t<\/div>\n\t\t<\/div>\n\t\t\t\t\t<\/div>\n\t\t<\/section>\n\t\t\t\t<\/div>\n\t\t","protected":false},"excerpt":{"rendered":"<p>CONTATO E-mail para contato: smagro.esalq@gmail.com Me.\u00a0Pedro Renato Bodo de PaivaRespons\u00e1vel pela Comiss\u00e3o OrganizadoraRepresentante discente do PPG Microbiologia Agr\u00edcola ESALQ\/USPE-mail: pedrorenatobp@usp.br Prof\u00aa Dr\u00aa. Simone Raposo CottaCoordenadora do Programa de P\u00f3s-gradua\u00e7\u00e3o em Microbiologia Agr\u00edcola ESALQ\/USP Prof\u00aa Dr. Jos\u00e9\u00a0 Belasque JuniorVice-cordenador do Programa de P\u00f3s-gradua\u00e7\u00e3o em Microbiologia Agr\u00edcola ESALQ\/USP Comiss\u00e3o Organizadora Laryssa Marinho Gomes Alessandra RigottoPaloma Barros Dias<\/p>\n","protected":false},"author":23830,"featured_media":0,"parent":0,"menu_order":0,"comment_status":"closed","ping_status":"closed","template":"","meta":{"_acf_changed":false,"_monsterinsights_skip_tracking":false,"_monsterinsights_sitenote_active":false,"_monsterinsights_sitenote_note":"","_monsterinsights_sitenote_category":0,"footnotes":"","_links_to":"","_links_to_target":""},"class_list":["post-2946","page","type-page","status-publish","hentry","entry"],"acf":[],"_links":{"self":[{"href":"https:\/\/sites.usp.br\/smagro\/wp-json\/wp\/v2\/pages\/2946","targetHints":{"allow":["GET"]}}],"collection":[{"href":"https:\/\/sites.usp.br\/smagro\/wp-json\/wp\/v2\/pages"}],"about":[{"href":"https:\/\/sites.usp.br\/smagro\/wp-json\/wp\/v2\/types\/page"}],"author":[{"embeddable":true,"href":"https:\/\/sites.usp.br\/smagro\/wp-json\/wp\/v2\/users\/23830"}],"replies":[{"embeddable":true,"href":"https:\/\/sites.usp.br\/smagro\/wp-json\/wp\/v2\/comments?post=2946"}],"version-history":[{"count":4,"href":"https:\/\/sites.usp.br\/smagro\/wp-json\/wp\/v2\/pages\/2946\/revisions"}],"predecessor-version":[{"id":3944,"href":"https:\/\/sites.usp.br\/smagro\/wp-json\/wp\/v2\/pages\/2946\/revisions\/3944"}],"wp:attachment":[{"href":"https:\/\/sites.usp.br\/smagro\/wp-json\/wp\/v2\/media?parent=2946"}],"curies":[{"name":"wp","href":"https:\/\/api.w.org\/{rel}","templated":true}]}}