{"id":3840,"date":"2025-11-09T00:26:25","date_gmt":"2025-11-09T03:26:25","guid":{"rendered":"https:\/\/sites.usp.br\/smagro\/?page_id=3840"},"modified":"2025-11-10T12:01:57","modified_gmt":"2025-11-10T15:01:57","slug":"patrocinio-2","status":"publish","type":"page","link":"https:\/\/sites.usp.br\/smagro\/patrocinio-2\/","title":{"rendered":"3 Patrocinio"},"content":{"rendered":"\t\t<div data-elementor-type=\"wp-page\" data-elementor-id=\"3840\" class=\"elementor elementor-3840\" data-elementor-post-type=\"page\">\n\t\t\t\t\t\t<section class=\"elementor-section elementor-top-section elementor-element elementor-element-eb656c8 elementor-section-boxed elementor-section-height-default elementor-section-height-default\" data-id=\"eb656c8\" data-element_type=\"section\">\n\t\t\t\t\t\t<div class=\"elementor-container elementor-column-gap-default\">\n\t\t\t\t\t<div class=\"elementor-column elementor-col-100 elementor-top-column elementor-element elementor-element-2d6a917\" data-id=\"2d6a917\" data-element_type=\"column\" data-settings=\"{&quot;background_background&quot;:&quot;classic&quot;}\">\n\t\t\t<div class=\"elementor-widget-wrap elementor-element-populated\">\n\t\t\t\t\t\t<div class=\"elementor-element elementor-element-05cb879 elementor-widget elementor-widget-heading\" data-id=\"05cb879\" data-element_type=\"widget\" data-widget_type=\"heading.default\">\n\t\t\t\t<div class=\"elementor-widget-container\">\n\t\t\t<h1 class=\"elementor-heading-title elementor-size-default\">SEJA UM PATROCINADOR !<\/h1>\t\t<\/div>\n\t\t\t\t<\/div>\n\t\t\t\t<div class=\"elementor-element elementor-element-5f95ef7 elementor-widget elementor-widget-text-editor\" data-id=\"5f95ef7\" data-element_type=\"widget\" data-widget_type=\"text-editor.default\">\n\t\t\t\t<div class=\"elementor-widget-container\">\n\t\t\t\t\t\t\t<p>\u00a0 \u00a0 \u00a0 \u00a0\u00c9 hora de fazer hist\u00f3ria e impulsionar a transforma\u00e7\u00e3o no cen\u00e1rio agr\u00edcola com a microbiologia! O VI Simp\u00f3sio de Microbiologia Agr\u00edcola est\u00e1 prestes a reunir os maiores pesquisadores e empresas da \u00e1rea em um evento incompar\u00e1vel.<\/p>\t\t\t\t\t\t<\/div>\n\t\t\t\t<\/div>\n\t\t\t\t<div class=\"elementor-element elementor-element-a6b0499 elementor-widget elementor-widget-heading\" data-id=\"a6b0499\" data-element_type=\"widget\" data-widget_type=\"heading.default\">\n\t\t\t\t<div class=\"elementor-widget-container\">\n\t\t\t<h2 class=\"elementor-heading-title elementor-size-default\">Por que patrocinar o VII SMAGRO?<\/h2>\t\t<\/div>\n\t\t\t\t<\/div>\n\t\t\t\t<div class=\"elementor-element elementor-element-de7acc0 elementor-widget elementor-widget-text-editor\" data-id=\"de7acc0\" data-element_type=\"widget\" data-widget_type=\"text-editor.default\">\n\t\t\t\t<div class=\"elementor-widget-container\">\n\t\t\t\t\t\t\t<ul><li><strong>Visibilidade:<\/strong> Seja reconhecido em um palco nacional, onde as mentes mais brilhantes se re\u00fanem para discutir o futuro da agricultura sustent\u00e1vel e da biodiversidade.<\/li><li><strong>Rede Estrat\u00e9gica:<\/strong> Conecte-se com os l\u00edderes de opini\u00e3o, especialistas renomados e decisores-chave do setor. Estabele\u00e7a parcerias estrat\u00e9gicas que impulsionar\u00e3o a inova\u00e7\u00e3o e o progresso.<\/li><li><strong>Impacto Duradouro:<\/strong> Ao patrocinar, voc\u00ea n\u00e3o apenas investe em um evento excepcional, mas tamb\u00e9m apoia avan\u00e7os significativos na preserva\u00e7\u00e3o ambiental e na produ\u00e7\u00e3o agr\u00edcola respons\u00e1vel.<\/li><li><strong>Reconhecimento como L\u00edder:<\/strong> Posicione sua marca na vanguarda da mudan\u00e7a. Demonstre compromisso com a sustentabilidade, inova\u00e7\u00e3o e crescimento do setor.<\/li><li><strong>Oportunidades \u00danicas:<\/strong> Participe de discuss\u00f5es de alto n\u00edvel, minicursos exclusivos e acesso privilegiado a tend\u00eancias e pesquisas inovadoras.<\/li><\/ul><p>\u00a0 \u00a0 \u00a0 O VII Simp\u00f3sio de Microbiologia Agr\u00edcola \u00e9 mais do que um evento, \u00e9 um movimento em dire\u00e7\u00e3o a um futuro agr\u00edcola mais sustent\u00e1vel e pr\u00f3spero. Junte-se a n\u00f3s nessa jornada e seja parte ativa da mudan\u00e7a que o mundo precisa.<\/p>\t\t\t\t\t\t<\/div>\n\t\t\t\t<\/div>\n\t\t\t\t\t<\/div>\n\t\t<\/div>\n\t\t\t\t\t<\/div>\n\t\t<\/section>\n\t\t\t\t<section class=\"elementor-section elementor-top-section elementor-element elementor-element-cc25b62 elementor-section-boxed elementor-section-height-default elementor-section-height-default\" data-id=\"cc25b62\" data-element_type=\"section\">\n\t\t\t\t\t\t<div class=\"elementor-container elementor-column-gap-default\">\n\t\t\t\t\t<div class=\"elementor-column elementor-col-100 elementor-top-column elementor-element elementor-element-3997250\" data-id=\"3997250\" data-element_type=\"column\">\n\t\t\t<div class=\"elementor-widget-wrap elementor-element-populated\">\n\t\t\t\t\t\t<div class=\"elementor-element elementor-element-9791528 elementor-widget elementor-widget-heading\" data-id=\"9791528\" data-element_type=\"widget\" data-widget_type=\"heading.default\">\n\t\t\t\t<div class=\"elementor-widget-container\">\n\t\t\t<h1 class=\"elementor-heading-title elementor-size-default\">Conhe\u00e7a um pouco dos nossos pacotes<\/h1>\t\t<\/div>\n\t\t\t\t<\/div>\n\t\t\t\t\t<\/div>\n\t\t<\/div>\n\t\t\t\t\t<\/div>\n\t\t<\/section>\n\t\t\t\t<section class=\"elementor-section elementor-top-section elementor-element elementor-element-f8bc38b elementor-section-boxed elementor-section-height-default elementor-section-height-default\" data-id=\"f8bc38b\" data-element_type=\"section\">\n\t\t\t\t\t\t<div class=\"elementor-container elementor-column-gap-default\">\n\t\t\t\t\t<div class=\"elementor-column elementor-col-100 elementor-top-column elementor-element elementor-element-aa52749\" data-id=\"aa52749\" data-element_type=\"column\">\n\t\t\t<div class=\"elementor-widget-wrap elementor-element-populated\">\n\t\t\t\t\t\t<div class=\"elementor-element elementor-element-2f2291d elementor-widget elementor-widget-image\" data-id=\"2f2291d\" data-element_type=\"widget\" data-widget_type=\"image.default\">\n\t\t\t\t<div class=\"elementor-widget-container\">\n\t\t\t\t\t\t\t\t\t\t\t\t\t<img fetchpriority=\"high\" decoding=\"async\" width=\"938\" height=\"453\" src=\"https:\/\/sites.usp.br\/smagro\/wp-content\/uploads\/sites\/1385\/2025\/11\/cotas_patrocinio_redesign.png\" class=\"attachment-large size-large wp-image-3842\" alt=\"\" srcset=\"https:\/\/sites.usp.br\/smagro\/wp-content\/uploads\/sites\/1385\/2025\/11\/cotas_patrocinio_redesign-300x145.png 300w, https:\/\/sites.usp.br\/smagro\/wp-content\/uploads\/sites\/1385\/2025\/11\/cotas_patrocinio_redesign-400x193.png 400w, https:\/\/sites.usp.br\/smagro\/wp-content\/uploads\/sites\/1385\/2025\/11\/cotas_patrocinio_redesign-768x371.png 768w, https:\/\/sites.usp.br\/smagro\/wp-content\/uploads\/sites\/1385\/2025\/11\/cotas_patrocinio_redesign.png 938w\" sizes=\"(max-width: 938px) 100vw, 938px\" \/>\t\t\t\t\t\t\t\t\t\t\t\t\t<\/div>\n\t\t\t\t<\/div>\n\t\t\t\t\t<\/div>\n\t\t<\/div>\n\t\t\t\t\t<\/div>\n\t\t<\/section>\n\t\t\t\t<section class=\"elementor-section elementor-top-section elementor-element elementor-element-7cf5c61 elementor-section-boxed elementor-section-height-default elementor-section-height-default\" data-id=\"7cf5c61\" data-element_type=\"section\">\n\t\t\t\t\t\t<div class=\"elementor-container elementor-column-gap-default\">\n\t\t\t\t\t<div class=\"elementor-column elementor-col-100 elementor-top-column elementor-element elementor-element-103265c\" data-id=\"103265c\" data-element_type=\"column\">\n\t\t\t<div class=\"elementor-widget-wrap elementor-element-populated\">\n\t\t\t\t\t\t<div class=\"elementor-element elementor-element-d4fec59 elementor-widget elementor-widget-text-editor\" data-id=\"d4fec59\" data-element_type=\"widget\" data-widget_type=\"text-editor.default\">\n\t\t\t\t<div class=\"elementor-widget-container\">\n\t\t\t\t\t\t\t<p style=\"text-align: center;\">\u00a0 \u00a0 \u00a0O VI Simp\u00f3sio de Microbiologia Agr\u00edcola \u00e9 mais do que um evento &#8211; \u00e9 um movimento em dire\u00e7\u00e3o a um futuro agr\u00edcola mais sustent\u00e1vel e pr\u00f3spero. Junte-se a n\u00f3s nessa jornada e seja parte ativa da mudan\u00e7a que o mundo precisa.<\/p><p style=\"text-align: center;\"><strong>\u00a0 \u00a0 \u00a0Entre em contato agora para explorar oportunidades de patroc\u00ednio e posicione sua marca na vanguarda da inova\u00e7\u00e3o e sustentabilidade no agroneg\u00f3cio!<\/strong><\/p>\t\t\t\t\t\t<\/div>\n\t\t\t\t<\/div>\n\t\t\t\t\t<\/div>\n\t\t<\/div>\n\t\t\t\t\t<\/div>\n\t\t<\/section>\n\t\t\t\t<section class=\"elementor-section elementor-top-section elementor-element elementor-element-02e501b elementor-section-boxed elementor-section-height-default elementor-section-height-default\" data-id=\"02e501b\" data-element_type=\"section\">\n\t\t\t\t\t\t<div class=\"elementor-container elementor-column-gap-default\">\n\t\t\t\t\t<div class=\"elementor-column elementor-col-100 elementor-top-column elementor-element elementor-element-522c430\" data-id=\"522c430\" data-element_type=\"column\">\n\t\t\t<div class=\"elementor-widget-wrap elementor-element-populated\">\n\t\t\t\t\t\t<div class=\"elementor-element elementor-element-879c823 elementor-button-danger elementor-align-center elementor-widget elementor-widget-button\" data-id=\"879c823\" data-element_type=\"widget\" data-widget_type=\"button.default\">\n\t\t\t\t<div class=\"elementor-widget-container\">\n\t\t\t\t\t\t\t<div class=\"elementor-button-wrapper\">\n\t\t\t\t\t<a class=\"elementor-button elementor-button-link elementor-size-sm\" href=\"https:\/\/sites.usp.br\/smagro\/contato\/\">\n\t\t\t\t\t\t<span class=\"elementor-button-content-wrapper\">\n\t\t\t\t\t\t\t\t\t<span class=\"elementor-button-text\">CONTATO<\/span>\n\t\t\t\t\t<\/span>\n\t\t\t\t\t<\/a>\n\t\t\t\t<\/div>\n\t\t\t\t\t\t<\/div>\n\t\t\t\t<\/div>\n\t\t\t\t\t<\/div>\n\t\t<\/div>\n\t\t\t\t\t<\/div>\n\t\t<\/section>\n\t\t\t\t<\/div>\n\t\t","protected":false},"excerpt":{"rendered":"<p>SEJA UM PATROCINADOR ! \u00c9 hora de fazer hist\u00f3ria e impulsionar a transforma\u00e7\u00e3o no cen\u00e1rio agr\u00edcola com a microbiologia! O VI Simp\u00f3sio de Microbiologia Agr\u00edcola est\u00e1 prestes a reunir os maiores pesquisadores e empresas da \u00e1rea em um evento incompar\u00e1vel. Por que patrocinar o VII SMAGRO? Visibilidade: Seja reconhecido em um palco nacional, onde as<\/p>\n","protected":false},"author":24961,"featured_media":0,"parent":0,"menu_order":0,"comment_status":"closed","ping_status":"closed","template":"","meta":{"_acf_changed":false,"_monsterinsights_skip_tracking":false,"_monsterinsights_sitenote_active":false,"_monsterinsights_sitenote_note":"","_monsterinsights_sitenote_category":0,"footnotes":"","_links_to":"","_links_to_target":""},"class_list":["post-3840","page","type-page","status-publish","hentry","entry"],"acf":[],"_links":{"self":[{"href":"https:\/\/sites.usp.br\/smagro\/wp-json\/wp\/v2\/pages\/3840","targetHints":{"allow":["GET"]}}],"collection":[{"href":"https:\/\/sites.usp.br\/smagro\/wp-json\/wp\/v2\/pages"}],"about":[{"href":"https:\/\/sites.usp.br\/smagro\/wp-json\/wp\/v2\/types\/page"}],"author":[{"embeddable":true,"href":"https:\/\/sites.usp.br\/smagro\/wp-json\/wp\/v2\/users\/24961"}],"replies":[{"embeddable":true,"href":"https:\/\/sites.usp.br\/smagro\/wp-json\/wp\/v2\/comments?post=3840"}],"version-history":[{"count":4,"href":"https:\/\/sites.usp.br\/smagro\/wp-json\/wp\/v2\/pages\/3840\/revisions"}],"predecessor-version":[{"id":3859,"href":"https:\/\/sites.usp.br\/smagro\/wp-json\/wp\/v2\/pages\/3840\/revisions\/3859"}],"wp:attachment":[{"href":"https:\/\/sites.usp.br\/smagro\/wp-json\/wp\/v2\/media?parent=3840"}],"curies":[{"name":"wp","href":"https:\/\/api.w.org\/{rel}","templated":true}]}}