{"id":2330,"date":"2020-10-26T08:12:01","date_gmt":"2020-10-26T11:12:01","guid":{"rendered":"https:\/\/sites.usp.br\/solonaescola\/?page_id=2330"},"modified":"2021-02-06T20:02:24","modified_gmt":"2021-02-06T23:02:24","slug":"videoaulas-br","status":"publish","type":"page","link":"https:\/\/sites.usp.br\/solonaescola\/videoaulas-br\/","title":{"rendered":"Videoaulas"},"content":{"rendered":"\t\t<div data-elementor-type=\"wp-page\" data-elementor-id=\"2330\" class=\"elementor elementor-2330\" data-elementor-post-type=\"page\">\n\t\t\t\t\t\t<section class=\"elementor-section elementor-top-section elementor-element elementor-element-6638131 elementor-section-boxed elementor-section-height-default elementor-section-height-default\" data-id=\"6638131\" data-element_type=\"section\">\n\t\t\t\t\t\t<div class=\"elementor-container elementor-column-gap-default\">\n\t\t\t\t\t<div class=\"elementor-column elementor-col-100 elementor-top-column elementor-element elementor-element-de54394\" data-id=\"de54394\" data-element_type=\"column\">\n\t\t\t<div class=\"elementor-widget-wrap elementor-element-populated\">\n\t\t\t\t\t\t<div class=\"elementor-element elementor-element-726fe3b elementor-widget elementor-widget-heading\" data-id=\"726fe3b\" data-element_type=\"widget\" data-widget_type=\"heading.default\">\n\t\t\t\t<div class=\"elementor-widget-container\">\n\t\t\t<h2 class=\"elementor-heading-title elementor-size-default\">Assista aqui as videoaulas do curso \"Processos de ensino aprendizagem em solos\" em portugu\u00eas<\/h2>\t\t<\/div>\n\t\t\t\t<\/div>\n\t\t\t\t\t<\/div>\n\t\t<\/div>\n\t\t\t\t\t<\/div>\n\t\t<\/section>\n\t\t\t\t<section class=\"elementor-section elementor-top-section elementor-element elementor-element-948309f elementor-section-boxed elementor-section-height-default elementor-section-height-default\" data-id=\"948309f\" data-element_type=\"section\">\n\t\t\t\t\t\t<div class=\"elementor-container elementor-column-gap-default\">\n\t\t\t\t\t<div class=\"elementor-column elementor-col-33 elementor-top-column elementor-element elementor-element-4e7e088\" data-id=\"4e7e088\" data-element_type=\"column\">\n\t\t\t<div class=\"elementor-widget-wrap elementor-element-populated\">\n\t\t\t\t\t\t<div class=\"elementor-element elementor-element-7a1075c elementor-widget elementor-widget-heading\" data-id=\"7a1075c\" data-element_type=\"widget\" data-widget_type=\"heading.default\">\n\t\t\t\t<div class=\"elementor-widget-container\">\n\t\t\t<h2 class=\"elementor-heading-title elementor-size-default\">Organismos do Solo<\/h2>\t\t<\/div>\n\t\t\t\t<\/div>\n\t\t\t\t<div class=\"elementor-element elementor-element-42b3264 elementor-widget elementor-widget-html\" data-id=\"42b3264\" data-element_type=\"widget\" data-widget_type=\"html.default\">\n\t\t\t\t<div class=\"elementor-widget-container\">\n\t\t\t<div class=\"iframely-embed\"><div class=\"iframely-responsive\" style=\"padding-bottom: 55.625%; padding-top: 120px;\"><a href=\"http:\/\/eaulas.usp.br\/portal\/video.action?idItem=19884\" data-iframely-url=\"\/\/cdn.iframe.ly\/api\/iframe?url=http%3A%2F%2Feaulas.usp.br%2Fportal%2Fvideo.action%3FidItem%3D19884&amp;key=4742cc9a88ceb0c73e5131b92daef87b\"><\/a><\/div><\/div><script async src=\"\/\/cdn.iframe.ly\/embed.js\" charset=\"utf-8\"><\/script>\t\t<\/div>\n\t\t\t\t<\/div>\n\t\t\t\t\t<\/div>\n\t\t<\/div>\n\t\t\t\t<div class=\"elementor-column elementor-col-33 elementor-top-column elementor-element elementor-element-13970b9\" data-id=\"13970b9\" data-element_type=\"column\">\n\t\t\t<div class=\"elementor-widget-wrap elementor-element-populated\">\n\t\t\t\t\t\t<div class=\"elementor-element elementor-element-dec501f elementor-widget elementor-widget-heading\" data-id=\"dec501f\" data-element_type=\"widget\" data-widget_type=\"heading.default\">\n\t\t\t\t<div class=\"elementor-widget-container\">\n\t\t\t<h2 class=\"elementor-heading-title elementor-size-default\">Solo e Planta<\/h2>\t\t<\/div>\n\t\t\t\t<\/div>\n\t\t\t\t<div class=\"elementor-element elementor-element-3cea8d2 elementor-widget elementor-widget-html\" data-id=\"3cea8d2\" data-element_type=\"widget\" data-widget_type=\"html.default\">\n\t\t\t\t<div class=\"elementor-widget-container\">\n\t\t\t<div class=\"iframely-embed\"><div class=\"iframely-responsive\" style=\"padding-bottom: 55.625%; padding-top: 120px;\"><a href=\"http:\/\/eaulas.usp.br\/portal\/video.action?idItem=15075\" data-iframely-url=\"\/\/cdn.iframe.ly\/kwnjgY6\"><\/a><\/div><\/div><script async src=\"\/\/cdn.iframe.ly\/embed.js\" charset=\"utf-8\"><\/script>\t\t<\/div>\n\t\t\t\t<\/div>\n\t\t\t\t\t<\/div>\n\t\t<\/div>\n\t\t\t\t<div class=\"elementor-column elementor-col-33 elementor-top-column elementor-element elementor-element-e3bbd17\" data-id=\"e3bbd17\" data-element_type=\"column\">\n\t\t\t<div class=\"elementor-widget-wrap elementor-element-populated\">\n\t\t\t\t\t\t<div class=\"elementor-element elementor-element-98c417e elementor-widget elementor-widget-heading\" data-id=\"98c417e\" data-element_type=\"widget\" data-widget_type=\"heading.default\">\n\t\t\t\t<div class=\"elementor-widget-container\">\n\t\t\t<h2 class=\"elementor-heading-title elementor-size-default\">Coleta de Solo<\/h2>\t\t<\/div>\n\t\t\t\t<\/div>\n\t\t\t\t<div class=\"elementor-element elementor-element-feeaf44 elementor-widget elementor-widget-html\" data-id=\"feeaf44\" data-element_type=\"widget\" data-widget_type=\"html.default\">\n\t\t\t\t<div class=\"elementor-widget-container\">\n\t\t\t<div class=\"iframely-embed\"><div class=\"iframely-responsive\" style=\"padding-bottom: 55.625%; padding-top: 120px;\"><a href=\"http:\/\/eaulas.usp.br\/portal\/video.action?idItem=15072\" data-iframely-url=\"\/\/cdn.iframe.ly\/api\/iframe?url=http%3A%2F%2Feaulas.usp.br%2Fportal%2Fvideo.action%3FidItem%3D15072&amp;key=4742cc9a88ceb0c73e5131b92daef87b\"><\/a><\/div><\/div><script async src=\"\/\/cdn.iframe.ly\/embed.js\" charset=\"utf-8\"><\/script>\t\t<\/div>\n\t\t\t\t<\/div>\n\t\t\t\t\t<\/div>\n\t\t<\/div>\n\t\t\t\t\t<\/div>\n\t\t<\/section>\n\t\t\t\t<section class=\"elementor-section elementor-top-section elementor-element elementor-element-dc6f756 elementor-section-boxed elementor-section-height-default elementor-section-height-default\" data-id=\"dc6f756\" data-element_type=\"section\">\n\t\t\t\t\t\t<div class=\"elementor-container elementor-column-gap-default\">\n\t\t\t\t\t<div class=\"elementor-column elementor-col-33 elementor-top-column elementor-element elementor-element-a360457\" data-id=\"a360457\" data-element_type=\"column\">\n\t\t\t<div class=\"elementor-widget-wrap elementor-element-populated\">\n\t\t\t\t\t\t<div class=\"elementor-element elementor-element-c439177 elementor-widget elementor-widget-heading\" data-id=\"c439177\" data-element_type=\"widget\" data-widget_type=\"heading.default\">\n\t\t\t\t<div class=\"elementor-widget-container\">\n\t\t\t<h2 class=\"elementor-heading-title elementor-size-default\">Cor do Solo<\/h2>\t\t<\/div>\n\t\t\t\t<\/div>\n\t\t\t\t<div class=\"elementor-element elementor-element-9fe497f elementor-widget elementor-widget-html\" data-id=\"9fe497f\" data-element_type=\"widget\" data-widget_type=\"html.default\">\n\t\t\t\t<div class=\"elementor-widget-container\">\n\t\t\t<div class=\"iframely-embed\"><div class=\"iframely-responsive\" style=\"padding-bottom: 55.625%; padding-top: 120px;\"><a href=\"http:\/\/eaulas.usp.br\/portal\/video.action?idItem=15073\" data-iframely-url=\"\/\/cdn.iframe.ly\/api\/iframe?url=http%3A%2F%2Feaulas.usp.br%2Fportal%2Fvideo.action%3FidItem%3D15073&amp;key=4742cc9a88ceb0c73e5131b92daef87b\"><\/a><\/div><\/div><script async src=\"\/\/cdn.iframe.ly\/embed.js\" charset=\"utf-8\"><\/script>\t\t<\/div>\n\t\t\t\t<\/div>\n\t\t\t\t\t<\/div>\n\t\t<\/div>\n\t\t\t\t<div class=\"elementor-column elementor-col-33 elementor-top-column elementor-element elementor-element-11bfc29\" data-id=\"11bfc29\" data-element_type=\"column\">\n\t\t\t<div class=\"elementor-widget-wrap elementor-element-populated\">\n\t\t\t\t\t\t<div class=\"elementor-element elementor-element-d36720b elementor-widget elementor-widget-heading\" data-id=\"d36720b\" data-element_type=\"widget\" data-widget_type=\"heading.default\">\n\t\t\t\t<div class=\"elementor-widget-container\">\n\t\t\t<h2 class=\"elementor-heading-title elementor-size-default\">Fra\u00e7\u00f5es do Solo<\/h2>\t\t<\/div>\n\t\t\t\t<\/div>\n\t\t\t\t<div class=\"elementor-element elementor-element-209ae7c elementor-widget elementor-widget-html\" data-id=\"209ae7c\" data-element_type=\"widget\" data-widget_type=\"html.default\">\n\t\t\t\t<div class=\"elementor-widget-container\">\n\t\t\t<div class=\"iframely-embed\"><div class=\"iframely-responsive\" style=\"padding-bottom: 55.625%; padding-top: 120px;\"><a href=\"http:\/\/eaulas.usp.br\/portal\/video.action?idItem=15074\" data-iframely-url=\"\/\/cdn.iframe.ly\/api\/iframe?url=http%3A%2F%2Feaulas.usp.br%2Fportal%2Fvideo.action%3FidItem%3D15074&amp;key=4742cc9a88ceb0c73e5131b92daef87b\"><\/a><\/div><\/div><script async src=\"\/\/cdn.iframe.ly\/embed.js\" charset=\"utf-8\"><\/script>\t\t<\/div>\n\t\t\t\t<\/div>\n\t\t\t\t\t<\/div>\n\t\t<\/div>\n\t\t\t\t<div class=\"elementor-column elementor-col-33 elementor-top-column elementor-element elementor-element-e95d963\" data-id=\"e95d963\" data-element_type=\"column\">\n\t\t\t<div class=\"elementor-widget-wrap elementor-element-populated\">\n\t\t\t\t\t\t<div class=\"elementor-element elementor-element-3a4021e elementor-widget elementor-widget-heading\" data-id=\"3a4021e\" data-element_type=\"widget\" data-widget_type=\"heading.default\">\n\t\t\t\t<div class=\"elementor-widget-container\">\n\t\t\t<h2 class=\"elementor-heading-title elementor-size-default\">Tinta de Solo: Parte I<\/h2>\t\t<\/div>\n\t\t\t\t<\/div>\n\t\t\t\t<div class=\"elementor-element elementor-element-9b7f929 elementor-widget elementor-widget-html\" data-id=\"9b7f929\" data-element_type=\"widget\" data-widget_type=\"html.default\">\n\t\t\t\t<div class=\"elementor-widget-container\">\n\t\t\t<div class=\"iframely-embed\"><div class=\"iframely-responsive\" style=\"padding-bottom: 55.625%; padding-top: 120px;\"><a href=\"http:\/\/eaulas.usp.br\/portal\/video.action?idItem=19887\" data-iframely-url=\"\/\/cdn.iframe.ly\/api\/iframe?url=http%3A%2F%2Feaulas.usp.br%2Fportal%2Fvideo.action%3FidItem%3D19887&amp;key=4742cc9a88ceb0c73e5131b92daef87b\"><\/a><\/div><\/div><script async src=\"\/\/cdn.iframe.ly\/embed.js\" charset=\"utf-8\"><\/script>\t\t<\/div>\n\t\t\t\t<\/div>\n\t\t\t\t\t<\/div>\n\t\t<\/div>\n\t\t\t\t\t<\/div>\n\t\t<\/section>\n\t\t\t\t<section class=\"elementor-section elementor-top-section elementor-element elementor-element-601bde9 elementor-section-boxed elementor-section-height-default elementor-section-height-default\" data-id=\"601bde9\" data-element_type=\"section\">\n\t\t\t\t\t\t<div class=\"elementor-container elementor-column-gap-default\">\n\t\t\t\t\t<div class=\"elementor-column elementor-col-33 elementor-top-column elementor-element elementor-element-848460a\" data-id=\"848460a\" data-element_type=\"column\">\n\t\t\t<div class=\"elementor-widget-wrap elementor-element-populated\">\n\t\t\t\t\t\t<div class=\"elementor-element elementor-element-3a4d9bb elementor-widget elementor-widget-heading\" data-id=\"3a4d9bb\" data-element_type=\"widget\" data-widget_type=\"heading.default\">\n\t\t\t\t<div class=\"elementor-widget-container\">\n\t\t\t<h2 class=\"elementor-heading-title elementor-size-default\">Tinta de Solo: Parte II<\/h2>\t\t<\/div>\n\t\t\t\t<\/div>\n\t\t\t\t<div class=\"elementor-element elementor-element-1355d35 elementor-widget elementor-widget-html\" data-id=\"1355d35\" data-element_type=\"widget\" data-widget_type=\"html.default\">\n\t\t\t\t<div class=\"elementor-widget-container\">\n\t\t\t<div class=\"iframely-embed\"><div class=\"iframely-responsive\" style=\"padding-bottom: 55.625%; padding-top: 120px;\"><a href=\"http:\/\/eaulas.usp.br\/portal\/video.action?idItem=19898\" data-iframely-url=\"\/\/cdn.iframe.ly\/api\/iframe?url=http%3A%2F%2Feaulas.usp.br%2Fportal%2Fvideo.action%3FidItem%3D19898&amp;key=4742cc9a88ceb0c73e5131b92daef87b\"><\/a><\/div><\/div><script async src=\"\/\/cdn.iframe.ly\/embed.js\" charset=\"utf-8\"><\/script>\t\t<\/div>\n\t\t\t\t<\/div>\n\t\t\t\t\t<\/div>\n\t\t<\/div>\n\t\t\t\t<div class=\"elementor-column elementor-col-33 elementor-top-column elementor-element elementor-element-86eddd5\" data-id=\"86eddd5\" data-element_type=\"column\">\n\t\t\t<div class=\"elementor-widget-wrap elementor-element-populated\">\n\t\t\t\t\t\t<div class=\"elementor-element elementor-element-1aa6f71 elementor-widget elementor-widget-heading\" data-id=\"1aa6f71\" data-element_type=\"widget\" data-widget_type=\"heading.default\">\n\t\t\t\t<div class=\"elementor-widget-container\">\n\t\t\t<h2 class=\"elementor-heading-title elementor-size-default\">Tinta de Solo: Parte III<\/h2>\t\t<\/div>\n\t\t\t\t<\/div>\n\t\t\t\t<div class=\"elementor-element elementor-element-ee0e90e elementor-widget elementor-widget-html\" data-id=\"ee0e90e\" data-element_type=\"widget\" data-widget_type=\"html.default\">\n\t\t\t\t<div class=\"elementor-widget-container\">\n\t\t\t<div class=\"iframely-embed\"><div class=\"iframely-responsive\" style=\"padding-bottom: 55.625%; padding-top: 120px;\"><a href=\"http:\/\/eaulas.usp.br\/portal\/video.action?idItem=19900\" data-iframely-url=\"\/\/cdn.iframe.ly\/api\/iframe?url=http%3A%2F%2Feaulas.usp.br%2Fportal%2Fvideo.action%3FidItem%3D19900&amp;key=4742cc9a88ceb0c73e5131b92daef87b\"><\/a><\/div><\/div><script async src=\"\/\/cdn.iframe.ly\/embed.js\" charset=\"utf-8\"><\/script>\t\t<\/div>\n\t\t\t\t<\/div>\n\t\t\t\t\t<\/div>\n\t\t<\/div>\n\t\t\t\t<div class=\"elementor-column elementor-col-33 elementor-top-column elementor-element elementor-element-2799ada\" data-id=\"2799ada\" data-element_type=\"column\">\n\t\t\t<div class=\"elementor-widget-wrap elementor-element-populated\">\n\t\t\t\t\t\t<div class=\"elementor-element elementor-element-9d6b48a elementor-widget elementor-widget-heading\" data-id=\"9d6b48a\" data-element_type=\"widget\" data-widget_type=\"heading.default\">\n\t\t\t\t<div class=\"elementor-widget-container\">\n\t\t\t<h2 class=\"elementor-heading-title elementor-size-default\">Tinta de Solo: Parte IV<\/h2>\t\t<\/div>\n\t\t\t\t<\/div>\n\t\t\t\t<div class=\"elementor-element elementor-element-a615a43 elementor-widget elementor-widget-html\" data-id=\"a615a43\" data-element_type=\"widget\" data-widget_type=\"html.default\">\n\t\t\t\t<div class=\"elementor-widget-container\">\n\t\t\t<div class=\"iframely-embed\"><div class=\"iframely-responsive\" style=\"padding-bottom: 55.625%; padding-top: 120px;\"><a href=\"http:\/\/eaulas.usp.br\/portal\/video.action?idItem=19901\" data-iframely-url=\"\/\/cdn.iframe.ly\/api\/iframe?url=http%3A%2F%2Feaulas.usp.br%2Fportal%2Fvideo.action%3FidItem%3D19901&amp;key=4742cc9a88ceb0c73e5131b92daef87b\"><\/a><\/div><\/div><script async src=\"\/\/cdn.iframe.ly\/embed.js\" charset=\"utf-8\"><\/script>\t\t<\/div>\n\t\t\t\t<\/div>\n\t\t\t\t\t<\/div>\n\t\t<\/div>\n\t\t\t\t\t<\/div>\n\t\t<\/section>\n\t\t\t\t<section class=\"elementor-section elementor-top-section elementor-element elementor-element-f3a72da elementor-section-boxed elementor-section-height-default elementor-section-height-default\" data-id=\"f3a72da\" data-element_type=\"section\">\n\t\t\t\t\t\t<div class=\"elementor-container elementor-column-gap-default\">\n\t\t\t\t\t<div class=\"elementor-column elementor-col-33 elementor-top-column elementor-element elementor-element-60d2502\" data-id=\"60d2502\" data-element_type=\"column\">\n\t\t\t<div class=\"elementor-widget-wrap elementor-element-populated\">\n\t\t\t\t\t\t<div class=\"elementor-element elementor-element-0d9fab3 elementor-widget elementor-widget-heading\" data-id=\"0d9fab3\" data-element_type=\"widget\" data-widget_type=\"heading.default\">\n\t\t\t\t<div class=\"elementor-widget-container\">\n\t\t\t<h2 class=\"elementor-heading-title elementor-size-default\">Solo e Literatura: Parte I<\/h2>\t\t<\/div>\n\t\t\t\t<\/div>\n\t\t\t\t<div class=\"elementor-element elementor-element-d56d057 elementor-widget elementor-widget-html\" data-id=\"d56d057\" data-element_type=\"widget\" data-widget_type=\"html.default\">\n\t\t\t\t<div class=\"elementor-widget-container\">\n\t\t\t<div class=\"iframely-embed\"><div class=\"iframely-responsive\" style=\"padding-bottom: 55.625%; padding-top: 120px;\"><a href=\"http:\/\/eaulas.usp.br\/portal\/video.action?idItem=19902\" data-iframely-url=\"\/\/cdn.iframe.ly\/api\/iframe?url=http%3A%2F%2Feaulas.usp.br%2Fportal%2Fvideo.action%3FidItem%3D19902&amp;key=4742cc9a88ceb0c73e5131b92daef87b\"><\/a><\/div><\/div><script async src=\"\/\/cdn.iframe.ly\/embed.js\" charset=\"utf-8\"><\/script>\t\t<\/div>\n\t\t\t\t<\/div>\n\t\t\t\t\t<\/div>\n\t\t<\/div>\n\t\t\t\t<div class=\"elementor-column elementor-col-33 elementor-top-column elementor-element elementor-element-5684f51\" data-id=\"5684f51\" data-element_type=\"column\">\n\t\t\t<div class=\"elementor-widget-wrap elementor-element-populated\">\n\t\t\t\t\t\t<div class=\"elementor-element elementor-element-45ee338 elementor-widget elementor-widget-heading\" data-id=\"45ee338\" data-element_type=\"widget\" data-widget_type=\"heading.default\">\n\t\t\t\t<div class=\"elementor-widget-container\">\n\t\t\t<h2 class=\"elementor-heading-title elementor-size-default\">Solo e Literatura: Parte II<\/h2>\t\t<\/div>\n\t\t\t\t<\/div>\n\t\t\t\t<div class=\"elementor-element elementor-element-a076f16 elementor-widget elementor-widget-html\" data-id=\"a076f16\" data-element_type=\"widget\" data-widget_type=\"html.default\">\n\t\t\t\t<div class=\"elementor-widget-container\">\n\t\t\t<div class=\"iframely-embed\"><div class=\"iframely-responsive\" style=\"padding-bottom: 55.625%; padding-top: 120px;\"><a href=\"http:\/\/eaulas.usp.br\/portal\/video.action?idItem=19903\" data-iframely-url=\"\/\/cdn.iframe.ly\/api\/iframe?url=http%3A%2F%2Feaulas.usp.br%2Fportal%2Fvideo.action%3FidItem%3D19903&amp;key=4742cc9a88ceb0c73e5131b92daef87b\"><\/a><\/div><\/div><script async src=\"\/\/cdn.iframe.ly\/embed.js\" charset=\"utf-8\"><\/script>\t\t<\/div>\n\t\t\t\t<\/div>\n\t\t\t\t\t<\/div>\n\t\t<\/div>\n\t\t\t\t<div class=\"elementor-column elementor-col-33 elementor-top-column elementor-element elementor-element-131411e\" data-id=\"131411e\" data-element_type=\"column\">\n\t\t\t<div class=\"elementor-widget-wrap elementor-element-populated\">\n\t\t\t\t\t\t<div class=\"elementor-element elementor-element-3d2dab1 elementor-widget elementor-widget-heading\" data-id=\"3d2dab1\" data-element_type=\"widget\" data-widget_type=\"heading.default\">\n\t\t\t\t<div class=\"elementor-widget-container\">\n\t\t\t<h2 class=\"elementor-heading-title elementor-size-default\">Solo e Literatura: Parte III<\/h2>\t\t<\/div>\n\t\t\t\t<\/div>\n\t\t\t\t<div class=\"elementor-element elementor-element-cd0413c elementor-widget elementor-widget-html\" data-id=\"cd0413c\" data-element_type=\"widget\" data-widget_type=\"html.default\">\n\t\t\t\t<div class=\"elementor-widget-container\">\n\t\t\t<div class=\"iframely-embed\"><div class=\"iframely-responsive\" style=\"padding-bottom: 55.625%; padding-top: 120px;\"><a href=\"http:\/\/eaulas.usp.br\/portal\/video.action?idItem=19905\" data-iframely-url=\"\/\/cdn.iframe.ly\/api\/iframe?url=http%3A%2F%2Feaulas.usp.br%2Fportal%2Fvideo.action%3FidItem%3D19905&amp;key=4742cc9a88ceb0c73e5131b92daef87b\"><\/a><\/div><\/div><script async src=\"\/\/cdn.iframe.ly\/embed.js\" charset=\"utf-8\"><\/script>\t\t<\/div>\n\t\t\t\t<\/div>\n\t\t\t\t\t<\/div>\n\t\t<\/div>\n\t\t\t\t\t<\/div>\n\t\t<\/section>\n\t\t\t\t<section class=\"elementor-section elementor-top-section elementor-element elementor-element-670b61c elementor-section-boxed elementor-section-height-default elementor-section-height-default\" data-id=\"670b61c\" data-element_type=\"section\">\n\t\t\t\t\t\t<div class=\"elementor-container elementor-column-gap-default\">\n\t\t\t\t\t<div class=\"elementor-column elementor-col-33 elementor-top-column elementor-element elementor-element-8873758\" data-id=\"8873758\" data-element_type=\"column\">\n\t\t\t<div class=\"elementor-widget-wrap elementor-element-populated\">\n\t\t\t\t\t\t<div class=\"elementor-element elementor-element-4466555 elementor-widget elementor-widget-heading\" data-id=\"4466555\" data-element_type=\"widget\" data-widget_type=\"heading.default\">\n\t\t\t\t<div class=\"elementor-widget-container\">\n\t\t\t<h2 class=\"elementor-heading-title elementor-size-default\">Solo e Literatura: Parte IV<\/h2>\t\t<\/div>\n\t\t\t\t<\/div>\n\t\t\t\t<div class=\"elementor-element elementor-element-172cb9b elementor-widget elementor-widget-html\" data-id=\"172cb9b\" data-element_type=\"widget\" data-widget_type=\"html.default\">\n\t\t\t\t<div class=\"elementor-widget-container\">\n\t\t\t<div class=\"iframely-embed\"><div class=\"iframely-responsive\" style=\"padding-bottom: 55.625%; padding-top: 120px;\"><a href=\"http:\/\/eaulas.usp.br\/portal\/video.action?idItem=19906\" data-iframely-url=\"\/\/cdn.iframe.ly\/api\/iframe?url=http%3A%2F%2Feaulas.usp.br%2Fportal%2Fvideo.action%3FidItem%3D19906&amp;key=4742cc9a88ceb0c73e5131b92daef87b\"><\/a><\/div><\/div><script async src=\"\/\/cdn.iframe.ly\/embed.js\" charset=\"utf-8\"><\/script>\t\t<\/div>\n\t\t\t\t<\/div>\n\t\t\t\t\t<\/div>\n\t\t<\/div>\n\t\t\t\t<div class=\"elementor-column elementor-col-33 elementor-top-column elementor-element elementor-element-8c740bb\" data-id=\"8c740bb\" data-element_type=\"column\">\n\t\t\t<div class=\"elementor-widget-wrap elementor-element-populated\">\n\t\t\t\t\t\t<div class=\"elementor-element elementor-element-cfedeea elementor-widget elementor-widget-heading\" data-id=\"cfedeea\" data-element_type=\"widget\" data-widget_type=\"heading.default\">\n\t\t\t\t<div class=\"elementor-widget-container\">\n\t\t\t<h2 class=\"elementor-heading-title elementor-size-default\">Solo e Literatura: Parte V<\/h2>\t\t<\/div>\n\t\t\t\t<\/div>\n\t\t\t\t<div class=\"elementor-element elementor-element-34909ce elementor-widget elementor-widget-html\" data-id=\"34909ce\" data-element_type=\"widget\" data-widget_type=\"html.default\">\n\t\t\t\t<div class=\"elementor-widget-container\">\n\t\t\t<div class=\"iframely-embed\"><div class=\"iframely-responsive\" style=\"padding-bottom: 55.625%; padding-top: 120px;\"><a href=\"http:\/\/eaulas.usp.br\/portal\/video.action?idItem=19907\" data-iframely-url=\"\/\/cdn.iframe.ly\/api\/iframe?url=http%3A%2F%2Feaulas.usp.br%2Fportal%2Fvideo.action%3FidItem%3D19907&amp;key=4742cc9a88ceb0c73e5131b92daef87b\"><\/a><\/div><\/div><script async src=\"\/\/cdn.iframe.ly\/embed.js\" charset=\"utf-8\"><\/script>\t\t<\/div>\n\t\t\t\t<\/div>\n\t\t\t\t\t<\/div>\n\t\t<\/div>\n\t\t\t\t<div class=\"elementor-column elementor-col-33 elementor-top-column elementor-element elementor-element-c095287\" data-id=\"c095287\" data-element_type=\"column\">\n\t\t\t<div class=\"elementor-widget-wrap elementor-element-populated\">\n\t\t\t\t\t\t\t<\/div>\n\t\t<\/div>\n\t\t\t\t\t<\/div>\n\t\t<\/section>\n\t\t\t\t<\/div>\n\t\t","protected":false},"excerpt":{"rendered":"<p>Assista aqui as videoaulas do curso &#8220;Processos de ensino aprendizagem em solos&#8221; em portugu\u00eas Organismos do Solo Solo e Planta Coleta de Solo Cor do Solo Fra\u00e7\u00f5es do Solo Tinta de Solo: Parte I&#46;&#46;&#46;<\/p>\n","protected":false},"author":22055,"featured_media":0,"parent":0,"menu_order":0,"comment_status":"open","ping_status":"closed","template":"","meta":{"_monsterinsights_skip_tracking":false,"_monsterinsights_sitenote_active":false,"_monsterinsights_sitenote_note":"","_monsterinsights_sitenote_category":0,"footnotes":"","_links_to":"","_links_to_target":""},"class_list":["post-2330","page","type-page","status-publish","hentry"],"_links":{"self":[{"href":"https:\/\/sites.usp.br\/solonaescola\/wp-json\/wp\/v2\/pages\/2330","targetHints":{"allow":["GET"]}}],"collection":[{"href":"https:\/\/sites.usp.br\/solonaescola\/wp-json\/wp\/v2\/pages"}],"about":[{"href":"https:\/\/sites.usp.br\/solonaescola\/wp-json\/wp\/v2\/types\/page"}],"author":[{"embeddable":true,"href":"https:\/\/sites.usp.br\/solonaescola\/wp-json\/wp\/v2\/users\/22055"}],"replies":[{"embeddable":true,"href":"https:\/\/sites.usp.br\/solonaescola\/wp-json\/wp\/v2\/comments?post=2330"}],"version-history":[{"count":5,"href":"https:\/\/sites.usp.br\/solonaescola\/wp-json\/wp\/v2\/pages\/2330\/revisions"}],"predecessor-version":[{"id":4511,"href":"https:\/\/sites.usp.br\/solonaescola\/wp-json\/wp\/v2\/pages\/2330\/revisions\/4511"}],"wp:attachment":[{"href":"https:\/\/sites.usp.br\/solonaescola\/wp-json\/wp\/v2\/media?parent=2330"}],"curies":[{"name":"wp","href":"https:\/\/api.w.org\/{rel}","templated":true}]}}