{"id":4857,"date":"2023-08-22T14:49:13","date_gmt":"2023-08-22T17:49:13","guid":{"rendered":"https:\/\/sites.usp.br\/solonaescola\/?page_id=4857"},"modified":"2023-08-22T15:36:26","modified_gmt":"2023-08-22T18:36:26","slug":"he","status":"publish","type":"page","link":"https:\/\/sites.usp.br\/solonaescola\/he\/","title":{"rendered":"Hortas nas Escolas"},"content":{"rendered":"\t\t<div data-elementor-type=\"wp-page\" data-elementor-id=\"4857\" class=\"elementor elementor-4857\" data-elementor-post-type=\"page\">\n\t\t\t\t\t\t<section class=\"elementor-section elementor-top-section elementor-element elementor-element-1f7ac58 elementor-section-boxed elementor-section-height-default elementor-section-height-default\" data-id=\"1f7ac58\" data-element_type=\"section\">\n\t\t\t\t\t\t<div class=\"elementor-container elementor-column-gap-default\">\n\t\t\t\t\t<div class=\"elementor-column elementor-col-100 elementor-top-column elementor-element elementor-element-052c079\" data-id=\"052c079\" data-element_type=\"column\">\n\t\t\t<div class=\"elementor-widget-wrap elementor-element-populated\">\n\t\t\t\t\t\t<div class=\"elementor-element elementor-element-8bfaa24 elementor-widget elementor-widget-heading\" data-id=\"8bfaa24\" data-element_type=\"widget\" data-widget_type=\"heading.default\">\n\t\t\t\t<div class=\"elementor-widget-container\">\n\t\t\t<h2 class=\"elementor-heading-title elementor-size-default\">Hortas nas Escolas<\/h2>\t\t<\/div>\n\t\t\t\t<\/div>\n\t\t\t\t\t<\/div>\n\t\t<\/div>\n\t\t\t\t\t<\/div>\n\t\t<\/section>\n\t\t\t\t<section class=\"elementor-section elementor-top-section elementor-element elementor-element-70b9601 elementor-section-boxed elementor-section-height-default elementor-section-height-default\" data-id=\"70b9601\" data-element_type=\"section\">\n\t\t\t\t\t\t<div class=\"elementor-container elementor-column-gap-default\">\n\t\t\t\t\t<div class=\"elementor-column elementor-col-100 elementor-top-column elementor-element elementor-element-b8282ef\" data-id=\"b8282ef\" data-element_type=\"column\">\n\t\t\t<div class=\"elementor-widget-wrap elementor-element-populated\">\n\t\t\t\t\t\t<div class=\"elementor-element elementor-element-015d2a5 elementor-widget elementor-widget-image\" data-id=\"015d2a5\" data-element_type=\"widget\" data-widget_type=\"image.default\">\n\t\t\t\t<div class=\"elementor-widget-container\">\n\t\t\t\t\t\t\t\t\t\t\t\t\t<img fetchpriority=\"high\" decoding=\"async\" width=\"212\" height=\"300\" src=\"https:\/\/sites.usp.br\/solonaescola\/wp-content\/uploads\/sites\/801\/2023\/08\/Hortas-nas-escolas-Romao_1-212x300.jpg\" class=\"attachment-medium size-medium wp-image-4852\" alt=\"\" srcset=\"https:\/\/sites.usp.br\/solonaescola\/wp-content\/uploads\/sites\/801\/2023\/08\/Hortas-nas-escolas-Romao_1-212x300.jpg 212w, https:\/\/sites.usp.br\/solonaescola\/wp-content\/uploads\/sites\/801\/2023\/08\/Hortas-nas-escolas-Romao_1-724x1024.jpg 724w, https:\/\/sites.usp.br\/solonaescola\/wp-content\/uploads\/sites\/801\/2023\/08\/Hortas-nas-escolas-Romao_1-768x1086.jpg 768w, https:\/\/sites.usp.br\/solonaescola\/wp-content\/uploads\/sites\/801\/2023\/08\/Hortas-nas-escolas-Romao_1-400x566.jpg 400w, https:\/\/sites.usp.br\/solonaescola\/wp-content\/uploads\/sites\/801\/2023\/08\/Hortas-nas-escolas-Romao_1.jpg 794w\" sizes=\"(max-width: 212px) 100vw, 212px\" \/>\t\t\t\t\t\t\t\t\t\t\t\t\t<\/div>\n\t\t\t\t<\/div>\n\t\t\t\t<div class=\"elementor-element elementor-element-b52000f elementor-widget__width-initial elementor-widget elementor-widget-text-editor\" data-id=\"b52000f\" data-element_type=\"widget\" data-widget_type=\"text-editor.default\">\n\t\t\t\t<div class=\"elementor-widget-container\">\n\t\t\t\t\t\t\t<p style=\"text-align: justify;\"><span style=\"font-size: 16px;\">O Projeto Hortas nas Escolas \u00e9 fruto do esfor\u00e7o conjunto de membros do PPSNE, que decidiram implement\u00e1-lo em duas escolas de Piracicaba, SP: Escola Estadual Professor Jos\u00e9 Rom\u00e3o e Escola Estadual Monsenhor Jeronymo Gallo. Desde fevereiro at\u00e9 julho de 2023, fomos movidos pela ambi\u00e7\u00e3o de fazer a diferen\u00e7a.<\/span><\/p><p>\u00a0<\/p><p style=\"text-align: justify;\"><span style=\"font-size: 16px;\">Recebemos apoio internacional de institui\u00e7\u00f5es alem\u00e3s, impulsionando nossos objetivos. Acreditamos no poder das escolas como pilares de transforma\u00e7\u00e3o e crescimento. \u00c9 por isso que escolhemos o ambiente escolar para nossa a\u00e7\u00e3o. Acreditamos que \u00e9 l\u00e1 que novos horizontes podem ser desbravados e ideias ganham vida.<\/span><\/p><p>\u00a0<\/p><p style=\"text-align: justify;\"><span style=\"font-size: 16px;\">Nossa miss\u00e3o \u00e9 fomentar conhecimentos sobre solo, produ\u00e7\u00e3o e consumo de alimentos. Queremos construir cidad\u00e3os conscientes, engajados e respons\u00e1veis. Atrav\u00e9s da implanta\u00e7\u00e3o de hortas nas escolas, promovemos um ensino din\u00e2mico, participativo, prazeroso e integrado, que vai al\u00e9m da sala de aula.<\/span><\/p><p>\u00a0<\/p><div class=\"group w-full text-token-text-primary border-b border-black\/10 dark:border-gray-900\/50 bg-gray-50 dark:bg-[#444654]\" style=\"text-align: justify;\"><div class=\"flex p-4 gap-4 text-base md:gap-6 md:max-w-2xl lg:max-w-[38rem] xl:max-w-3xl md:py-6 lg:px-0 m-auto\"><div class=\"relative flex w-[calc(100%-50px)] flex-col gap-1 md:gap-3 lg:w-[calc(100%-115px)]\"><div class=\"flex flex-grow flex-col gap-3\"><div class=\"min-h-[20px] flex flex-col items-start gap-3 overflow-x-auto whitespace-pre-wrap break-words\"><div class=\"markdown prose w-full break-words dark:prose-invert dark\"><p><span style=\"font-size: 16px;\">O nosso principal objetivo \u00e9 criar oportunidades na comunidade escolar para momentos de reflex\u00e3o e a\u00e7\u00e3o significativa. Atrav\u00e9s dessas atividades, buscamos n\u00e3o apenas enriquecer a vida dos participantes, mas tamb\u00e9m promover a melhoria da qualidade de vida por meio de pr\u00e1ticas que respeitam e fortalecem o meio ambiente de maneira sustent\u00e1vel.<\/span><\/p><\/div><\/div><\/div><div class=\"flex justify-between lg:block\"><div class=\"text-gray-400 flex self-end lg:self-center justify-center mt-2 gap-2 md:gap-3 lg:gap-1 lg:absolute lg:top-0 lg:translate-x-full lg:right-0 lg:mt-0 lg:pl-2 visible\"><div class=\"flex gap-1\">\u00a0<\/div><\/div><\/div><\/div><\/div><\/div><p style=\"text-align: justify;\">\u00a0<\/p>\t\t\t\t\t\t<\/div>\n\t\t\t\t<\/div>\n\t\t\t\t\t<\/div>\n\t\t<\/div>\n\t\t\t\t\t<\/div>\n\t\t<\/section>\n\t\t\t\t<section class=\"elementor-section elementor-top-section elementor-element elementor-element-5d61bec elementor-section-boxed elementor-section-height-default elementor-section-height-default\" data-id=\"5d61bec\" data-element_type=\"section\">\n\t\t\t\t\t\t<div class=\"elementor-container elementor-column-gap-default\">\n\t\t\t\t\t<div class=\"elementor-column elementor-col-100 elementor-top-column elementor-element elementor-element-38bbfa3\" data-id=\"38bbfa3\" data-element_type=\"column\">\n\t\t\t<div class=\"elementor-widget-wrap elementor-element-populated\">\n\t\t\t\t\t\t<section class=\"elementor-section elementor-inner-section elementor-element elementor-element-c15d28a elementor-section-boxed elementor-section-height-default elementor-section-height-default\" data-id=\"c15d28a\" data-element_type=\"section\">\n\t\t\t\t\t\t<div class=\"elementor-container elementor-column-gap-default\">\n\t\t\t\t\t<div class=\"elementor-column elementor-col-50 elementor-inner-column elementor-element elementor-element-7cac7c3\" data-id=\"7cac7c3\" data-element_type=\"column\">\n\t\t\t<div class=\"elementor-widget-wrap elementor-element-populated\">\n\t\t\t\t\t\t<div class=\"elementor-element elementor-element-af78016 elementor-widget elementor-widget-text-editor\" data-id=\"af78016\" data-element_type=\"widget\" data-widget_type=\"text-editor.default\">\n\t\t\t\t<div class=\"elementor-widget-container\">\n\t\t\t\t\t\t\t<p><span style=\"text-decoration: underline;\"><span style=\"color: #1094ab;\"><a style=\"color: #1094ab; text-decoration: underline;\" title=\"Hortas nas escolas\" href=\"https:\/\/sites.usp.br\/solonaescola\/wp-content\/uploads\/sites\/801\/2023\/08\/Hortas-nas-escolas-Romao.pdf\" target=\"_blank\" rel=\"noopener\">Clique aqui para acessar nosso livro<\/a><\/span><\/span><\/p>\t\t\t\t\t\t<\/div>\n\t\t\t\t<\/div>\n\t\t\t\t\t<\/div>\n\t\t<\/div>\n\t\t\t\t<div class=\"elementor-column elementor-col-50 elementor-inner-column elementor-element elementor-element-811e36f\" data-id=\"811e36f\" data-element_type=\"column\">\n\t\t\t<div class=\"elementor-widget-wrap elementor-element-populated\">\n\t\t\t\t\t\t<div class=\"elementor-element elementor-element-d4ba96e elementor-widget elementor-widget-image\" data-id=\"d4ba96e\" data-element_type=\"widget\" data-widget_type=\"image.default\">\n\t\t\t\t<div class=\"elementor-widget-container\">\n\t\t\t\t\t\t\t\t\t\t\t\t\t<img decoding=\"async\" width=\"150\" height=\"150\" src=\"https:\/\/sites.usp.br\/solonaescola\/wp-content\/uploads\/sites\/801\/2023\/08\/Picture2-150x150.png\" class=\"attachment-thumbnail size-thumbnail wp-image-4864\" alt=\"\" srcset=\"https:\/\/sites.usp.br\/solonaescola\/wp-content\/uploads\/sites\/801\/2023\/08\/Picture2-150x150.png 150w, https:\/\/sites.usp.br\/solonaescola\/wp-content\/uploads\/sites\/801\/2023\/08\/Picture2-300x297.png 300w, https:\/\/sites.usp.br\/solonaescola\/wp-content\/uploads\/sites\/801\/2023\/08\/Picture2-160x160.png 160w, https:\/\/sites.usp.br\/solonaescola\/wp-content\/uploads\/sites\/801\/2023\/08\/Picture2-320x320.png 320w, https:\/\/sites.usp.br\/solonaescola\/wp-content\/uploads\/sites\/801\/2023\/08\/Picture2-45x45.png 45w, https:\/\/sites.usp.br\/solonaescola\/wp-content\/uploads\/sites\/801\/2023\/08\/Picture2-200x200.png 200w, https:\/\/sites.usp.br\/solonaescola\/wp-content\/uploads\/sites\/801\/2023\/08\/Picture2-400x396.png 400w, https:\/\/sites.usp.br\/solonaescola\/wp-content\/uploads\/sites\/801\/2023\/08\/Picture2.png 622w\" sizes=\"(max-width: 150px) 100vw, 150px\" \/>\t\t\t\t\t\t\t\t\t\t\t\t\t<\/div>\n\t\t\t\t<\/div>\n\t\t\t\t\t<\/div>\n\t\t<\/div>\n\t\t\t\t\t<\/div>\n\t\t<\/section>\n\t\t\t\t\t<\/div>\n\t\t<\/div>\n\t\t\t\t\t<\/div>\n\t\t<\/section>\n\t\t\t\t<\/div>\n\t\t","protected":false},"excerpt":{"rendered":"<p>Hortas nas Escolas O Projeto Hortas nas Escolas \u00e9 fruto do esfor\u00e7o conjunto de membros do PPSNE, que decidiram implement\u00e1-lo em duas escolas de Piracicaba, SP: Escola Estadual Professor Jos\u00e9 Rom\u00e3o e Escola Estadual&#46;&#46;&#46;<\/p>\n","protected":false},"author":22220,"featured_media":0,"parent":0,"menu_order":0,"comment_status":"closed","ping_status":"closed","template":"","meta":{"_monsterinsights_skip_tracking":false,"_monsterinsights_sitenote_active":false,"_monsterinsights_sitenote_note":"","_monsterinsights_sitenote_category":0,"footnotes":"","_links_to":"","_links_to_target":""},"class_list":["post-4857","page","type-page","status-publish","hentry"],"_links":{"self":[{"href":"https:\/\/sites.usp.br\/solonaescola\/wp-json\/wp\/v2\/pages\/4857","targetHints":{"allow":["GET"]}}],"collection":[{"href":"https:\/\/sites.usp.br\/solonaescola\/wp-json\/wp\/v2\/pages"}],"about":[{"href":"https:\/\/sites.usp.br\/solonaescola\/wp-json\/wp\/v2\/types\/page"}],"author":[{"embeddable":true,"href":"https:\/\/sites.usp.br\/solonaescola\/wp-json\/wp\/v2\/users\/22220"}],"replies":[{"embeddable":true,"href":"https:\/\/sites.usp.br\/solonaescola\/wp-json\/wp\/v2\/comments?post=4857"}],"version-history":[{"count":4,"href":"https:\/\/sites.usp.br\/solonaescola\/wp-json\/wp\/v2\/pages\/4857\/revisions"}],"predecessor-version":[{"id":4870,"href":"https:\/\/sites.usp.br\/solonaescola\/wp-json\/wp\/v2\/pages\/4857\/revisions\/4870"}],"wp:attachment":[{"href":"https:\/\/sites.usp.br\/solonaescola\/wp-json\/wp\/v2\/media?parent=4857"}],"curies":[{"name":"wp","href":"https:\/\/api.w.org\/{rel}","templated":true}]}}