{"id":735,"date":"2022-02-04T10:22:18","date_gmt":"2022-02-04T13:22:18","guid":{"rendered":"https:\/\/sites.usp.br\/surdocegueira\/?page_id=735"},"modified":"2022-02-04T10:37:23","modified_gmt":"2022-02-04T13:37:23","slug":"producao-cientifica","status":"publish","type":"page","link":"https:\/\/sites.usp.br\/surdocegueira\/producao-cientifica\/","title":{"rendered":"Produ\u00e7\u00e3o cient\u00edfica"},"content":{"rendered":"<h3>Aqui disponibilizamos alguns artigos cient\u00edficos relacionados \u00e0 surdocegueira.<\/h3>\n[download id=&#8221;737&#8243;]<\/br><\/p>\n[download id=&#8221;759&#8243;]<\/br><\/p>\n[download id=&#8221;756&#8243;]<\/br><\/p>\n[download id=&#8221;753&#8243;]<\/br><\/p>\n[download id=&#8221;750&#8243;]<\/br><\/p>\n[download id=&#8221;747&#8243;]<\/br><\/p>\n[download id=&#8221;744&#8243;]<\/br><\/p>\n[download id=&#8221;741&#8243;]<\/br><\/p>\n","protected":false},"excerpt":{"rendered":"<p>Aqui disponibilizamos alguns artigos cient\u00edficos relacionados \u00e0 surdocegueira. [download id=&#8221;737&#8243;] [download id=&#8221;759&#8243;] [download id=&#8221;756&#8243;] [download id=&#8221;753&#8243;] [download id=&#8221;750&#8243;] [download id=&#8221;747&#8243;] [download id=&#8221;744&#8243;] [download id=&#8221;741&#8243;]<\/p>\n","protected":false},"author":22620,"featured_media":0,"parent":0,"menu_order":0,"comment_status":"closed","ping_status":"closed","template":"","meta":{"footnotes":"","_links_to":"","_links_to_target":""},"class_list":["post-735","page","type-page","status-publish","hentry"],"_links":{"self":[{"href":"https:\/\/sites.usp.br\/surdocegueira\/wp-json\/wp\/v2\/pages\/735","targetHints":{"allow":["GET"]}}],"collection":[{"href":"https:\/\/sites.usp.br\/surdocegueira\/wp-json\/wp\/v2\/pages"}],"about":[{"href":"https:\/\/sites.usp.br\/surdocegueira\/wp-json\/wp\/v2\/types\/page"}],"author":[{"embeddable":true,"href":"https:\/\/sites.usp.br\/surdocegueira\/wp-json\/wp\/v2\/users\/22620"}],"replies":[{"embeddable":true,"href":"https:\/\/sites.usp.br\/surdocegueira\/wp-json\/wp\/v2\/comments?post=735"}],"version-history":[{"count":4,"href":"https:\/\/sites.usp.br\/surdocegueira\/wp-json\/wp\/v2\/pages\/735\/revisions"}],"predecessor-version":[{"id":765,"href":"https:\/\/sites.usp.br\/surdocegueira\/wp-json\/wp\/v2\/pages\/735\/revisions\/765"}],"wp:attachment":[{"href":"https:\/\/sites.usp.br\/surdocegueira\/wp-json\/wp\/v2\/media?parent=735"}],"curies":[{"name":"wp","href":"https:\/\/api.w.org\/{rel}","templated":true}]}}