{"id":312,"date":"2016-10-05T20:16:04","date_gmt":"2016-10-05T23:16:04","guid":{"rendered":"http:\/\/sites.usp.br\/sustentabilidade\/?page_id=312"},"modified":"2022-05-10T09:22:21","modified_gmt":"2022-05-10T12:22:21","slug":"linhas-de-pesquisa","status":"publish","type":"page","link":"https:\/\/sites.usp.br\/sustentabilidade\/linhas-de-pesquisa\/","title":{"rendered":"Linhas de pesquisa"},"content":{"rendered":"<div class=\"container\">\n<div class=\"content\">\n<div class=\"conteudo\">\n<div class=\"fluid pagina\">\n<p align=\"justify\"><span style=\"font-family: arial, helvetica, sans-serif;\"><span style=\"font-size: medium;\">O Programa de P\u00f3s-gradua\u00e7\u00e3o em Sustentabilidade possui uma \u00fanica \u00e1rea de concentra\u00e7\u00e3o, denominada: <\/span><\/span><strong><span style=\"font-family: arial, helvetica, sans-serif;\"><span style=\"font-size: medium;\">Ci\u00eancia, Tecnologia e Gest\u00e3o para a Sustentabilidade<\/span><\/span><\/strong><span style=\"font-family: arial, helvetica, sans-serif;\"><span style=\"font-size: medium;\">\u00a0que foi proposta adotando-se uma abordagem alinhada com a literatura cl\u00e1ssica e recente \u00a0e apresenta caracter\u00edsticas b\u00e1sicas, intrinsecamente imbricadas e sustentadas por duas linhas de pesquisa.<\/span><\/span><\/p>\n<div class=\"container\">\n<div class=\"content\">\n<div class=\"conteudo\">\n<div class=\"fluid pagina\">\n<p align=\"justify\"><span style=\"font-family: arial, helvetica, sans-serif;\"><span style=\"font-size: medium;\">A organiza\u00e7\u00e3o da proposta do Programa em uma \u00fanica \u00e1rea de concentra\u00e7\u00e3o pressup\u00f5e que os problemas a serem abordados nas linhas de pesquisa est\u00e3o relacionados: (i) pelos temas abordados nas linhas que se complementam (exemplo: a degrada\u00e7\u00e3o ambiental e pobreza); (ii) pela necessidade de criar uma linguagem comum entre os especialistas oriundos das carreiras e disciplinas cl\u00e1ssicas (engenharia, qu\u00edmica, biologia, geologia etc.); (iii) pela integra\u00e7\u00e3o das m\u00faltiplas formas de conhecimento, incluindo-se a constru\u00e7\u00e3o do di\u00e1logo e a colabora\u00e7\u00e3o entre diversas \u00e1reas de conhecimento, da esfera tradicional-local e no \u00e2mbito cient\u00edfico-acad\u00eamico. Dessa forma, a alimenta\u00e7\u00e3o rec\u00edproca e harm\u00f4nica do conhecimento gerado em cada linha de pesquisa justificou o estabelecimento de uma \u00fanica \u00e1rea de concentra\u00e7\u00e3o agregando as duas linhas.<\/span><\/span><\/p>\n<p align=\"justify\"><span style=\"font-family: arial, helvetica, sans-serif;\"><span style=\"font-size: medium;\">Para organizar as atividades em termos de pesquisa e forma\u00e7\u00e3o de pesquisadores que buscam se articular intra e inter Linhas de Pesquisa, promovendo a cria\u00e7\u00e3o e a aplica\u00e7\u00e3o do conhecimento a proposta est\u00e1 organizada com as linhas de pesquisa (1) <\/span><\/span><em><span style=\"font-family: arial, helvetica, sans-serif;\"><span style=\"font-size: medium;\">Ci\u00eancia e Tecnologia Ambiental<\/span><\/span><\/em><span style=\"font-family: arial, helvetica, sans-serif;\"><span style=\"font-size: medium;\"> e (2) <\/span><\/span><em><span style=\"font-family: arial, helvetica, sans-serif;\"><span style=\"font-size: medium;\">Gest\u00e3o Ambiental,<\/span><\/span><\/em><span style=\"font-family: arial, helvetica, sans-serif;\"><span style=\"font-size: medium;\"> que compreendem duas abordagens distintas e complementares.<\/span><\/span><\/p>\n<\/div>\n<\/div>\n<\/div>\n<\/div>\n<\/div>\n<\/div>\n<\/div>\n<\/div>","protected":false},"excerpt":{"rendered":"<p>O Programa de P\u00f3s-gradua\u00e7\u00e3o em Sustentabilidade possui uma \u00fanica \u00e1rea de concentra\u00e7\u00e3o, denominada: Ci\u00eancia, Tecnologia [&hellip;]<\/p>\n","protected":false},"author":322,"featured_media":0,"parent":0,"menu_order":0,"comment_status":"closed","ping_status":"closed","template":"","meta":{"footnotes":"","_links_to":"","_links_to_target":""},"class_list":["post-312","page","type-page","status-publish","hentry"],"_links":{"self":[{"href":"https:\/\/sites.usp.br\/sustentabilidade\/wp-json\/wp\/v2\/pages\/312","targetHints":{"allow":["GET"]}}],"collection":[{"href":"https:\/\/sites.usp.br\/sustentabilidade\/wp-json\/wp\/v2\/pages"}],"about":[{"href":"https:\/\/sites.usp.br\/sustentabilidade\/wp-json\/wp\/v2\/types\/page"}],"author":[{"embeddable":true,"href":"https:\/\/sites.usp.br\/sustentabilidade\/wp-json\/wp\/v2\/users\/322"}],"replies":[{"embeddable":true,"href":"https:\/\/sites.usp.br\/sustentabilidade\/wp-json\/wp\/v2\/comments?post=312"}],"version-history":[{"count":5,"href":"https:\/\/sites.usp.br\/sustentabilidade\/wp-json\/wp\/v2\/pages\/312\/revisions"}],"predecessor-version":[{"id":1888,"href":"https:\/\/sites.usp.br\/sustentabilidade\/wp-json\/wp\/v2\/pages\/312\/revisions\/1888"}],"wp:attachment":[{"href":"https:\/\/sites.usp.br\/sustentabilidade\/wp-json\/wp\/v2\/media?parent=312"}],"curies":[{"name":"wp","href":"https:\/\/api.w.org\/{rel}","templated":true}]}}