{"id":89,"date":"2014-04-23T11:34:25","date_gmt":"2014-04-23T14:34:25","guid":{"rendered":"http:\/\/sites.usp.brprp\/?page_id=89"},"modified":"2021-04-17T11:43:32","modified_gmt":"2021-04-17T14:43:32","slug":"apresentacao","status":"publish","type":"page","link":"https:\/\/sites.usp.br\/sustentabilidade\/apresentacao\/","title":{"rendered":"Apresenta\u00e7\u00e3o"},"content":{"rendered":"<div class=\"container\">\n<div class=\"content\">\n<div class=\"conteudo\">\n<div class=\"fluid pagina\">\n<p align=\"justify\"><span style=\"font-family: arial, helvetica, sans-serif;\"><span style=\"font-size: medium;\">O Programa de P\u00f3s-Gradua\u00e7\u00e3o em Sustentabilidade prop\u00f5e-se a formar profissionais capazes de inserir as a\u00e7\u00f5es necess\u00e1rias \u00e0 implementa\u00e7\u00e3o de princ\u00edpios de sustentabilidade nas atividades que se referem ao uso de recursos naturais pelas sociedades atuais.<\/span><\/span><\/p>\n<\/div>\n<\/div>\n<\/div>\n<\/div>\n<div class=\"container\">\n<div class=\"content\">\n<div class=\"conteudo\">\n<div class=\"fluid pagina\">\n<p align=\"justify\"><span style=\"font-family: arial, helvetica, sans-serif;\"><span style=\"font-size: medium;\">Independente da forma\u00e7\u00e3o b\u00e1sica trazida pelo aluno de gradua\u00e7\u00e3o que ingressar\u00e1 no Programa, pretende-se capacit\u00e1-lo \u00e0 inser\u00e7\u00e3o da sustentabilidade nas atividades que desenvolver\u00e1. Essa inser\u00e7\u00e3o ter\u00e1 duas abordagens principais,\u00a0a conceitual e te\u00f3rica, que tratar\u00e1 de uma nova forma de pensar a utiliza\u00e7\u00e3o de recursos a partir da qual todos os problemas devem buscar solu\u00e7\u00f5es que passem por a\u00e7\u00f5es sustent\u00e1veis, e a outra \u00e9\u00a0\u00a0instrumental, que buscar\u00e1 formar o aluno nas \u00e1reas de conhecimento relacionadas \u00e0s pr\u00e1ticas baseadas em sustentabilidade e capacit\u00e1-lo a conhecer, desenvolver e aplicar t\u00e9cnicas consolidadas ou novas na extra\u00e7\u00e3o, transforma\u00e7\u00e3o e no uso de recursos.<\/span><\/span><\/p>\n<\/div>\n<\/div>\n<\/div>\n<\/div>\n<div class=\"container\">\n<div class=\"content\">\n<div class=\"conteudo\">\n<div class=\"fluid pagina\">\n<p align=\"justify\"><span style=\"font-family: arial, helvetica, sans-serif;\"><span style=\"font-size: medium;\">O Programa de P\u00f3s-gradua\u00e7\u00e3o em Sustentabilidade prev\u00ea a forma\u00e7\u00e3o de pesquisadores, mestres e doutores, com perfil interdisciplinar, para os sistemas acad\u00eamico e cient\u00edfico e para atuar em organiza\u00e7\u00f5es p\u00fablicas e privadas, para produzir e\/ou aplicar o conhecimento sobre fen\u00f4menos e processos e suas interrela\u00e7\u00f5es em busca da sustentabilidade do ambiente urbano, rural e dos ecossistemas naturais.<\/span><\/span><\/p>\n<\/div>\n<\/div>\n<\/div>\n<\/div>\n<div class=\"container\">\n<div class=\"content\">\n<div class=\"conteudo\">\n<div class=\"fluid pagina\">\n<p align=\"justify\"><span style=\"font-family: arial, helvetica, sans-serif;\"><span style=\"font-size: medium;\">A proposta do Programa de P\u00f3s-Gradua\u00e7\u00e3o em Sustentabilidade \u00e9 apoiada em duas Linhas de Pesquisa: a) Ci\u00eancia e Tecnologia Ambiental e; b) Gest\u00e3o Ambiental. Estas linhas atendem \u00e0s caracter\u00edsticas de projetos consolidados e dos estudos que t\u00eam sido realizados pelos docentes em seus grupos de pesquisa desde o in\u00edcio do funcionamento dos cursos da Escola de Artes, Ci\u00eancias e Humanidades (EACH)-USP<\/span><\/span><\/p>\n<\/div>\n<\/div>\n<\/div>\n<\/div>","protected":false},"excerpt":{"rendered":"<p>O Programa de P\u00f3s-Gradua\u00e7\u00e3o em Sustentabilidade prop\u00f5e-se a formar profissionais capazes de inserir as a\u00e7\u00f5es [&hellip;]<\/p>\n","protected":false},"author":13,"featured_media":0,"parent":0,"menu_order":0,"comment_status":"closed","ping_status":"closed","template":"","meta":{"footnotes":"","_links_to":"","_links_to_target":""},"class_list":["post-89","page","type-page","status-publish","hentry"],"_links":{"self":[{"href":"https:\/\/sites.usp.br\/sustentabilidade\/wp-json\/wp\/v2\/pages\/89","targetHints":{"allow":["GET"]}}],"collection":[{"href":"https:\/\/sites.usp.br\/sustentabilidade\/wp-json\/wp\/v2\/pages"}],"about":[{"href":"https:\/\/sites.usp.br\/sustentabilidade\/wp-json\/wp\/v2\/types\/page"}],"author":[{"embeddable":true,"href":"https:\/\/sites.usp.br\/sustentabilidade\/wp-json\/wp\/v2\/users\/13"}],"replies":[{"embeddable":true,"href":"https:\/\/sites.usp.br\/sustentabilidade\/wp-json\/wp\/v2\/comments?post=89"}],"version-history":[{"count":5,"href":"https:\/\/sites.usp.br\/sustentabilidade\/wp-json\/wp\/v2\/pages\/89\/revisions"}],"predecessor-version":[{"id":1473,"href":"https:\/\/sites.usp.br\/sustentabilidade\/wp-json\/wp\/v2\/pages\/89\/revisions\/1473"}],"wp:attachment":[{"href":"https:\/\/sites.usp.br\/sustentabilidade\/wp-json\/wp\/v2\/media?parent=89"}],"curies":[{"name":"wp","href":"https:\/\/api.w.org\/{rel}","templated":true}]}}