{"id":220,"date":"2022-01-13T17:19:30","date_gmt":"2022-01-13T20:19:30","guid":{"rendered":"https:\/\/sites.usp.br\/maniadeensinar\/?page_id=220"},"modified":"2022-11-08T10:29:16","modified_gmt":"2022-11-08T13:29:16","slug":"mde-nas-escolas","status":"publish","type":"page","link":"https:\/\/sites.usp.br\/tune\/nova-inicial\/mde-nas-escolas\/","title":{"rendered":"MdE nas escolas"},"content":{"rendered":"<p><strong><span style=\"color: #993366;\"><img loading=\"lazy\" decoding=\"async\" class=\" wp-image-221 alignleft\" src=\"https:\/\/sites.usp.br\/maniadeensinar\/wp-content\/uploads\/sites\/819\/2022\/01\/Mde_Escola1-300x300.png\" alt=\"\" width=\"235\" height=\"235\" srcset=\"https:\/\/sites.usp.br\/tune\/wp-content\/uploads\/sites\/819\/2022\/01\/Mde_Escola1-300x300.png 300w, https:\/\/sites.usp.br\/tune\/wp-content\/uploads\/sites\/819\/2022\/01\/Mde_Escola1-1024x1024.png 1024w, https:\/\/sites.usp.br\/tune\/wp-content\/uploads\/sites\/819\/2022\/01\/Mde_Escola1-150x150.png 150w, https:\/\/sites.usp.br\/tune\/wp-content\/uploads\/sites\/819\/2022\/01\/Mde_Escola1-768x768.png 768w, https:\/\/sites.usp.br\/tune\/wp-content\/uploads\/sites\/819\/2022\/01\/Mde_Escola1-45x45.png 45w, https:\/\/sites.usp.br\/tune\/wp-content\/uploads\/sites\/819\/2022\/01\/Mde_Escola1.png 1083w\" sizes=\"auto, (max-width: 235px) 100vw, 235px\" \/>Temos novidades nas formas de atendimento do Mania de Ensinar!<\/span><\/strong><\/p>\n<p>Nossa equipe recebeu de algumas escolas\u00a0 a solicita\u00e7\u00e3o de um atendimento especial. Desta forma, experimentamos um atendimento misto, com parte da turma <em>online<\/em> e outra parte na sala de aula.<\/p>\n<p>Foi um sucesso, veja aqui como foram os atendimentos! <strong><span style=\"color: #993366;\">Professor(a), gostaria de levar o projeto para sua sala de aula? <\/span><\/strong><span style=\"color: #000000;\">Entre em contato pelo nosso e-mail: manideensinar@iag.usp.br<\/span><\/p>\n<p>&nbsp;<\/p>\n<h3>Tom\u00e9 A\u00e7u (PA) 13\/10\/2022<\/h3>\n<p>Como parte da organiza\u00e7\u00e3o de uma Feira de Ci\u00eancias na Escola Nikkei, a Profa. Walburga Retke e sua turma do 9\u00ba ano realizaram um encontro remoto com os estudantes Lucas e Nicolas. Nesse atendimento foram esclarecidas as d\u00favidas da turma sobre o Ciclo de Vida das Estrelas.<br \/>\n<img loading=\"lazy\" decoding=\"async\" class=\"alignnone size-medium wp-image-305\" src=\"https:\/\/sites.usp.br\/maniadeensinar\/wp-content\/uploads\/sites\/819\/2022\/11\/Escola_Nikkei-300x225.jpg\" alt=\"\" width=\"450\" height=\"337\" srcset=\"https:\/\/sites.usp.br\/tune\/wp-content\/uploads\/sites\/819\/2022\/11\/Escola_Nikkei-300x225.jpg 300w, https:\/\/sites.usp.br\/tune\/wp-content\/uploads\/sites\/819\/2022\/11\/Escola_Nikkei-1024x768.jpg 1024w, https:\/\/sites.usp.br\/tune\/wp-content\/uploads\/sites\/819\/2022\/11\/Escola_Nikkei-768x576.jpg 768w, https:\/\/sites.usp.br\/tune\/wp-content\/uploads\/sites\/819\/2022\/11\/Escola_Nikkei-1536x1152.jpg 1536w, https:\/\/sites.usp.br\/tune\/wp-content\/uploads\/sites\/819\/2022\/11\/Escola_Nikkei-2048x1536.jpg 2048w, https:\/\/sites.usp.br\/tune\/wp-content\/uploads\/sites\/819\/2022\/11\/Escola_Nikkei-80x60.jpg 80w\" sizes=\"auto, (max-width: 450px) 100vw, 450px\" \/><\/p>\n<h3>Osvaldo Cruz (SP) 30\/11\/2021<\/h3>\n<p>Os monitores Adeildo e Maria Fernanda realizaram um atendimento <em>online<\/em> para professora Anajara e a turma da 6a s\u00e9rie da Escola SESI, para esclarecer d\u00favidas sobre o Sistema Solar.<br \/>\n<img loading=\"lazy\" decoding=\"async\" class=\" wp-image-225 alignnone\" src=\"https:\/\/sites.usp.br\/maniadeensinar\/wp-content\/uploads\/sites\/819\/2022\/01\/MdE_Escola30nov-300x150.jpeg\" alt=\"\" width=\"585\" height=\"293\" srcset=\"https:\/\/sites.usp.br\/tune\/wp-content\/uploads\/sites\/819\/2022\/01\/MdE_Escola30nov-300x150.jpeg 300w, https:\/\/sites.usp.br\/tune\/wp-content\/uploads\/sites\/819\/2022\/01\/MdE_Escola30nov-1024x512.jpeg 1024w, https:\/\/sites.usp.br\/tune\/wp-content\/uploads\/sites\/819\/2022\/01\/MdE_Escola30nov-768x384.jpeg 768w, https:\/\/sites.usp.br\/tune\/wp-content\/uploads\/sites\/819\/2022\/01\/MdE_Escola30nov.jpeg 1280w\" sizes=\"auto, (max-width: 585px) 100vw, 585px\" \/><\/p>\n<h3>S\u00e3o Paulo (SP) 26\/11\/2021<\/h3>\n<p>A professora da f\u00edsica, Paula Aline, coordena um Clube de Astronomia para estudantes do ensino m\u00e9dio. Para finalizar as atividades do semestre foi realizado um encontro <em>online<\/em> do clube com os monitores Adeildo, Lucas e Ta\u00edsa,\u00a0 sobre o tema gal\u00e1xias.<br \/>\n<img loading=\"lazy\" decoding=\"async\" class=\" wp-image-224 alignnone\" src=\"https:\/\/sites.usp.br\/maniadeensinar\/wp-content\/uploads\/sites\/819\/2022\/01\/MdE_Clube_Astro-300x151.jpeg\" alt=\"\" width=\"374\" height=\"188\" srcset=\"https:\/\/sites.usp.br\/tune\/wp-content\/uploads\/sites\/819\/2022\/01\/MdE_Clube_Astro-300x151.jpeg 300w, https:\/\/sites.usp.br\/tune\/wp-content\/uploads\/sites\/819\/2022\/01\/MdE_Clube_Astro-1024x517.jpeg 1024w, https:\/\/sites.usp.br\/tune\/wp-content\/uploads\/sites\/819\/2022\/01\/MdE_Clube_Astro-768x388.jpeg 768w, https:\/\/sites.usp.br\/tune\/wp-content\/uploads\/sites\/819\/2022\/01\/MdE_Clube_Astro.jpeg 1280w\" sizes=\"auto, (max-width: 374px) 100vw, 374px\" \/><\/p>\n<h3>Porto Alegre (RS) 17\/9\/2021<\/h3>\n<p>A professora de l\u00edngua portuguesa Karen Silva, do Col\u00e9gio Santa Doroteia, entrou em contato com a equipe do Mania de Ensinar para realizarmos um atendimento personalizado com seus queridos alunos do 7\u00ba ano. O tema escolhido para o atendimento foi a Esta\u00e7\u00e3o Espacial Internacional, fonte de muito interesse e curiosidade para toda a turma.<\/p>\n<p><img loading=\"lazy\" decoding=\"async\" class=\"wp-image-222 alignnone\" src=\"https:\/\/sites.usp.br\/maniadeensinar\/wp-content\/uploads\/sites\/819\/2022\/01\/MdE_RS2-300x169.jpeg\" alt=\"\" width=\"569\" height=\"321\" srcset=\"https:\/\/sites.usp.br\/tune\/wp-content\/uploads\/sites\/819\/2022\/01\/MdE_RS2-300x169.jpeg 300w, https:\/\/sites.usp.br\/tune\/wp-content\/uploads\/sites\/819\/2022\/01\/MdE_RS2-1024x575.jpeg 1024w, https:\/\/sites.usp.br\/tune\/wp-content\/uploads\/sites\/819\/2022\/01\/MdE_RS2-310x174.jpeg 310w, https:\/\/sites.usp.br\/tune\/wp-content\/uploads\/sites\/819\/2022\/01\/MdE_RS2.jpeg 1280w\" sizes=\"auto, (max-width: 569px) 100vw, 569px\" \/><\/p>\n<p>Seguindo o modelo de ensino misto, alguns dos alunos estavam presencialmente em sala de aula, enquanto outros participaram diretamente de suas casas. Os monitores Augusto e Adeildo realizaram o atendimento por meio de sala virtual.<br \/>\n<img loading=\"lazy\" decoding=\"async\" class=\" wp-image-223 alignnone\" src=\"https:\/\/sites.usp.br\/maniadeensinar\/wp-content\/uploads\/sites\/819\/2022\/01\/MdE_RS1-300x188.jpeg\" alt=\"\" width=\"567\" height=\"355\" srcset=\"https:\/\/sites.usp.br\/tune\/wp-content\/uploads\/sites\/819\/2022\/01\/MdE_RS1-300x188.jpeg 300w, https:\/\/sites.usp.br\/tune\/wp-content\/uploads\/sites\/819\/2022\/01\/MdE_RS1-1024x642.jpeg 1024w, https:\/\/sites.usp.br\/tune\/wp-content\/uploads\/sites\/819\/2022\/01\/MdE_RS1-768x481.jpeg 768w, https:\/\/sites.usp.br\/tune\/wp-content\/uploads\/sites\/819\/2022\/01\/MdE_RS1.jpeg 1280w\" sizes=\"auto, (max-width: 567px) 100vw, 567px\" \/><\/p>\n","protected":false},"excerpt":{"rendered":"<p>Temos novidades nas formas de atendimento do Mania de Ensinar! Nossa equipe recebeu de algumas escolas\u00a0 a solicita\u00e7\u00e3o de um atendimento especial. Desta forma, experimentamos um atendimento misto, com parte da turma online e outra parte na sala de aula. Foi um sucesso, veja aqui como foram os atendimentos! Professor(a), gostaria de levar o projeto [&hellip;]<\/p>\n","protected":false},"author":22094,"featured_media":0,"parent":55,"menu_order":0,"comment_status":"closed","ping_status":"closed","template":"","meta":{"ocean_post_layout":"","ocean_both_sidebars_style":"","ocean_both_sidebars_content_width":0,"ocean_both_sidebars_sidebars_width":0,"ocean_sidebar":"0","ocean_second_sidebar":"0","ocean_disable_margins":"enable","ocean_add_body_class":"","ocean_shortcode_before_top_bar":"","ocean_shortcode_after_top_bar":"","ocean_shortcode_before_header":"","ocean_shortcode_after_header":"","ocean_has_shortcode":"","ocean_shortcode_after_title":"","ocean_shortcode_before_footer_widgets":"","ocean_shortcode_after_footer_widgets":"","ocean_shortcode_before_footer_bottom":"","ocean_shortcode_after_footer_bottom":"","ocean_display_top_bar":"default","ocean_display_header":"default","ocean_header_style":"","ocean_center_header_left_menu":"0","ocean_custom_header_template":"0","ocean_custom_logo":0,"ocean_custom_retina_logo":0,"ocean_custom_logo_max_width":0,"ocean_custom_logo_tablet_max_width":0,"ocean_custom_logo_mobile_max_width":0,"ocean_custom_logo_max_height":0,"ocean_custom_logo_tablet_max_height":0,"ocean_custom_logo_mobile_max_height":0,"ocean_header_custom_menu":"0","ocean_menu_typo_font_family":"0","ocean_menu_typo_font_subset":"","ocean_menu_typo_font_size":0,"ocean_menu_typo_font_size_tablet":0,"ocean_menu_typo_font_size_mobile":0,"ocean_menu_typo_font_size_unit":"px","ocean_menu_typo_font_weight":"","ocean_menu_typo_font_weight_tablet":"","ocean_menu_typo_font_weight_mobile":"","ocean_menu_typo_transform":"","ocean_menu_typo_transform_tablet":"","ocean_menu_typo_transform_mobile":"","ocean_menu_typo_line_height":0,"ocean_menu_typo_line_height_tablet":0,"ocean_menu_typo_line_height_mobile":0,"ocean_menu_typo_line_height_unit":"","ocean_menu_typo_spacing":0,"ocean_menu_typo_spacing_tablet":0,"ocean_menu_typo_spacing_mobile":0,"ocean_menu_typo_spacing_unit":"","ocean_menu_link_color":"","ocean_menu_link_color_hover":"","ocean_menu_link_color_active":"","ocean_menu_link_background":"","ocean_menu_link_hover_background":"","ocean_menu_link_active_background":"","ocean_menu_social_links_bg":"","ocean_menu_social_hover_links_bg":"","ocean_menu_social_links_color":"","ocean_menu_social_hover_links_color":"","ocean_disable_title":"default","ocean_disable_heading":"default","ocean_post_title":"","ocean_post_subheading":"","ocean_post_title_style":"","ocean_post_title_background_color":"","ocean_post_title_background":0,"ocean_post_title_bg_image_position":"","ocean_post_title_bg_image_attachment":"","ocean_post_title_bg_image_repeat":"","ocean_post_title_bg_image_size":"","ocean_post_title_height":0,"ocean_post_title_bg_overlay":0.5,"ocean_post_title_bg_overlay_color":"","ocean_disable_breadcrumbs":"default","ocean_breadcrumbs_color":"","ocean_breadcrumbs_separator_color":"","ocean_breadcrumbs_links_color":"","ocean_breadcrumbs_links_hover_color":"","ocean_display_footer_widgets":"default","ocean_display_footer_bottom":"default","ocean_custom_footer_template":"0","footnotes":"","_links_to":"","_links_to_target":""},"class_list":["post-220","page","type-page","status-publish","hentry","entry"],"_links":{"self":[{"href":"https:\/\/sites.usp.br\/tune\/wp-json\/wp\/v2\/pages\/220","targetHints":{"allow":["GET"]}}],"collection":[{"href":"https:\/\/sites.usp.br\/tune\/wp-json\/wp\/v2\/pages"}],"about":[{"href":"https:\/\/sites.usp.br\/tune\/wp-json\/wp\/v2\/types\/page"}],"author":[{"embeddable":true,"href":"https:\/\/sites.usp.br\/tune\/wp-json\/wp\/v2\/users\/22094"}],"replies":[{"embeddable":true,"href":"https:\/\/sites.usp.br\/tune\/wp-json\/wp\/v2\/comments?post=220"}],"version-history":[{"count":4,"href":"https:\/\/sites.usp.br\/tune\/wp-json\/wp\/v2\/pages\/220\/revisions"}],"predecessor-version":[{"id":307,"href":"https:\/\/sites.usp.br\/tune\/wp-json\/wp\/v2\/pages\/220\/revisions\/307"}],"up":[{"embeddable":true,"href":"https:\/\/sites.usp.br\/tune\/wp-json\/wp\/v2\/pages\/55"}],"wp:attachment":[{"href":"https:\/\/sites.usp.br\/tune\/wp-json\/wp\/v2\/media?parent=220"}],"curies":[{"name":"wp","href":"https:\/\/api.w.org\/{rel}","templated":true}]}}