{"id":111,"date":"2017-03-27T00:01:13","date_gmt":"2017-03-27T02:01:13","guid":{"rendered":"http:\/\/sites.usp.br\/ubri\/?page_id=111"},"modified":"2019-05-30T19:21:08","modified_gmt":"2019-05-30T22:21:08","slug":"quem-somos","status":"publish","type":"page","link":"https:\/\/sites.usp.br\/ubri\/quem-somos\/","title":{"rendered":"Quem somos"},"content":{"rendered":"<p>A <a href=\"https:\/\/ubri.ripple.com\">UBRI<\/a> (<em>University Blockchain Research Initiative<\/em> ou Iniciativa de Pesquisa Universit\u00e1ria em Blockchain) \u00e9 uma iniciativa da <a href=\"https:\/\/ripple.com\/pt_BR\">Ripple Labs Inc.<\/a>, uma empresa Norte Americana por tr\u00e1s da criptomoeda hom\u00f4nima (Ripple, c\u00f3digo de negocia\u00e7\u00e3o XRP) e de tecnologias como a XRP Ledger. O XRP est\u00e1 listado como a terceira maior criptomoeda[1].<\/p>\n<div id=\"attachment_163\" style=\"width: 650px\" class=\"wp-caption aligncenter\"><a href=\"https:\/\/sites.usp.br\/ubri\/wp-content\/uploads\/sites\/247\/2014\/02\/imagem_usp03a.jpg\"><img loading=\"lazy\" decoding=\"async\" aria-describedby=\"caption-attachment-163\" class=\"size-large wp-image-163\" src=\"https:\/\/sites.usp.br\/ubri\/wp-content\/uploads\/sites\/247\/2014\/02\/imagem_usp03a-1024x525.jpg\" alt=\"Foto: Cec\u00edlia Bastos\/USP Imagens\" width=\"640\" height=\"328\" srcset=\"https:\/\/sites.usp.br\/ubri\/wp-content\/uploads\/sites\/545\/2014\/02\/imagem_usp03a-1024x525.jpg 1024w, https:\/\/sites.usp.br\/ubri\/wp-content\/uploads\/sites\/545\/2014\/02\/imagem_usp03a-300x154.jpg 300w, https:\/\/sites.usp.br\/ubri\/wp-content\/uploads\/sites\/545\/2014\/02\/imagem_usp03a-400x205.jpg 400w, https:\/\/sites.usp.br\/ubri\/wp-content\/uploads\/sites\/545\/2014\/02\/imagem_usp03a.jpg 1920w\" sizes=\"auto, (max-width: 640px) 100vw, 640px\" \/><\/a><p id=\"caption-attachment-163\" class=\"wp-caption-text\">Foto: Cec\u00edlia Bastos\/USP Imagens<\/p><\/div>\n<p>A USP, cumprindo seu papel de universidade de pesquisa, participa da iniciativa desde 2019, como um n\u00f3 local de pesquisa em Blockchain filiado \u00e0 UBRI. Nosso time \u00e9 composto por quatro unidades da USP, como a <a href=\"https:\/\/www.poli.usp.br\/\">Escola Polit\u00e9cnica<\/a>, o <a href=\"https:\/\/www.ime.usp.br\/\">Instituto de Matem\u00e1tica e Estat\u00edstica<\/a>, a <a href=\"https:\/\/www.fea.usp.br\/\">Faculdade de Economia e Administra\u00e7\u00e3o<\/a> e a <a href=\"http:\/\/www.direito.usp.br\/\">Faculdade de Direito<\/a>, cobrindo desde a aplica\u00e7\u00e3o da tecnologia Blockchain nos mais diversos setores at\u00e9 a regula\u00e7\u00e3o e o impacto econ\u00f4mico. As a\u00e7\u00f5es do grupo s\u00e3o voltadas para a pesquisa interdisciplinar e forma\u00e7\u00e3o de pessoas, tanto na forma de cursos como em eventos de divulga\u00e7\u00e3o.<\/p>\n[1] CoinMarketCap, <a href=\"https:\/\/coinmarketcap.com\/pt-br\/all\/views\/all\/\">Ranking de Criptomoedas<\/a>, acessado em 30 de maio de 2019.<\/p>\n","protected":false},"excerpt":{"rendered":"<p>A UBRI (University Blockchain Research Initiative ou Iniciativa de Pesquisa Universit\u00e1ria em Blockchain) \u00e9 uma iniciativa da Ripple Labs Inc., uma empresa Norte Americana por tr\u00e1s da criptomoeda hom\u00f4nima (Ripple, c\u00f3digo de negocia\u00e7\u00e3o XRP) e de tecnologias como a XRP Ledger. O XRP est\u00e1 listado como a terceira maior criptomoeda[1]. A USP, cumprindo seu papel<a href=\"https:\/\/sites.usp.br\/ubri\/quem-somos\/\">[&#8230;]<\/a><\/p>\n","protected":false},"author":309,"featured_media":0,"parent":0,"menu_order":0,"comment_status":"closed","ping_status":"closed","template":"","meta":{"footnotes":"","_links_to":"","_links_to_target":""},"class_list":["post-111","page","type-page","status-publish","hentry"],"_links":{"self":[{"href":"https:\/\/sites.usp.br\/ubri\/wp-json\/wp\/v2\/pages\/111","targetHints":{"allow":["GET"]}}],"collection":[{"href":"https:\/\/sites.usp.br\/ubri\/wp-json\/wp\/v2\/pages"}],"about":[{"href":"https:\/\/sites.usp.br\/ubri\/wp-json\/wp\/v2\/types\/page"}],"author":[{"embeddable":true,"href":"https:\/\/sites.usp.br\/ubri\/wp-json\/wp\/v2\/users\/309"}],"replies":[{"embeddable":true,"href":"https:\/\/sites.usp.br\/ubri\/wp-json\/wp\/v2\/comments?post=111"}],"version-history":[{"count":4,"href":"https:\/\/sites.usp.br\/ubri\/wp-json\/wp\/v2\/pages\/111\/revisions"}],"predecessor-version":[{"id":309,"href":"https:\/\/sites.usp.br\/ubri\/wp-json\/wp\/v2\/pages\/111\/revisions\/309"}],"wp:attachment":[{"href":"https:\/\/sites.usp.br\/ubri\/wp-json\/wp\/v2\/media?parent=111"}],"curies":[{"name":"wp","href":"https:\/\/api.w.org\/{rel}","templated":true}]}}