{"id":1020,"date":"2018-02-28T17:18:35","date_gmt":"2018-02-28T20:18:35","guid":{"rendered":"http:\/\/sites.usp.br\/uspcidades\/?page_id=1020"},"modified":"2018-08-30T11:02:45","modified_gmt":"2018-08-30T14:02:45","slug":"curriculo-marcelo_romero","status":"publish","type":"page","link":"https:\/\/sites.usp.br\/uspcidades\/curriculo-marcelo_romero\/","title":{"rendered":"Prof. Dr. Marcelo de Andrade Romero"},"content":{"rendered":"<p>Professor do Departamento de Tecnologia da Faculdade de Arquitetura e Urbanismo da Universidade de S\u00e3o Paulo (16\/10\/1989 &#8211; presente); Professor Titular da Faculdade de Arquitetura e Urbanismo da Universidade de S\u00e3o Paulo (2001 &#8211; presente); Livre-Docente pela Faculdade de Arquitetura e Urbanismo da Universidade de S\u00e3o Paulo (1997 &#8211; presente); Doutor em Arquitetura pela Faculdade de Arquitetura e Urbanismo da Universidade de S\u00e3o Paulo com est\u00e1gio no INETI &#8211; Instituto Nacional de Engenharia e Tecnologia Industrial &#8211; Lisboa &#8211; Portugal, atual LNEG &#8211; Laborat\u00f3rio Nacional de Energia e Geologia ? Doutorado Sandu\u00edche CNPq (1994); Mestre em Arquitetura pela Faculdade de Arquitetura e Urbanismo da Universidade de S\u00e3o Paulo (1990); P\u00f3s-Gradua\u00e7\u00e3o Lato Sensu em Filosofia e Ensino de Filosofia pelo Instituto Claretiano de Ensino (2013); Arquiteto e Urbanista pela Faculdade de Arquitetura e Urbanismo da Universidade Br\u00e1s-Cubas (1981); Professor e Orientador do Programa de Mestrado e Doutorado em Tecnologia da Arquitetura da Faculdade de Arquitetura e Urbanismo da USP; Professor e Orientador do Programa de Mestrado em Habita\u00e7\u00e3o do Instituto de Pesquisas Tecnol\u00f3gicas do Estado de Sao Paulo &#8211; IPT (2000 &#8211; presente); Professor e Orientador do Programa de Mestrado em Engenharia Civil da Peter the Great St. Petersburg Polytechnic University, Russia (2016 &#8211; e presente); Superintendente de Gest\u00e3o Ambiental da Universidade de S\u00e3o Paulo (2014-2016); Coordenador da Grupo de Trabalho Internacional &#8211; ECO CAMPUS da Rede WC2 &#8211; World City World Class da City University of London (2012 &#8211; 2017 ); Pr\u00f3-Reitor de Cultura e Extens\u00e3o Universit\u00e1ria da Universidade de Sao Paulo (2016-2018); Diretor da Faculdade de Arquitetura e Urbanismo da USP (2010-2014); Vice-Diretor da Faculdade de Arquitetura e Urbanismo da USP (2006-2010); Chefe do Departamento de Tecnologia da Arquitetura da Faculdade de Arquitetura e Urbanismo da Universidade de S\u00e3o Paulo (2002-2006). Pesquisador Visitante do LNEC &#8211; Laborat\u00f3rio Nacional de Engenharia Civil, Lisboa &#8211; Portugal (2000-2002); Pesquisador visitante do LNEG &#8211; Laborat\u00f3rio Nacional de Energia e Geologia, Lisboa &#8211; Portugal (1992-1993-2000-2002); Pesquisador Visitante da University of Arizona &#8211; USA (1998); Pesquisador Visitante da University of Pittsburgh &#8211; USA (1998). Pesquisador visitante da University of Cincinnati &#8211; Ohio, USA (1996); Atividades constantes de pesquisa com o LNEG e LNEC &#8211; Portugal (1992-presente); Co-Fundador do NUTAU &#8211; N\u00facleo de Pesquisa em Tecnologia da Arquitetura e Urbanismo da Universidade de S\u00e3o Paulo (1992); Diretor Editorial do ICTR &#8211; Instituto de Ci\u00eancia e Tecnologia em Res\u00edduos e Desenvolvimento Sustent\u00e1vel (2003-2007); Editor Chefe da Revista Brasileira de Ci\u00eancias Ambientais (2003 &#8211; 2009); Pesquisador da Rede CYTED (2005-2011); Membro da UIA-Uni\u00e3o Internacional dos Arquitetos &#8211; Grupo WP Architecture for a Sustainable Future (Junho 2008-presente); Leader of the Climate Reality Project &#8211; USA (2014-presente); Membro da rede &#8220;USRN &#8211; University Social Reponsibility Network&#8221; (2015-presente); Member of Council on Tall Buildings and Urban Habitat, Chicago, Illinois, USA (2016 &#8211; presente); Professor Visitante da City University of London, Londres &#8211; Inglaterra (08\/2015); Professor Visitante da Technische Universit\u00e4t Berlin &#8211; TU Berlim, Alemanha (08\/2016); Professor Visitante da Peter the Great St. Petersburg Polytechnic University, Russia (02\/2016 e 07\/2012); International Advisor &#8211; University of Melbourne, Australia (2016) e Polytechnic University of Hong Kong &#8211; Poly-U &#8211; China (2017). <strong>(Texto informado pelo autor no Lattes)<\/strong><\/p>\n","protected":false},"excerpt":{"rendered":"<p>Professor do Departamento de Tecnologia da Faculdade de Arquitetura e Urbanismo da Universidade de S\u00e3o Paulo (16\/10\/1989 &#8211; presente); Professor Titular da Faculdade de Arquitetura e Urbanismo da Universidade de S\u00e3o Paulo (2001 &#8211; presente); Livre-Docente pela Faculdade de Arquitetura e Urbanismo da Universidade de S\u00e3o Paulo (1997 &#8211; presente); Doutor em Arquitetura pela Faculdade [&hellip;]<\/p>\n","protected":false},"author":480,"featured_media":0,"parent":0,"menu_order":0,"comment_status":"closed","ping_status":"closed","template":"","meta":{"footnotes":"","_links_to":"","_links_to_target":""},"class_list":["post-1020","page","type-page","status-publish","hentry"],"_links":{"self":[{"href":"https:\/\/sites.usp.br\/uspcidades\/wp-json\/wp\/v2\/pages\/1020","targetHints":{"allow":["GET"]}}],"collection":[{"href":"https:\/\/sites.usp.br\/uspcidades\/wp-json\/wp\/v2\/pages"}],"about":[{"href":"https:\/\/sites.usp.br\/uspcidades\/wp-json\/wp\/v2\/types\/page"}],"author":[{"embeddable":true,"href":"https:\/\/sites.usp.br\/uspcidades\/wp-json\/wp\/v2\/users\/480"}],"replies":[{"embeddable":true,"href":"https:\/\/sites.usp.br\/uspcidades\/wp-json\/wp\/v2\/comments?post=1020"}],"version-history":[{"count":2,"href":"https:\/\/sites.usp.br\/uspcidades\/wp-json\/wp\/v2\/pages\/1020\/revisions"}],"predecessor-version":[{"id":1125,"href":"https:\/\/sites.usp.br\/uspcidades\/wp-json\/wp\/v2\/pages\/1020\/revisions\/1125"}],"wp:attachment":[{"href":"https:\/\/sites.usp.br\/uspcidades\/wp-json\/wp\/v2\/media?parent=1020"}],"curies":[{"name":"wp","href":"https:\/\/api.w.org\/{rel}","templated":true}]}}