{"id":893,"date":"2017-11-09T16:54:36","date_gmt":"2017-11-09T18:54:36","guid":{"rendered":"http:\/\/sites.usp.br\/uspcidades\/?page_id=893"},"modified":"2018-08-22T09:25:27","modified_gmt":"2018-08-22T12:25:27","slug":"eventos","status":"publish","type":"page","link":"https:\/\/sites.usp.br\/uspcidades\/eventos\/","title":{"rendered":"Cursos"},"content":{"rendered":"<p>Curso de especializa\u00e7\u00e3o &#8220;<strong><a href=\"http:\/\/www.pecepoli.com.br\/PT\/PGC\/\">Planejamento e Gest\u00e3o de Cidades<\/a><\/strong>&#8221;<\/p>\n<p>O curso busca apresentar conte\u00fados que forne\u00e7am os elementos t\u00e9cnicos de forma integrada e com abordagem multidisciplinar para a capacita\u00e7\u00e3o em planejamento e gest\u00e3o de cidades. Busca ainda preparar profissionais de diferentes \u00e1reas e experi\u00eancias para identificar desafios e oportunidades para as cidades considerando diferentes cen\u00e1rios urbanos. A carga hor\u00e1ria do curso \u00e9 de 420 horas sendo 360 horas referentes a 12 disciplinas e 60 horas a uma monografia, tendo uma dura\u00e7\u00e3o total de 2 anos. A primeira turma iniciou o programa em fevereiro de 2014. Uma nova turma tem iniciado anualmente o curso sendo que a quinta teve inicio em fevereiro de 2018. O curso \u00e9 oferecido por meio do PECE \u2013 Programa de Educa\u00e7\u00e3o Continuada da Escola Polit\u00e9cnica da USP (<a href=\"http:\/\/www.pecepoli.com.br\/PT\/PGC\/\">Planejamento e Gest\u00e3o de Cidades<\/a>).<\/p>\n<p>Disciplina de difus\u00e3o &#8220;<strong><a href=\"http:\/\/www.pecepoli.com.br\/PT\/PGM\/\">Planejamento e Gest\u00e3o de Megacidades: uma s\u00edntese<\/a><\/strong>&#8221;<\/p>\n<p>A disciplina foi organizada em dez aulas especialmente planejadas para abarcar os principais temas ligados \u00e0 gest\u00e3o urbana, com \u00eanfase em governan\u00e7a e governabilidade como base de estruturas de coopera\u00e7\u00e3o, constru\u00e7\u00e3o de consensos e parcerias no cen\u00e1rio urbano. A disciplina se destinou a profissionais da \u00e1rea p\u00fablica e privada interessados na aproxima\u00e7\u00e3o com t\u00e9cnicas e exemplos pr\u00e1ticos de gest\u00e3o das quest\u00f5es urbanas. Houve dois oferecimentos desta disciplina, um em 2013 e outro em 2014 por meio do PECE \u2013 Programa de Educa\u00e7\u00e3o Continuada da Escola Polit\u00e9cnica da USP (<a href=\"http:\/\/www.pecepoli.com.br\/PT\/PGM\/\">Planejamento e Gest\u00e3o de Megacidades: uma s\u00edntese<\/a>).<\/p>\n","protected":false},"excerpt":{"rendered":"<p>Curso de especializa\u00e7\u00e3o &#8220;Planejamento e Gest\u00e3o de Cidades&#8221; O curso busca apresentar conte\u00fados que forne\u00e7am os elementos t\u00e9cnicos de forma integrada e com abordagem multidisciplinar para a capacita\u00e7\u00e3o em planejamento e gest\u00e3o de cidades. Busca ainda preparar profissionais de diferentes \u00e1reas e experi\u00eancias para identificar desafios e oportunidades para as cidades considerando diferentes cen\u00e1rios urbanos. [&hellip;]<\/p>\n","protected":false},"author":480,"featured_media":0,"parent":0,"menu_order":0,"comment_status":"closed","ping_status":"closed","template":"","meta":{"footnotes":"","_links_to":"","_links_to_target":""},"class_list":["post-893","page","type-page","status-publish","hentry"],"_links":{"self":[{"href":"https:\/\/sites.usp.br\/uspcidades\/wp-json\/wp\/v2\/pages\/893","targetHints":{"allow":["GET"]}}],"collection":[{"href":"https:\/\/sites.usp.br\/uspcidades\/wp-json\/wp\/v2\/pages"}],"about":[{"href":"https:\/\/sites.usp.br\/uspcidades\/wp-json\/wp\/v2\/types\/page"}],"author":[{"embeddable":true,"href":"https:\/\/sites.usp.br\/uspcidades\/wp-json\/wp\/v2\/users\/480"}],"replies":[{"embeddable":true,"href":"https:\/\/sites.usp.br\/uspcidades\/wp-json\/wp\/v2\/comments?post=893"}],"version-history":[{"count":5,"href":"https:\/\/sites.usp.br\/uspcidades\/wp-json\/wp\/v2\/pages\/893\/revisions"}],"predecessor-version":[{"id":1346,"href":"https:\/\/sites.usp.br\/uspcidades\/wp-json\/wp\/v2\/pages\/893\/revisions\/1346"}],"wp:attachment":[{"href":"https:\/\/sites.usp.br\/uspcidades\/wp-json\/wp\/v2\/media?parent=893"}],"curies":[{"name":"wp","href":"https:\/\/api.w.org\/{rel}","templated":true}]}}